MONTHLY CLIMATOLOGICAL SUMMARY for Apr 2019 NAME: Zerjav ELEV: 545 m LAT: 46-24.00 N LONG: 014-48.00 E TEMPERATURE (°C), RAIN (mm), WIND SPEED (m/s) HEAT COOL AVG MEAN DEG DEG WIND DOM DAY TEMP HIGH TIME LOW TIME DAYS DAYS RAIN SPEED HIGH TIME DIR --------------------------------------------------------------------------------------- 01 8.7 17.9 15:45 1.0 07:07 9.6 0.0 0.0 1.0 7.9 13:19 96 02 9.1 18.1 13:12 0.4 07:22 9.2 0.0 0.0 1.0 12.7 14:57 96 03 9.4 17.2 13:45 4.3 04:07 8.9 0.0 1.0 0.8 15.9 20:55 85 04 9.4 13.9 15:56 5.2 03:07 8.9 0.0 1.6 0.5 5.4 18:54 114 05 7.4 8.3 00:20 4.9 23:50 10.9 0.0 29.5 0.1 3.6 14:59 124 06 7.2 10.9 17:10 3.1 23:55 11.2 0.0 1.6 0.2 12.7 21:16 112 07 7.0 15.9 14:19 0.5 06:49 11.3 0.0 0.3 0.5 5.6 15:29 126 08 8.4 13.9 14:43 3.8 01:00 9.9 0.0 5.7 0.5 5.7 14:09 187 09 10.7 17.0 16:32 7.4 01:27 7.6 0.0 0.0 0.2 12.7 23:55 143 10 9.0 9.8 15:50 8.2 22:52 9.4 0.0 16.6 0.1 3.1 02:36 131 11 7.0 34.0 18:00 5.2 00:00 11.4 0.0 39.9 0.2 3.1 01:47 336 12 6.1 9.3 14:56 3.9 07:04 12.2 0.0 2.1 1.0 12.7 13:13 344 13 5.9 10.2 14:01 2.4 06:50 12.4 0.0 0.5 0.6 12.7 09:11 21 14 5.3 7.1 12:44 4.1 04:42 13.1 0.0 1.0 0.1 3.2 20:26 104 15 7.2 14.1 17:38 2.4 23:51 11.1 0.0 1.0 0.3 5.2 14:42 90 16 7.2 16.4 17:23 -0.8 06:23 11.2 0.0 0.0 0.7 15.9 00:32 117 17 8.2 17.9 14:07 -0.6 05:34 10.2 0.0 0.0 0.7 12.7 15:56 129 18 8.2 16.5 15:09 1.1 04:36 10.1 0.0 0.0 0.7 12.7 08:38 96 19 9.4 20.2 16:05 -0.1 06:22 8.9 0.0 0.0 0.8 15.9 00:41 130 20 10.7 21.1 15:03 0.9 07:20 7.6 0.0 0.0 0.9 12.7 23:26 113 21 11.6 22.3 14:14 0.9 06:20 6.8 0.0 0.0 0.9 6.0 14:22 111 22 12.3 23.3 14:42 2.3 06:25 6.0 0.0 0.0 0.9 12.7 21:08 133 23 9.2 11.8 10:22 6.3 02:00 9.2 0.0 10.4 0.3 3.8 12:07 93 24 12.9 19.4 13:51 8.6 03:29 5.5 0.0 1.5 0.8 12.7 14:15 104 25 15.3 24.3 15:12 7.1 06:40 3.0 0.0 0.0 0.5 6.4 17:12 62 26 15.5 22.4 11:45 9.8 03:02 2.8 0.0 0.0 1.0 12.7 23:48 223 27 10.3 15.8 15:57 4.3 23:56 8.0 0.0 2.1 0.5 12.7 14:28 164 28 4.2 5.8 14:22 1.9 05:34 14.1 0.0 4.7 0.5 12.7 01:31 179 29 6.5 9.3 10:34 3.1 06:20 11.8 0.0 0.0 0.3 5.7 09:05 195 30 7.4 10.3 09:53 4.9 07:20 10.9 0.0 3.1 0.5 15.9 21:03 182 --------------------------------------------------------------------------------------- 8.9 34.0 11 -0.8 16 283.3 0.0 122.5 0.6 15.9 03 115