Zerjav

46° 24.00' N | 014° 48.00' E | 545 m | Show on map

Podatki o podnebju February 2019

20-May-2019 22:50 CEST

Station:LaCrosse WS23xx
Software:WeeWX v3.3.1
Weewx uptime:0 Dni, 12 Ur, 57 Minut
Server uptime:183 Dni, 8 Ur, 16 Minut
                   MONTHLY CLIMATOLOGICAL SUMMARY for Feb 2019


NAME: Zerjav                  
ELEV: 545 m    LAT: 46-24.00 N    LONG: 014-48.00 E


                   TEMPERATURE (°C), RAIN (mm), WIND SPEED (m/s)

                                         HEAT   COOL         AVG
      MEAN                               DEG    DEG          WIND                   DOM
DAY   TEMP   HIGH   TIME    LOW   TIME   DAYS   DAYS   RAIN  SPEED   HIGH   TIME    DIR
---------------------------------------------------------------------------------------
 01   -0.8    7.3  22:50   -6.4  02:00   19.2    0.0   21.7    0.4   10.7  22:20    133
 02    5.9   13.3  17:21    3.1  20:10   12.5    0.0   34.2    0.4    6.6  04:20    135
 03    2.6    4.1  10:52    0.9  00:00   15.7    0.0   16.1    0.1    4.4  03:29    126
 04    0.3    5.1  14:14   -3.2  23:57   18.0    0.0    0.0    0.2    4.7  11:26    162
 05   -1.1    2.4  13:44   -3.6  00:00   19.4    0.0    0.9    0.2    4.3  10:05    144
 06   -2.2    4.8  15:00   -6.1  07:50   20.5    0.0    0.0    0.3    5.5  13:14    147
 07   -2.5    4.9  14:20   -7.6  06:55   20.8    0.0    0.5    0.3    5.7  13:24    136
 08   -0.6    7.2  15:06   -3.8  02:57   18.9    0.0    0.0    0.1    2.9  18:31    136
 09   -0.3    7.2  15:10   -4.5  07:46   18.7    0.0    0.0    0.3    5.6  11:58    142
 10    2.3    7.8  18:22   -2.5  06:15   16.0    0.0    1.0    0.2    5.6  17:38    142
 11    1.3    3.6  00:40   -1.4  23:53   17.0    0.0   17.6    0.3    8.1  01:48     13
 12    1.8    7.3  13:19   -2.5  07:06   16.5    0.0    0.0    1.0   12.8  18:53    158
 13    0.1    7.1  15:10   -4.8  07:22   18.2    0.0    0.0    0.5    8.5  11:58    154
 14    1.0   10.2  15:07   -3.1  00:04   17.3    0.0    0.0    0.3    6.0  13:37    155
 15    1.2   11.9  14:40   -3.9  06:17   17.1    0.0    0.0    0.1    3.2  21:42    130
 16    1.2   11.3  14:55   -4.1  07:10   17.1    0.0    0.0    0.2    3.3  18:57    131
 17    1.3   11.8  14:22   -4.4  07:10   17.0    0.0    0.0    0.5    4.1  13:54    134
 18    1.7   12.3  14:47   -4.2  06:26   16.7    0.0    0.0    0.4    5.6  13:27    141
 19    2.2   13.4  15:51   -4.2  06:51   16.1    0.0    0.0    0.4    4.4  12:44    136
 20    2.8   11.8  15:09   -3.3  07:20   15.6    0.0    0.0    0.4    4.9  12:15    152
 21    4.4   12.9  15:05   -0.7  04:58   13.9    0.0    0.0    0.4    5.9  13:03    160
 22    5.1   12.1  13:11   -0.6  05:22   13.2    0.0    0.0    0.6    7.6  13:28    137
 23   -0.7    3.6  14:15   -5.5  23:41   19.0    0.0    0.0    0.7    6.9  12:52    104
 24   -1.3    5.1  14:41   -8.2  06:20   19.6    0.0    0.0    0.3    5.7  11:44    186
 25    2.8    9.6  15:40   -1.1  23:20   15.5    0.0    0.0    0.3   12.7  06:48     92
 26    6.8   15.8  15:44   -1.5  01:20   11.5    0.0    0.0    0.7    6.9  16:35    159
 27    7.5   17.3  13:15   -0.6  23:49   10.9    0.0    0.0    0.7    8.0  11:12    134
 28    5.4   17.6  15:19   -3.1  06:29   13.0    0.0    0.0    0.6   12.7  04:22    103
---------------------------------------------------------------------------------------
       1.7   17.6     28   -8.2     24  465.0    0.0   92.0    0.4   12.8     12    139