Zerjav

46° 24.00' N | 014° 48.00' E | 545 m | Show on map

Podatki o podnebju August 2018

26-Mar-2019 03:50 CET

Station:LaCrosse WS23xx
Software:WeeWX v3.3.1
Weewx uptime:47 Dni, 8 Ur, 2 Minut
Server uptime:127 Dni, 14 Ur, 16 Minut
                   MONTHLY CLIMATOLOGICAL SUMMARY for Aug 2018


NAME: Zerjav                  
ELEV: 545 mikrogramov    LAT: 46-24.00 N    LONG: 014-48.00 E


                   TEMPERATURE (°C), RAIN (mm), WIND SPEED (m/s)

                                         HEAT   COOL         AVG
      MEAN                               DEG    DEG          WIND                   DOM
DAY   TEMP   HIGH   TIME    LOW   TIME   DAYS   DAYS   RAIN  SPEED   HIGH   TIME    DIR
---------------------------------------------------------------------------------------
 01   23.0   33.1  13:30   14.1  06:30    0.0    4.7    5.2    0.3    4.1  15:10    142
 02   20.6   26.8  12:40   17.1  05:40    0.0    2.3   16.1    0.1    4.2  13:10    153
 03   21.2   30.2  15:50   16.5  00:00    0.0    2.8    2.1    0.2    5.7  16:00    136
 04   21.7   30.8  16:30   13.1  04:00    0.0    3.4    0.5    0.2    3.7  14:30    137
 05   21.4   32.6  15:00   14.0  06:20    0.0    3.1    0.5    0.3    5.5  14:40    145
 06   22.6   31.9  15:30   16.2  04:20    0.0    4.3    0.0    0.3    5.3  16:30    146
 07   23.5   32.3  16:20   15.8  06:30    0.0    5.2    0.0    0.4    7.7  20:20    138
 08   22.6   33.0  15:40   14.2  06:20    0.0    4.2    0.0    0.2    4.7  15:10    157
 09   23.0   33.9  15:20   14.0  06:50    0.0    4.7    0.0    0.3    6.7  14:50    139
 10   20.5   29.4  13:30   14.9  06:40    0.0    2.1   39.9    0.2    4.6  17:20    144
 11   19.4   25.1  12:50   16.5  00:00    0.0    1.1    2.6    0.1    3.8  13:40    147
 12   20.3   27.4  14:10   15.4  00:00    0.0    2.0    0.0    0.3    5.8  15:30    131
 13   20.8   31.3  15:50   12.4  06:50    0.0    2.4    0.0    0.4    6.2  16:00    166
 14   16.8   21.3  16:40   13.6  03:10    1.6    0.0   11.4    0.0    2.4  11:10    143
 15   17.9   24.3  14:00   13.2  00:00    0.4    0.0    0.0    0.1    3.3  13:20    165
 16   17.9   27.7  14:10   10.1  06:50    0.4    0.0    0.0    0.2    4.6  12:40    140
 17   18.6   28.6  15:30   10.0  06:40    0.0    0.3    0.0    0.3    4.1  15:40    148
 18   20.2   30.3  15:20   12.2  06:40    0.0    1.9    0.0    0.3    5.2  12:50    145
 19   20.0   29.9  16:30   12.0  07:00    0.0    1.7    0.0    0.2    3.8  14:30    152
 20   20.4   31.9  15:20   11.8  06:50    0.0    2.0    0.0    0.2    4.2  11:30    150
 21   20.9   30.7  13:25   13.2  06:38    0.0    2.6    0.0    0.2    5.1  14:13    151
 22   21.1   30.5  15:49   12.9  06:30    0.0    2.7    0.0    0.3    6.0  15:59    145
 23   20.6   31.3  13:52   13.4  06:20    0.0    2.3    0.0    0.2    4.3  13:12    134
 24   18.8   26.8  11:36   12.8  07:10    0.0    0.5    0.0    0.3    5.4  16:24    147
 25   15.2   16.4  00:00   11.9  23:28    3.1    0.0   43.0    0.0    3.8  12:04    161
 26   10.5   12.4  17:46    8.7  07:56    7.9    0.0   38.3    0.2    5.7  02:51    158
 27   13.2   21.6  16:00  -30.0  04:02    5.1    0.0    0.0    0.4    4.5  13:40    159
 28   16.0   26.8  14:49    7.4  06:09    2.3    0.0    0.0    0.2    3.8  13:49    146
 29   17.2   26.5  14:15    9.1  06:40    1.1    0.0    0.0    0.4    5.9  14:20    137
 30   17.4   27.0  14:14    9.4  06:43    1.0    0.0    0.5    0.3    8.9  18:39    140
 31   15.4   18.6  14:31   13.2  02:38    3.0    0.0    7.2    0.0    3.1  16:43    137
---------------------------------------------------------------------------------------
      19.3   33.9     09  -30.0     27   25.8   56.3  167.3    0.2    8.9     30    146