Zerjav

46° 24.00' N | 014° 48.00' E | 545 m | Show on map

Podatki o podnebju June 2018

26-Mar-2019 03:50 CET

Station:LaCrosse WS23xx
Software:WeeWX v3.3.1
Weewx uptime:47 Dni, 8 Ur, 2 Minut
Server uptime:127 Dni, 14 Ur, 16 Minut
                   MONTHLY CLIMATOLOGICAL SUMMARY for Jun 2018


NAME: Zerjav                  
ELEV: 545 mikrogramov    LAT: 46-24.00 N    LONG: 014-48.00 E


                   TEMPERATURE (°C), RAIN (mm), WIND SPEED (m/s)

                                         HEAT   COOL         AVG
      MEAN                               DEG    DEG          WIND                   DOM
DAY   TEMP   HIGH   TIME    LOW   TIME   DAYS   DAYS   RAIN  SPEED   HIGH   TIME    DIR
---------------------------------------------------------------------------------------
 01   18.9   28.3  15:32   13.9  03:30    0.0    0.6    0.0    0.3    5.7  12:51    164
 02   18.3   27.9  16:12   11.5  05:18    0.0    0.0    0.0    0.3    5.7  19:06    152
 03   18.5   28.3  14:33   10.8  05:13    0.0    0.2    0.0    0.2    4.7  11:51    165
 04   18.7   28.8  14:54   11.6  05:52    0.0    0.4    0.0    0.2    6.5  11:05    145
 05   17.8   25.3  11:37   11.9  05:10    0.5    0.0    0.0    0.1    3.5  11:18    157
 06   18.4   26.5  13:07   11.6  05:23    0.0    0.1    0.0    0.1    3.6  09:34    136
 07   19.1   27.6  16:14   12.1  05:25    0.0    0.8    0.0    0.2    4.7  16:38    149
 08   17.8   26.3  15:21   10.7  05:10    0.5    0.0   10.4    0.3    5.2  14:20    166
 09   19.3   27.1  15:41   13.4  04:10    0.0    0.9    3.1    0.2    5.8  16:33    138
 10   20.7   29.9  14:36   13.5  05:32    0.0    2.4    0.0    0.2    4.9  14:44    149
 11   22.0   30.6  16:37   13.9  04:40    0.0    3.6    0.0    0.3    6.4  15:51    138
 12   20.0   30.5  16:14   13.9  05:40    0.0    1.7    0.0    0.3    5.9  16:35    153
 13   15.9   22.8  12:52   13.0  02:37    2.4    0.0   21.2    0.2    4.8  10:47    168
 14   15.3   18.8  14:10   13.1  23:50    3.0    0.0    3.1    0.2    6.4  12:48    155
 15   16.1   21.8  17:29   10.8  23:57    2.3    0.0    0.0    0.2    4.1  16:22    153
 16   16.3   24.6  13:12    8.6  05:43    2.0    0.0    0.0    0.2    4.9  09:12    161
 17   18.1   27.3  16:25   10.7  06:23    0.2    0.0    0.0    0.2    5.7  16:32    158
 18   18.3   26.4  16:06   11.2  06:30    0.0    0.0    1.0    0.3    6.1  10:03    155
 19   18.6   27.8  15:21    8.9  05:42    0.0    0.2    0.0    0.3    6.5  10:51    137
 20   20.1   29.3  15:00   10.9  05:40    0.0    1.8    0.0    0.3    5.0  17:59    127
 21   21.4   31.3  16:06   12.3  05:46    0.0    3.0    1.0    0.4    5.8  11:13    154
 22   14.3   17.5  15:11    8.1  23:57    4.0    0.0   24.9    0.2    4.2  17:08    134
 23   13.6   22.0  16:18    4.4  05:25    4.7    0.0    0.0    0.3    5.4  14:49    149
 24   15.6   22.9  15:20   10.5  05:50    2.8    0.0    0.0    0.2    4.9  12:42    144
 25   13.6   18.9  16:02    9.8  23:52    4.8    0.0    0.0    0.1    4.2  16:02    142
 26   14.3   22.1  14:30    9.0  03:40    4.1    0.0    0.0    0.2    4.4  17:07    149
 27   15.0   21.6  14:51   10.9  05:50    3.3    0.0    4.7    0.2    6.7  13:46    133
 28   14.1   16.1  18:30   11.9  06:15    4.2    0.0    2.6    0.2    3.7  04:48    158
 29   16.5   22.1  18:10   11.8  00:50    1.9    0.0    0.5    0.2    4.9  17:22    162
 30   20.7   28.6  14:41   13.6  04:34    0.0    2.3    0.0    0.3    5.5  14:12    149
---------------------------------------------------------------------------------------
      17.6   31.3     21    4.4     23   40.8   18.1   72.5    0.2    6.7     27    150