Zerjav

46° 24.00' N | 014° 48.00' E | 545 m | Show on map

Podatki o podnebju February 2018

20-May-2019 23:20 CEST

Station:LaCrosse WS23xx
Software:WeeWX v3.3.1
Weewx uptime:0 Dni, 13 Ur, 27 Minut
Server uptime:183 Dni, 8 Ur, 46 Minut
                   MONTHLY CLIMATOLOGICAL SUMMARY for Feb 2018


NAME: Zerjav                  
ELEV: 545 mikrogramov    LAT: 46-24.00 N    LONG: 014-48.00 E


                   TEMPERATURE (°C), RAIN (mm), WIND SPEED (m/s)

                                         HEAT   COOL         AVG
      MEAN                               DEG    DEG          WIND                   DOM
DAY   TEMP   HIGH   TIME    LOW   TIME   DAYS   DAYS   RAIN  SPEED   HIGH   TIME    DIR
---------------------------------------------------------------------------------------
 01    2.5    6.4  13:40   -2.7  00:30   15.8    0.0    8.3    0.2    6.4  21:10     62
 02    0.3    3.6  00:20   -0.1  08:00   18.0    0.0    4.1    0.1    4.1  01:00    168
 03   -0.5    0.2  14:30   -2.8  23:50   18.9    0.0    1.0    0.0    3.1  12:00    222
 04   -1.3    0.4  14:00   -3.2  00:00   19.7    0.0    0.0    0.1    3.1  13:00    154
 05   -2.6   -0.4  12:00   -5.0  05:20   20.9    0.0    0.0    0.1    3.4  12:30    165
 06   -1.4   -0.1  13:10   -2.4  07:20   19.7    0.0    0.0    0.0    3.1  12:20    169
 07   -0.8    0.8  14:40   -1.9  07:40   19.1    0.0    0.0    0.0    3.1  14:30    162
 08    0.1    2.5  14:40   -0.8  02:50   18.2    0.0    0.5    0.0    1.7  09:50    132
 09   -0.0    1.6  14:10   -1.6  06:30   18.4    0.0    0.0    0.1    3.1  17:40    119
 10    0.0    1.4  13:30   -3.8  23:30   18.3    0.0    0.5    0.1    3.1  00:30    346
 11   -3.1    0.1  12:00   -5.6  23:50   21.4    0.0    0.0    0.2    4.7  12:50    158
 12   -2.2   -0.4  16:00   -5.6  00:10   20.5    0.0    0.5    0.0    1.7  06:40    108
 13   -1.8    0.4  14:00   -4.1  22:10   20.1    0.0    0.0    0.0    3.1  12:50    167
 14   -3.4   -0.5  15:50   -7.5  00:00   21.7    0.0    0.5    0.2    4.5  11:10    171
 15   -5.2   -0.1  15:10  -10.1  05:00   23.6    0.0    0.0    0.2    3.8  13:40    154
 16   -1.8    3.2  15:30   -7.6  07:00   20.1    0.0    1.5    0.1    3.3  14:20    106
 17    1.3    4.2  14:20    0.1  06:40   17.0    0.0    0.5    0.2    5.5  12:20    115
 18    0.2    1.8  12:20   -0.9  00:00   18.2    0.0    4.7    0.1    3.2  21:10     93
 19   -1.4   -0.1  14:10   -2.6  23:50   19.7    0.0    0.5    0.0    2.8  00:10    126
 20   -1.8   -0.4  16:08   -3.1  06:10   20.1    0.0    0.0    0.1    4.1  19:32    144
 21   -1.1    0.5  14:14   -2.5  03:49   19.5    0.0    0.0    0.1    3.2  17:43    114
 22   -1.6   -0.7  02:04   -2.8  22:49   19.9    0.0    0.5    0.2    6.5  08:35    130
 23   -1.8   -0.2  12:34   -3.0  05:40   20.1    0.0    0.0    0.0    1.3  00:10    155
 24   -2.1    0.7  13:17   -5.9  23:57   20.4    0.0    0.0    0.2    4.9  17:43    313
 25   -8.1   -5.4  13:56  -12.2  23:55   26.5    0.0    0.0    0.4    5.0  13:20    126
 26  -11.3   -9.2  15:24  -14.9  04:58   29.6    0.0    0.0    0.2    5.7  10:12    143
 27   -9.5   -6.8  14:10  -12.8  23:20   27.8    0.0    0.0    0.0    0.0  00:00     90
 28  -12.2   -5.1  14:09  -18.6  07:10   30.5    0.0    0.0    0.2    4.8  12:06    161
---------------------------------------------------------------------------------------
      -2.5    6.4     01  -18.6     28  584.0    0.0   23.3    0.1    6.5     22    141