Zerjav

46° 24.00' N | 014° 48.00' E | 545 m | Show on map

Podatki o podnebju January 2018

20-May-2019 23:20 CEST

Station:LaCrosse WS23xx
Software:WeeWX v3.3.1
Weewx uptime:0 Dni, 13 Ur, 27 Minut
Server uptime:183 Dni, 8 Ur, 46 Minut
                   MONTHLY CLIMATOLOGICAL SUMMARY for Jan 2018


NAME: Zerjav                  
ELEV: 545 mikrogramov    LAT: 46-24.00 N    LONG: 014-48.00 E


                   TEMPERATURE (°C), RAIN (mm), WIND SPEED (m/s)

                                         HEAT   COOL         AVG
      MEAN                               DEG    DEG          WIND                   DOM
DAY   TEMP   HIGH   TIME    LOW   TIME   DAYS   DAYS   RAIN  SPEED   HIGH   TIME    DIR
---------------------------------------------------------------------------------------
 01   -0.9    0.6  12:12   -3.0  04:40   19.2    0.0    0.0    0.0    2.9  12:46    138
 02    0.2    0.9  13:48   -0.4  22:10   18.1    0.0    0.0    0.1    4.0  10:59    163
 03   -0.5    1.4  13:26   -1.9  06:49   18.8    0.0    1.0    0.2    5.3  14:17    130
 04   -1.1    1.5  14:38   -4.1  07:06   19.5    0.0    0.0    0.1    2.4  14:27    134
 05   -0.1    2.6  14:33   -2.6  07:58   18.4    0.0    0.0    0.1    2.2  18:13    106
 06    2.3    7.3  12:49    0.5  06:07   16.1    0.0    0.0    0.1    2.9  12:35    112
 07    2.4    7.0  13:52    0.3  05:10   15.9    0.0    0.0    0.1    2.7  18:35    118
 08    2.1    6.1  12:19    0.2  21:16   16.2    0.0    0.0    0.2    3.0  19:28    120
 09    5.0    9.4  14:29    1.2  00:00   13.3    0.0   22.3    0.3    6.2  11:28    159
 10    3.9    6.1  12:41    2.9  23:57   14.4    0.0    1.0    0.1    2.9  13:50    155
 11    3.2    4.4  13:20    2.1  23:57   15.2    0.0    0.0    0.0    1.9  12:04    199
 12    2.2    3.8  14:19    0.3  06:10   16.1    0.0    0.0    0.2    4.9  13:22    174
 13    2.3    3.5  12:51    1.3  23:00   16.0    0.0    0.0    0.1    3.0  10:13    142
 14   -0.2    1.3  00:00   -2.2  22:10   18.5    0.0    1.0    0.1    2.9  18:24     32
 15   -1.9   -0.6  13:10   -3.4  22:57   20.2    0.0    0.5    0.1    2.0  12:30    134
 16   -1.1    3.9  14:58   -3.7  08:00   19.4    0.0    0.5    0.1    3.6  13:17    138
 17   -0.0    3.1  15:02   -2.4  02:35   18.4    0.0    0.5    0.3   12.7  17:07    118
 18   -1.6    5.0  13:48   -4.9  08:09   19.9    0.0    0.0    0.2    5.0  13:13    121
 19   -1.2    2.0  10:48   -3.6  02:04   19.5    0.0    0.0    0.1    5.1  12:23    129
 20   -2.0    1.3  13:03   -5.1  02:28   20.3    0.0    1.0    0.1    4.6  14:24    157
 21    0.3    5.6  12:36   -4.2  08:44   18.0    0.0    0.5    0.7    8.9  15:56    153
 22   -1.3    2.9  14:19   -4.2  03:01   19.7    0.0    0.0    0.2    6.0  14:36    173
 23    0.0    8.6  14:36   -3.1  23:37   18.3    0.0    0.0    0.3    4.0  13:20    132
 24   -1.6    5.9  14:12   -5.1  07:19   20.0    0.0    0.0    0.4    3.2  13:13    127
 25   -1.6    6.1  13:35   -4.9  07:40   19.9    0.0    0.5    0.2    2.8  13:01    126
 26    1.1    7.8  13:56   -2.4  00:38   17.2    0.0    0.0    0.1    3.2  21:22    107
 27    0.0    8.3  14:47   -3.3  06:47   18.3    0.0    0.0    0.3    3.0  11:58    127
 28   -0.0    6.8  15:16   -3.8  06:55   18.4    0.0    0.5    0.2    3.7  13:53    134
 29    0.4    9.6  14:24   -2.7  06:30   17.9    0.0    0.0    0.3    3.3  13:27    128
 30    1.3   12.4  14:30   -2.7  02:25   17.1    0.0    0.0    0.4    4.1  23:07    128
 31    0.1    5.9  14:33   -2.7  05:50   18.2    0.0    0.0    0.2    3.5  01:04    124
---------------------------------------------------------------------------------------
       0.4   12.4     30   -5.1     20  556.5    0.0   29.5    0.2   12.7     17    136