Zerjav

46° 24.00' N | 014° 48.00' E | 545 m | Show on map

Podatki o podnebju December 2017

20-May-2019 22:50 CEST

Station:LaCrosse WS23xx
Software:WeeWX v3.3.1
Weewx uptime:0 Dni, 12 Ur, 57 Minut
Server uptime:183 Dni, 8 Ur, 16 Minut
                   MONTHLY CLIMATOLOGICAL SUMMARY for Dec 2017


NAME: Zerjav                  
ELEV: 545 mikrogramov    LAT: 46-24.00 N    LONG: 014-48.00 E


                   TEMPERATURE (°C), RAIN (mm), WIND SPEED (m/s)

                                         HEAT   COOL         AVG
      MEAN                               DEG    DEG          WIND                   DOM
DAY   TEMP   HIGH   TIME    LOW   TIME   DAYS   DAYS   RAIN  SPEED   HIGH   TIME    DIR
---------------------------------------------------------------------------------------
 01   -0.6    0.3  13:38   -1.1  07:30   18.9    0.0    0.0    0.0    1.0  12:41    119
 02   -2.1    1.6  13:14   -6.7  21:16   20.4    0.0    0.5    0.1    2.9  13:42    123
 03   -5.7   -1.7  13:50  -10.2  23:43   24.0    0.0    0.0    0.2    3.7  12:03    155
 04   -8.7   -4.4  14:07  -13.2  06:31   27.1    0.0    0.0    0.1    2.5  15:16     82
 05   -5.5    0.3  14:22   -9.2  06:49   23.9    0.0    0.0    0.1    5.0  13:41    105
 06   -3.7    0.4  13:10   -6.9  01:14   22.0    0.0    0.0    0.0    1.8  17:04    116
 07   -4.8   -1.3  13:40   -7.4  08:20   23.1    0.0    0.0    0.0    2.4  13:00    128
 08   -2.4    1.4  14:13   -7.7  02:38   20.8    0.0    1.5    0.0    3.1  18:35    356
 09   -2.9    0.1  00:10   -9.9  23:50   21.3    0.0    0.5    0.0    3.1  04:13    338
 10   -7.2   -1.7  23:46  -12.4  07:06   25.6    0.0    0.0    0.0    3.1  22:55    338
 11    2.8   10.4  17:46   -1.7  00:00   15.5    0.0   24.3    1.2   15.5  13:45    102
 12    0.9    1.6  03:05    0.4  04:31   17.5    0.0    4.1    0.1    2.8  03:56    136
 13   -0.9    0.4  15:50   -1.6  00:00   19.2    0.0    0.0    0.1    3.0  22:46    122
 14    0.0    2.6  12:47   -2.7  04:22   18.3    0.0    2.1    0.2    3.1  04:48    118
 15    1.2    2.9  13:10    0.1  20:35   17.1    0.0   18.6    0.1    4.7  05:03    123
 16    0.4    1.4  12:15   -0.3  08:00   17.9    0.0    6.2    0.1    3.1  01:29    157
 17   -0.8    0.2  02:08   -1.9  00:00   19.1    0.0    0.0    0.2    3.8  02:11    158
 18   -3.4   -1.1  12:53   -7.1  23:58   21.7    0.0    0.0    0.2    4.6  02:30    177
 19   -5.2   -2.2  13:45   -7.6  01:16   23.5    0.0    0.0    0.2    3.7  12:08    172
 20   -3.9    0.1  13:33   -7.0  23:59   22.2    0.0    0.0    0.1    4.4  13:50    140
 21   -4.6   -0.4  13:50   -9.0  08:05   23.0    0.0    0.5    0.2    4.2  13:34    136
 22   -1.7    1.9  14:33   -5.9  07:51   20.0    0.0    0.0    0.1    2.6  15:46    114
 23   -1.1    2.6  13:09   -2.8  21:19   19.4    0.0    0.0    0.2    3.7  04:39    128
 24   -1.6    2.9  14:11   -3.7  05:20   19.9    0.0    0.5    0.2    3.1  07:32    122
 25   -3.6   -0.5  13:35   -5.3  07:56   21.9    0.0    0.0    0.2    2.7  07:54    135
 26   -2.3    2.3  13:50   -6.2  06:26   20.6    0.0    0.5    0.1    2.5  20:47    107
 27    3.6    5.8  11:40   -1.1  01:39   14.7    0.0   32.6    0.4    8.5  11:23    121
 28    1.5    4.5  02:17    0.1  16:55   16.8    0.0   10.4    0.2    5.3  07:58    155
 29   -1.5    1.5  13:00   -5.1  23:40   19.8    0.0    0.5    0.3    5.4  12:10     46
 30   -3.6   -0.8  12:38   -6.1  09:10   22.0    0.0    0.0    0.1    4.1  12:13    135
 31   -2.9    0.3  13:55   -4.9  01:35   21.3    0.0    0.0    0.1    2.8  01:58    135
---------------------------------------------------------------------------------------
      -2.4   10.4     11  -13.2     04  638.5    0.0  103.1    0.2   15.5     11    125