Zerjav

46° 24.00' N | 014° 48.00' E | 545 m | Show on map

Podatki o podnebju November 2017

26-Mar-2019 03:50 CET

Station:LaCrosse WS23xx
Software:WeeWX v3.3.1
Weewx uptime:47 Dni, 8 Ur, 2 Minut
Server uptime:127 Dni, 14 Ur, 16 Minut
                   MONTHLY CLIMATOLOGICAL SUMMARY for Nov 2017


NAME: Zerjav                  
ELEV: 545 mikrogramov    LAT: 46-24.00 N    LONG: 014-48.00 E


                   TEMPERATURE (°C), RAIN (mm), WIND SPEED (m/s)

                                         HEAT   COOL         AVG
      MEAN                               DEG    DEG          WIND                   DOM
DAY   TEMP   HIGH   TIME    LOW   TIME   DAYS   DAYS   RAIN  SPEED   HIGH   TIME    DIR
---------------------------------------------------------------------------------------
 01    2.9    9.3  12:50   -2.1  05:21   15.4    0.0    0.0    0.3    4.4  12:24    130
 02    4.0    9.4  14:04   -1.1  05:50   14.4    0.0    0.0    0.1    2.6  11:52    133
 03    5.9   12.6  13:32    2.4  04:35   12.4    0.0    0.0    0.3    4.4  21:26    130
 04    5.4   12.2  12:43    0.8  04:47   12.9    0.0    0.0    0.2    3.8  13:37    147
 05    8.3   15.6  14:30    2.9  06:16   10.0    0.0    1.6    0.1    4.8  12:59    128
 06    4.5    7.5  00:04    2.1  21:10   13.8    0.0   35.7    0.1    3.9  06:35    153
 07    3.9    5.2  11:56    2.6  00:00   14.4    0.0   27.4    0.0    3.1  12:23    130
 08    4.7    6.1  14:58    3.6  00:00   13.7    0.0    6.7    0.0    3.8  03:05    167
 09    5.4    7.2  14:07    3.8  01:28   13.0    0.0    0.0    0.0    2.6  11:32    154
 10    5.0    7.4  14:13    2.3  20:54   13.4    0.0    0.0    0.0    2.3  14:40    140
 11    3.9    5.4  11:30    3.1  07:44   14.5    0.0    0.0    0.1    3.7  10:24    138
 12    5.4    9.9  19:21    2.5  07:53   12.9    0.0    3.6    0.2    5.1  19:24    131
 13    0.7    5.9  00:00   -0.2  23:20   17.6    0.0   20.7    0.2    6.8  00:10    132
 14   -0.1    3.2  13:27   -2.9  23:47   18.5    0.0    8.8    0.1    3.0  14:34    125
 15   -1.1    1.6  14:30   -4.5  06:23   19.4    0.0    4.1    0.0    2.2  12:06    139
 16    1.4    2.9  14:20    0.6  04:00   16.9    0.0    6.2    0.1    2.0  13:14    127
 17    1.9    3.1  13:53    1.3  00:10   16.5    0.0    2.1    0.1    1.5  17:14    123
 18    2.4    5.6  13:27    0.1  21:48   15.9    0.0    0.5    0.2    3.1  21:55    133
 19    0.7    4.4  13:14   -2.7  23:54   17.6    0.0    0.0    0.1    5.5  11:49    139
 20   -0.4    7.9  12:58   -3.7  07:35   18.7    0.0    0.0    0.4    5.3  11:54    124
 21    0.8    6.7  13:58   -3.4  07:17   17.6    0.0    0.0    1.5   25.0  01:27    342
 22    2.0   10.2  13:50   -1.4  23:49   16.3    0.0    0.0    0.3    3.7  13:20    125
 23    0.5    6.3  13:12   -1.8  08:00   17.8    0.0    0.0    0.3    3.2  17:00    126
 24    0.3    6.2  12:35   -2.6  07:05   18.1    0.0    0.5    0.3    4.9  12:23    124
 25    3.5    9.0  15:53   -1.3  07:18   14.8    0.0   20.7    0.2    6.2  22:36    139
 26   -0.0    1.9  00:00   -3.8  23:55   18.4    0.0    8.3    0.1    5.9  10:23     40
 27   -3.2    0.9  13:08   -6.2  23:44   21.5    0.0    4.7    0.6   25.0  13:48    341
 28   -3.7   -0.6  13:20   -7.7  05:12   22.1    0.0    0.0    0.1    3.1  13:01    142
 29   -0.7    0.4  14:10   -2.2  02:13   19.0    0.0    0.5    0.0    2.2  22:00     57
 30    0.1    1.4  12:21   -0.6  23:53   18.2    0.0    1.0    0.0    1.3  12:44     38
---------------------------------------------------------------------------------------
       2.1   15.6     05   -7.7     28  485.6    0.0  153.3    0.2   25.0     21    114