Zerjav

46° 24.00' N | 014° 48.00' E | 545 m | Show on map

Podatki o podnebju October 2017

20-May-2019 22:50 CEST

Station:LaCrosse WS23xx
Software:WeeWX v3.3.1
Weewx uptime:0 Dni, 12 Ur, 57 Minut
Server uptime:183 Dni, 8 Ur, 16 Minut
                   MONTHLY CLIMATOLOGICAL SUMMARY for Oct 2017


NAME: Zerjav                  
ELEV: 545 mikrogramov    LAT: 46-24.00 N    LONG: 014-48.00 E


                   TEMPERATURE (°C), RAIN (mm), WIND SPEED (m/s)

                                         HEAT   COOL         AVG
      MEAN                               DEG    DEG          WIND                   DOM
DAY   TEMP   HIGH   TIME    LOW   TIME   DAYS   DAYS   RAIN  SPEED   HIGH   TIME    DIR
---------------------------------------------------------------------------------------
 01    9.8   16.8  14:41    3.8  23:52    8.6    0.0    0.0    0.3    3.4  14:39    140
 02    7.9   16.4  14:56    0.8  06:34   10.4    0.0    0.0    0.7    5.5  14:21    146
 03    9.5   14.8  13:58    4.4  02:37    8.8    0.0    1.6    0.2    4.6  14:07    135
 04   11.0   18.3  14:13    7.5  07:20    7.3    0.0    0.0    0.2    3.6  14:50    161
 05   12.5   20.6  16:02    7.1  07:33    5.8    0.0    0.5    0.4    5.3  15:04    154
 06   10.3   16.9  12:58    4.2  23:42    8.0    0.0    0.0    0.4    6.1  12:17    143
 07    7.0   16.0  15:35    0.5  06:40   11.4    0.0    0.0    0.4    5.4  12:39    138
 08    7.2   14.9  15:40    1.6  01:56   11.1    0.0    0.0    0.4    4.1  14:07    139
 09    8.5   16.3  14:52    2.2  07:24    9.9    0.0    1.0    0.4    4.4  14:27    134
 10   10.7   17.3  14:44    6.8  23:59    7.6    0.0    0.5    0.3    3.9  12:12    138
 11    9.8   18.0  15:02    3.2  07:35    8.6    0.0    0.0    0.3    2.6  02:10    129
 12   10.3   19.4  15:33    5.2  07:08    8.1    0.0    0.0    0.3    3.0  22:33    130
 13   10.5   19.9  15:50    4.0  06:48    7.8    0.0    0.0    0.4    3.9  13:20    147
 14   10.4   19.0  15:53    4.3  07:27    7.9    0.0    0.0    0.5    4.0  12:40    142
 15   11.6   20.6  15:14    6.4  07:50    6.7    0.0    0.0    0.3    5.4  13:25    138
 16   11.5   20.9  15:08    5.6  08:15    6.9    0.0    0.0    0.4    3.6  12:19    132
 17   10.8   20.4  15:12    4.5  05:56    7.5    0.0    0.0    0.5    3.9  12:33    130
 18   10.4   19.5  15:07    4.9  07:40    8.0    0.0    0.0    0.5    5.2  14:34    141
 19    8.2   19.1  14:46    0.9  08:10   10.1    0.0    0.0    0.6    3.7  20:34    134
 20    8.4   18.4  15:31    1.6  08:09    9.9    0.0    0.0    0.6    6.0  13:15    130
 21    9.3   18.3  14:58    3.3  08:07    9.0    0.0    0.0    0.4    4.0  12:48    134
 22    6.1    8.8  13:00    3.9  08:00   12.2    0.0   39.4    0.2    4.0  11:34    135
 23    7.3   10.6  16:07    4.3  02:00   11.0    0.0    0.0    0.7    8.1  14:57    150
 24    9.6   16.4  13:59    3.0  23:56    8.7    0.0    0.0    0.6    6.2  11:25    134
 25    6.1   14.6  14:22    0.1  07:14   12.2    0.0    0.0    0.2    3.1  13:39    132
 26    7.6   16.2  16:07    1.6  07:13   10.7    0.0    0.0    0.3    2.6  12:10    127
 27    8.5   15.4  12:56    5.0  07:54    9.8    0.0    0.5    0.6    8.0  17:11    135
 28    6.7   12.6  15:47    1.8  07:20   11.6    0.0    0.5    0.4    7.7  00:58    124
 29    6.2   15.6  13:28    0.7  05:46   12.2    0.0    0.0    0.4    6.7  12:04    141
 30    3.9   11.4  12:58   -1.9  23:54   14.5    0.0    0.0    0.4    6.0  11:33    138
 31    1.6   10.3  13:49   -3.2  06:29   16.7    0.0    0.0    0.4    5.8  12:44    141
---------------------------------------------------------------------------------------
       8.7   20.9     16   -3.2     31  299.2    0.0   44.0    0.4    8.1     23    138