Zerjav

46° 24.00' N | 014° 48.00' E | 545 m | Show on map

Podatki o podnebju September 2017

26-Mar-2019 03:40 CET

Station:LaCrosse WS23xx
Software:WeeWX v3.3.1
Weewx uptime:47 Dni, 7 Ur, 52 Minut
Server uptime:127 Dni, 14 Ur, 6 Minut
                   MONTHLY CLIMATOLOGICAL SUMMARY for Sep 2017


NAME: Zerjav                  
ELEV: 545 mikrogramov    LAT: 46-24.00 N    LONG: 014-48.00 E


                   TEMPERATURE (°C), RAIN (mm), WIND SPEED (m/s)

                                         HEAT   COOL         AVG
      MEAN                               DEG    DEG          WIND                   DOM
DAY   TEMP   HIGH   TIME    LOW   TIME   DAYS   DAYS   RAIN  SPEED   HIGH   TIME    DIR
---------------------------------------------------------------------------------------
 01   16.4   21.0  16:50   13.6  05:10    2.0    0.0   14.0    0.2    5.2  20:00    125
 02   13.5   15.3  11:50   10.9  00:00    4.9    0.0    8.8    0.1    3.9  12:40    121
 03   11.6   17.4  13:50    6.6  00:00    6.7    0.0    3.1    0.3    5.9  11:30    146
 04   10.9   20.0  15:00    3.4  07:00    7.4    0.0    0.0    0.3    5.1  12:30    154
 05   13.8   23.2  15:30    6.5  07:00    4.5    0.0    1.0    0.3    4.4  00:10    148
 06   15.1   22.1  17:10    8.7  06:20    3.2    0.0    0.0    0.2    3.3  12:00    143
 07   13.6   15.2  14:50   11.9  23:40    4.8    0.0    6.7    0.0    3.8  15:00    112
 08   12.9   17.6  16:00    8.9  00:00    5.4    0.0    0.0    0.2    3.4  12:50    134
 09   13.9   21.5  15:40    7.1  07:30    4.5    0.0    0.0    0.3    5.7  00:00    138
 10   15.8   19.1  12:10   13.5  06:50    2.5    0.0    6.7    0.2    3.8  12:00    133
 11   14.7   16.6  16:40   13.1  03:50    3.6    0.0   17.1    0.0    4.6  00:00    151
 12   11.0   14.7  00:10    8.6  00:00    7.3    0.0   16.1    0.1    7.0  00:20    171
 13   10.8   16.8  16:40    7.2  02:50    7.6    0.0    0.0    0.3    6.2  13:20    163
 14   12.5   20.3  13:10    6.3  06:10    5.8    0.0   33.7    0.3   15.0  21:40    144
 15    9.2   11.3  17:30    7.6  04:40    9.1    0.0    9.8    0.1    4.2  16:10     80
 16   10.8   12.9  16:30    8.9  01:40    7.6    0.0   23.3    0.1    4.3  04:20    151
 17   11.5   13.9  14:40    9.3  00:00    6.8    0.0 3349.5    0.1    5.5  13:10    156
 18    9.9   12.9  17:30    7.2  07:00    8.4    0.0   12.4    0.1    3.4  04:50    170
 19    7.4    9.4  00:10    6.1  22:00   11.0    0.0   61.6    0.1    3.7  06:50    155
 20    8.0   11.1  16:30    6.1  05:20   10.4    0.0    0.0    0.2    4.1  12:20    131
 21    8.7   17.1  13:06    2.5  06:56    9.6    0.0    0.0    0.3    5.8  14:40    148
 22    9.6   18.2  14:53    3.1  04:36    8.7    0.0    0.0    0.2    2.9  23:22    131
 23   11.2   20.2  15:54    4.5  04:30    7.1    0.0    0.0    0.3    2.9  19:44    140
 24   11.8   13.6  15:44    9.9  00:18    6.5    0.0    9.8    0.1    2.1  00:30    140
 25   11.1   13.8  15:32    9.1  04:58    7.3    0.0    1.0    0.0    2.9  14:44    141
 26   10.3   10.8  18:20    9.5  04:14    8.1    0.0   11.9    0.0    1.6  11:17    140
 27   11.8   14.9  16:30   10.1  00:10    6.6    0.0    1.5    0.0    2.5  10:53    140
 28   11.9   18.6  12:32    8.3  23:57    6.5    0.0    0.0    0.2    4.3  13:35    132
 29   10.9   17.8  14:12    5.6  06:06    7.4    0.0    0.0    0.3    3.3  15:18    131
 30   10.9   16.6  15:32    6.9  04:49    7.5    0.0    0.0    0.4    3.4  08:24    134
---------------------------------------------------------------------------------------
      11.7   23.2     05    2.5     21  198.7    0.0 3588.3    0.2   15.0     14    142