Zerjav

46° 24.00' N | 014° 48.00' E | 545 m | Show on map

Podatki o podnebju August 2017

26-Mar-2019 03:40 CET

Station:LaCrosse WS23xx
Software:WeeWX v3.3.1
Weewx uptime:47 Dni, 7 Ur, 52 Minut
Server uptime:127 Dni, 14 Ur, 6 Minut
                   MONTHLY CLIMATOLOGICAL SUMMARY for Aug 2017


NAME: Zerjav                  
ELEV: 545 mikrogramov    LAT: 46-24.00 N    LONG: 014-48.00 E


                   TEMPERATURE (°C), RAIN (mm), WIND SPEED (m/s)

                                         HEAT   COOL         AVG
      MEAN                               DEG    DEG          WIND                   DOM
DAY   TEMP   HIGH   TIME    LOW   TIME   DAYS   DAYS   RAIN  SPEED   HIGH   TIME    DIR
---------------------------------------------------------------------------------------
 01   24.2   33.6  16:12   15.3  07:00    0.0    5.9    0.0    0.1    5.3  13:27    129
 02   23.9   34.1  13:12   15.5  06:45    0.0    5.6   61.1    0.1    4.9  20:30    153
 03   21.9   31.4  16:55   15.9  06:10    0.0    3.6    0.0    0.1    3.8  12:17    157
 04   24.4   33.0  16:06   16.8  06:25    0.0    6.1    0.0    0.1    5.8  14:04    157
 05   24.5   32.1  15:06   16.8  06:43    0.0    6.2    0.0    0.0    5.1  15:22    132
 06   20.4   25.9  12:51   15.4  23:12    0.0    2.1   60.1    0.0    6.0  18:09    145
 07   18.1   23.1  12:06   14.7  22:07    0.2    0.0    3.1    0.0    2.9  10:49    153
 08   19.9   28.9  15:40   12.1  06:18    0.0    1.6    0.0    0.0    3.0  13:24    112
 09   22.2   29.8  15:41   14.1  05:39    0.0    3.9    1.0    0.0    3.7  12:01    152
 10   20.8   27.9  12:42   16.6  23:59    0.0    2.4   31.1    0.0    6.7  09:31    141
 11   19.7   27.4  13:26   11.6  23:51    0.0    1.4    0.0    0.0    4.3  12:36    125
 12   14.4   20.4  16:46    9.9  02:35    3.9    0.0    0.0    0.0    0.0  00:00     90
 13   17.1   25.9  16:03    8.6  05:39    1.3    0.0    0.0    0.0    3.6  10:49    145
 14   18.2   27.3  15:27   10.2  06:25    0.2    0.0    0.0    0.0    0.0  00:00     90
 15   19.4   29.3  14:00   10.6  06:15    0.0    1.1    0.0    0.0    4.1  12:55    143
 16   17.6   28.8  14:59   11.8  06:01    0.8    0.0  132.6    0.0    4.7  12:14    163
 17   18.5   27.6  16:09   13.4  03:24    0.0    0.2    0.0    0.1    5.1  14:03    154
 18   21.0   31.1  15:49   12.9  06:30    0.0    2.7    0.0    0.1    5.4  13:34    134
 19   17.2   25.2  11:56  -30.0  01:22    1.2    0.0   37.3    0.1    6.0  20:51    146
 20   14.5   21.4  14:51    9.5  23:52    3.8    0.0   20.7    0.2    5.4  15:36    145
 21   13.2   21.8  14:19    5.9  06:40    5.2    0.0    0.0    0.2    3.2  13:12    145
 22   13.5   23.3  15:49    4.7  06:40    4.8    0.0    0.0    0.3    4.5  12:57    137
 23   14.0   23.9  14:26    7.2  06:19    4.4    0.0    0.0    0.4    5.5  14:59    139
 24   18.2   29.4  15:26    9.2  06:33    0.1    0.0    0.0    0.4    4.0  14:15    126
 25   19.6   28.8  15:51   12.1  05:06    0.0    1.2    0.0    0.3    3.9  12:28    141
 26   20.2   30.1  16:39   12.1  06:46    0.0    1.8    0.0    0.4    3.2  15:27    145
 27   20.5   29.9  15:28   14.1  06:51    0.0    2.2   19.7    0.2    4.4  19:52    160
 28   16.3   23.3  13:55   13.3  22:03    2.0    0.0    6.7    0.1    3.9  14:13    149
 29   17.1   24.9  14:56   12.2  23:58    1.2    0.0    0.0    0.4    4.3  12:57    144
 30   17.6   27.7  15:32    9.3  06:17    0.7    0.0    0.0    0.4    3.4  19:33    126
 31   19.4   29.4  16:01   10.4  09:31    0.0    1.0    0.0    0.4    5.6  13:46    144
---------------------------------------------------------------------------------------
      19.1   34.1     02  -30.0     19   29.8   48.7  373.5    0.1    6.7     10    141