Zerjav

46° 24.00' N | 014° 48.00' E | 545 m | Show on map

Podatki o podnebju July 2017

20-May-2019 22:50 CEST

Station:LaCrosse WS23xx
Software:WeeWX v3.3.1
Weewx uptime:0 Dni, 12 Ur, 57 Minut
Server uptime:183 Dni, 8 Ur, 16 Minut
                   MONTHLY CLIMATOLOGICAL SUMMARY for Jul 2017


NAME: Zerjav                  
ELEV: 545 mikrogramov    LAT: 46-24.00 N    LONG: 014-48.00 E


                   TEMPERATURE (°C), RAIN (mm), WIND SPEED (m/s)

                                         HEAT   COOL         AVG
      MEAN                               DEG    DEG          WIND                   DOM
DAY   TEMP   HIGH   TIME    LOW   TIME   DAYS   DAYS   RAIN  SPEED   HIGH   TIME    DIR
---------------------------------------------------------------------------------------
 01   17.9   25.0  16:40   11.6  07:20    0.4    0.0    0.5    0.2    4.2  12:10    153
 02   15.7   21.1  18:10    9.9  04:50    2.6    0.0    0.0    0.1    4.3  11:00    152
 03   17.9   24.2  15:30   13.1  06:20    0.5    0.0    0.5    0.1    4.7  15:50    158
 04   18.8   27.9  17:00    9.9  06:50    0.0    0.4    0.0    0.1    4.7  12:00    150
 05   20.2   30.5  14:42   11.0  06:01    0.0    1.8    0.0    0.2    4.5  23:08    155
 06   21.8   32.6  14:54   12.9  07:10    0.0    3.5    0.5    0.1    4.0  16:07    141
 07   20.3   32.8  14:30   11.9  05:57    0.0    2.0    2.6    0.1    4.1  14:21    165
 08   20.9   29.4  15:19   15.1  02:03    0.0    2.6    0.0    0.1    5.2  13:45    162
 09   23.6   32.8  15:25   15.3  06:10    0.0    5.2    0.0    0.1    4.2  17:32    152
 10   24.4   32.5  15:09   16.8  06:20    0.0    6.1    0.0    0.2    7.1  16:46    348
 11   19.6   28.1  13:12   14.1  05:30    0.0    1.3   32.6    0.0    4.2  15:10    149
 12   20.5   28.6  17:18   14.9  04:56    0.0    2.1    0.5    0.2    4.4  00:09    165
 13   20.0   26.4  11:28   13.6  06:00    0.0    1.6    0.0    0.1    4.6  10:16    140
 14   14.9   20.4  18:06   11.4  04:10    3.5    0.0    2.6    0.1    4.1  14:50    162
 15   15.8   22.8  14:38    9.9  05:21    2.6    0.0    0.0    0.1    7.5  13:34    149
 16   14.3   30.6  21:04    7.2  04:11    4.0    0.0    0.0    0.0    3.7  11:30    148
 17   16.9   27.9  15:33    6.2  05:53    1.5    0.0    0.0    0.0    3.7  10:33    151
 18   19.9   29.6  14:19    9.9  04:43    0.0    1.6    0.0    0.1    4.4  14:34    122
 19   18.8   30.9  14:12   11.1  06:29    0.0    0.5    3.1    0.0    4.7  13:40    167
 20   21.3   32.1  13:54   11.4  05:32    0.0    3.0    0.0    0.0    3.8  14:58    142
 21   22.1   31.8  15:31   12.7  06:12    0.0    3.7    0.0    0.0    4.7  14:46    137
 22   21.7   29.5  13:57   14.9  06:00    0.0    3.4    0.0    0.1    4.6  11:40    143
 23   19.9   31.0  14:33   13.3  04:49    0.0    1.6   20.7    0.0    3.7  13:15    147
 24   16.9   20.6  13:43   13.3  23:18    1.4    0.0   38.3    0.0    3.2  20:52    147
 25   15.3   23.4  14:26   11.4  06:12    3.0    0.0    1.6    0.1    4.4  12:17    159
 26   14.5   20.4  18:04    9.8  06:42    3.8    0.0    0.0    0.1    3.7  11:44    164
 27   15.8   24.2  16:02   10.3  03:50    2.5    0.0    0.5    0.1    4.4  12:06    158
 28   19.2   28.8  14:58   12.5  04:02    0.0    0.9    2.6    0.1    5.1  14:23    131
 29   20.8   29.0  16:37   14.5  06:20    0.0    2.5    0.0    0.1    3.6  12:08    142
 30   21.0   31.6  13:23   13.4  05:53    0.0    2.7    0.0    0.0    4.6  15:26    126
 31   22.0   31.9  16:03   13.8  05:39    0.0    3.7    0.0    0.1    4.4  13:58    145
---------------------------------------------------------------------------------------
      19.1   32.8     07    6.2     17   25.8   50.1  106.7    0.1    7.5     15    152