Zerjav

46° 24.00' N | 014° 48.00' E | 545 m | Show on map

Podatki o podnebju June 2017

20-May-2019 22:50 CEST

Station:LaCrosse WS23xx
Software:WeeWX v3.3.1
Weewx uptime:0 Dni, 12 Ur, 57 Minut
Server uptime:183 Dni, 8 Ur, 16 Minut
                   MONTHLY CLIMATOLOGICAL SUMMARY for Jun 2017


NAME: Zerjav                  
ELEV: 545 mikrogramov    LAT: 46-24.00 N    LONG: 014-48.00 E


                   TEMPERATURE (°C), RAIN (mm), WIND SPEED (m/s)

                                         HEAT   COOL         AVG
      MEAN                               DEG    DEG          WIND                   DOM
DAY   TEMP   HIGH   TIME    LOW   TIME   DAYS   DAYS   RAIN  SPEED   HIGH   TIME    DIR
---------------------------------------------------------------------------------------
 01   19.1   26.8  15:20   14.2  05:30    0.0    0.7   17.1    0.2    5.8  19:30    145
 02   18.0   24.7  18:00   13.9  04:30    0.4    0.0    1.6    0.2    6.6  12:40    155
 03   18.7   27.4  17:00   13.5  00:00    0.0    0.4    0.0    0.2    3.3  12:10    143
 04   18.1   28.5  16:00   10.3  05:50    0.2    0.0    0.0    0.3    5.9  17:20    151
 05   17.1   24.2  16:30   12.9  05:00    1.2    0.0    1.0    0.1    3.3  18:00    133
 06   15.9   22.5  13:40   10.9  05:40    2.4    0.0   15.0    0.1    3.9  18:20    134
 07   11.1   13.8  00:10    8.3  00:00    7.2    0.0   15.5    0.0    6.4  01:00    164
 08   12.3   20.1  16:10    6.4  02:50    6.0    0.0    0.0    0.3    4.9  11:00    152
 09   15.9   25.8  16:40    5.3  06:30    2.4    0.0    0.0    0.3    4.2  15:50    119
 10   16.7   25.9  14:10    9.5  05:10    1.6    0.0    0.0    0.5    5.8  15:40    134
 11   18.4   27.3  14:40    9.3  06:20    0.0    0.1    0.0    0.6    4.3  17:50    125
 12   19.9   30.4  18:00    9.3  05:50    0.0    1.6    0.5    0.5    5.1  18:10    147
 13   21.6   28.6  17:20   14.0  06:50    0.0    3.2    0.0    0.3    3.5  12:20    111
 14   19.4   23.5  14:00   13.3  00:00    0.0    1.0    0.0    0.1    4.3  14:00    136
 15   19.4   27.9  15:10   11.2  04:30    0.0    1.1    0.0    0.5    4.4  11:20    127
 16   19.6   27.3  17:20   12.9  05:00    0.0    1.2    0.0    0.3    3.7  12:50    138
 17   17.8   24.3  14:30   11.8  05:40    0.6    0.0    0.0    0.4    5.1  13:10    154
 18   17.4   25.6  15:30    9.1  06:00    1.0    0.0    0.0    0.6    7.3  11:50    145
 19   18.6   28.6  16:30    7.9  05:20    0.0    0.3    0.0    0.6    4.7  17:20    128
 20   21.6   32.2  15:30   10.2  06:10    0.0    3.3    0.0    0.5    5.5  16:40    134
 21   21.9   30.6  14:00   14.9  05:40    0.0    3.5    0.0    0.1    4.0  12:20    153
 22   22.7   33.4  14:30   12.4  05:50    0.0    4.3    0.0    0.2    3.9  16:20     92
 23   21.8   32.8  13:40   16.4  00:00    0.0    3.5   22.3    0.4    9.4  16:00    134
 24   22.4   32.5  14:10   13.9  06:10    0.0    4.1    0.0    0.2    3.7  12:50    122
 25   18.4   23.8  11:00   15.9  05:50    0.0    0.0   20.2    0.1    9.1  12:40    136
 26   20.1   29.5  17:00   13.1  07:10    0.0    1.8    0.0    0.2    4.6  13:40    127
 27   19.3   27.1  12:30   12.5  04:50    0.0    1.0    0.0    0.2    3.5  11:40    133
 28   17.7   28.4  12:22   12.4  03:38    0.6    0.0   27.4    0.2    5.6  23:11    122
 29   17.6   24.6  14:26   12.1  06:05    0.7    0.0    8.8    0.3    4.9  17:20     66
 30   17.8   25.9  12:51   10.1  05:45    0.6    0.0    0.5    0.2    6.3  12:34    111
---------------------------------------------------------------------------------------
      18.5   33.4     22    5.3     09   24.9   31.1  130.0    0.3    9.4     23    136