Zerjav

46° 24.00' N | 014° 48.00' E | 545 m | Show on map

Podatki o podnebju February 2017

26-Mar-2019 03:50 CET

Station:LaCrosse WS23xx
Software:WeeWX v3.3.1
Weewx uptime:47 Dni, 8 Ur, 2 Minut
Server uptime:127 Dni, 14 Ur, 16 Minut
                   MONTHLY CLIMATOLOGICAL SUMMARY for Feb 2017


NAME: Zerjav                  
ELEV: 545 mikrogramov    LAT: 46-24.00 N    LONG: 014-48.00 E


                   TEMPERATURE (°C), RAIN (mm), WIND SPEED (m/s)

                                         HEAT   COOL         AVG
      MEAN                               DEG    DEG          WIND                   DOM
DAY   TEMP   HIGH   TIME    LOW   TIME   DAYS   DAYS   RAIN  SPEED   HIGH   TIME    DIR
---------------------------------------------------------------------------------------
 01    1.0    3.0  10:36   -0.4  23:53   17.3    0.0    1.0    0.1    3.8  11:42    128
 02    1.3    5.3  15:03   -0.7  07:15   17.1    0.0    0.0    0.1    2.4  20:29    114
 03    2.4    6.2  12:55    0.3  00:10   15.9    0.0    0.5    0.1    2.6  23:19     93
 04    2.8    8.6  12:51   -0.5  07:30   15.5    0.0    4.7    0.2    4.7  12:06    133
 05    1.7    3.3  11:56    0.1  23:28   16.7    0.0    4.1    0.1    3.5  13:02    136
 06    0.2    0.9  22:31   -0.1  04:40   18.1    0.0   26.4    0.0    2.0  22:35    114
 07    1.0    3.8  10:56   -1.3  23:54   17.3    0.0    9.3    0.0    3.7  13:25    129
 08    0.3    2.3  14:50   -1.2  00:00   18.0    0.0    0.0    0.0    4.1  15:15    146
 09   -1.0   -0.1  12:03   -1.7  01:28   19.3    0.0    0.0    0.0    4.5  04:18    158
 10   -0.4    0.9  11:47   -1.6  23:59   18.8    0.0    0.0    0.1    3.4  12:14    140
 11   -0.0    2.9  14:20   -2.4  21:11   18.4    0.0    0.5    0.1    4.3  11:39    168
 12    0.9    2.9  13:10   -0.7  00:00   17.4    0.0    0.0    0.1    3.5  18:02    337
 13   -0.2    1.3  05:17   -3.0  23:53   18.6    0.0    0.0    0.0    1.2  18:11    135
 14   -1.0    4.4  14:54   -3.7  01:40   19.3    0.0  452.0    0.4    6.9  13:23    173
 15   -0.5    8.1  14:26   -5.6  06:54   18.8    0.0    0.0    0.5    4.4  13:59    124
 16    0.7    9.8  13:58   -4.5  07:25   17.6    0.0    0.0    0.7    4.3  14:34    124
 17    1.5   10.1  14:34   -4.5  06:14   16.9    0.0    6.2    0.2    4.4  14:00    131
 18    1.5    4.1  13:37   -0.5  04:14   16.8    0.0    0.0    0.1    3.6  10:37    151
 19    0.6    4.5  16:04   -3.3  23:17   17.7    0.0    0.0    0.3    5.6  13:34    154
 20    0.4    8.3  13:13   -3.7  02:28   17.9    0.0    0.0    0.2    3.8  12:37    122
 21    2.4    9.5  15:14   -1.9  00:00   16.0    0.0    0.0    0.2    5.0  14:56    123
 22    4.6   13.5  15:45   -0.5  23:57   13.7    0.0    0.0    0.4    6.9  15:10    146
 23    4.3   14.1  14:56   -1.3  01:43   14.0    0.0    0.0    0.3    6.4  16:40    127
 24    2.6    7.3  10:29    0.3  18:20   15.8    0.0   16.6    0.2    6.7  12:07    127
 25    1.3    7.3  14:33   -2.7  23:52   17.0    0.0    1.0    0.2    4.0  12:50    120
 26    0.9    8.9  13:42   -4.8  07:06   17.5    0.0    0.0    0.4    4.2  14:58    133
 27    3.8   11.5  14:17   -1.3  00:34   14.6    0.0    0.0    0.2    4.2  15:28    121
 28    5.3   11.9  12:33   -0.9  01:11   13.0    0.0   17.6    0.8   12.2  16:36    115
---------------------------------------------------------------------------------------
       1.4   14.1     23   -5.6     15  475.0    0.0  540.1    0.2   12.2     28    132