Zerjav

46° 24.00' N | 014° 48.00' E | 545 m | Show on map

Podatki o podnebju November 2016

20-May-2019 23:30 CEST

Station:LaCrosse WS23xx
Software:WeeWX v3.3.1
Weewx uptime:0 Dni, 13 Ur, 37 Minut
Server uptime:183 Dni, 8 Ur, 56 Minut
                   MONTHLY CLIMATOLOGICAL SUMMARY for Nov 2016


NAME: Zerjav                  
ELEV: 545 meter    LAT: 46-24.00 N    LONG: 014-48.00 E


                   TEMPERATURE (°C), RAIN (mm), WIND SPEED (m/s)

                                         HEAT   COOL         AVG
      MEAN                               DEG    DEG          WIND                   DOM
DAY   TEMP   HIGH   TIME    LOW   TIME   DAYS   DAYS   RAIN  SPEED   HIGH   TIME    DIR
---------------------------------------------------------------------------------------
 01    4.4   11.9  13:58   -0.6  05:39   14.0    0.0    0.0    0.1    4.1  13:19    136
 02    6.1   13.2  13:37    2.3  06:58   12.3    0.0    0.0    0.1    3.4  11:19    142
 03    5.0   10.9  11:56   -1.2  00:00   13.3    0.0    0.0    0.2    4.6  12:31    125
 04    1.1    8.7  13:43   -3.2  07:01   17.3    0.0    0.0    0.2    6.0  12:43    152
 05    2.9    8.2  13:54   -2.1  03:10   15.4    0.0   16.6    0.3    6.8  16:45    131
 06    8.3   13.4  15:59    1.6  23:54   10.0    0.0   54.9    0.5    7.8  12:55    128
 07    2.3    4.4  11:22    0.9  00:38   16.1    0.0   10.4    0.1    2.7  13:36    119
 08    2.0    3.0  00:00    0.6  08:24   16.3    0.0    5.2    0.0    1.7  10:46    132
 09    0.7    3.1  12:17   -0.8  21:00   17.7    0.0    0.0    0.1    2.0  12:13    115
 10    1.9    6.0  14:47   -0.3  06:36   16.5    0.0    0.0    0.2    5.5  11:26    144
 11    1.0    3.8  11:19   -0.3  07:42   17.3    0.0    9.3    0.1    4.1  09:31    126
 12    1.9    5.7  14:02   -2.4  23:59   16.5    0.0   11.9    0.2    4.9  08:53    129
 13   -0.1    5.4  12:56   -4.6  06:43   18.4    0.0    0.0    0.0    3.3  14:51     86
 14    0.0    3.9  13:53   -3.4  23:53   18.3    0.0    0.0    0.1    3.7  14:20    129
 15   -2.4    2.8  13:41   -6.4  07:19   20.8    0.0    0.0    0.2    6.0  12:37    168
 16    1.4    5.1  13:34   -1.6  05:57   16.9    0.0    0.5    0.1    3.2  11:22    125
 17    2.9    9.2  14:09   -0.9  23:41   15.5    0.0    0.0    0.2    4.4  13:34    125
 18    4.0    8.4  15:28   -0.9  00:22   14.3    0.0    6.7    0.0    3.0  00:42    123
 19    8.7   11.9  10:30    7.3  00:00    9.7    0.0   43.1    0.3    6.7  12:40    136
 20    6.6    8.2  14:43    4.8  23:19   11.7    0.0    0.0    0.1    4.0  11:39    132
 21    6.7    8.5  20:27    4.8  00:13   11.7    0.0    0.5    0.1    5.3  15:29     30
 22    7.7   12.9  12:54    4.4  03:45   10.6    0.0    0.0    0.1    4.8  11:46     59
 23    6.0   12.4  13:15    2.8  07:05   12.3    0.0    0.0    0.2    3.6  12:05    123
 24    6.4   12.3  13:48    2.8  06:20   11.9    0.0    0.0    0.1    3.6  11:39    117
 25    7.0    9.9  14:00    4.1  00:36   11.4    0.0    0.5    0.0    2.8  11:13    136
 26    7.7    8.7  13:24    6.9  07:31   10.6    0.0    0.0    0.0    3.0  14:38    149
 27    7.7    9.3  10:56    5.8  19:16   10.7    0.0    0.0    0.0    3.4  14:29    138
 28    2.1    6.0  00:18   -2.8  22:00   16.2    0.0    0.0    0.5    7.1  19:29    125
 29   -3.7    1.9  13:30   -7.2  23:52   22.1    0.0    0.0    0.1    5.1  11:51    156
 30   -4.7    1.9  13:59   -8.5  07:08   23.1    0.0    0.0    0.0    3.7  14:13    131
---------------------------------------------------------------------------------------
       3.4   13.4     06   -8.5     30  448.7    0.0  159.6    0.1    7.8     06    132