Zerjav

46° 24.00' N | 014° 48.00' E | 545 m | Show on map

Podatki o podnebju July 2016

26-Mar-2019 03:50 CET

Station:LaCrosse WS23xx
Software:WeeWX v3.3.1
Weewx uptime:47 Dni, 8 Ur, 2 Minut
Server uptime:127 Dni, 14 Ur, 16 Minut
                   MONTHLY CLIMATOLOGICAL SUMMARY for Jul 2016


NAME: Zerjav                  
ELEV: 545 meter    LAT: 46-24.00 N    LONG: 014-48.00 E


                   TEMPERATURE (°C), RAIN (mm), WIND SPEED (m/s)

                                         HEAT   COOL         AVG
      MEAN                               DEG    DEG          WIND                   DOM
DAY   TEMP   HIGH   TIME    LOW   TIME   DAYS   DAYS   RAIN  SPEED   HIGH   TIME    DIR
---------------------------------------------------------------------------------------
 01   20.3   28.1  17:20   14.1  04:40    0.0    2.0    0.0    0.1    4.2  16:10    139
 02   21.9   30.8  16:00   13.9  05:30    0.0    3.6    0.0    0.2    5.0  10:30    130
 03   15.2   17.2  00:10   12.9  00:00    3.2    0.0   12.4    0.1    5.2  10:30    126
 04   17.6   25.3  14:20   11.5  02:40    0.7    0.0    0.0    0.1    4.0  16:40    115
 05   18.8   27.8  17:40    9.7  06:40    0.0    0.5   10.4    0.3    4.8  13:20    118
 06   19.4   27.1  15:50   14.5  05:10    0.0    1.1    5.2    0.1    4.9  17:40    132
 07   18.6   25.0  16:50   13.0  05:50    0.0    0.3    0.0    0.4    6.5  11:50    113
 08   19.7   28.8  17:20   10.8  06:20    0.0    1.4    0.0    0.2    4.0  15:50    112
 09   20.1   27.1  14:50   14.9  02:50    0.0    1.7    0.5    0.1    3.9  09:00    132
 10   19.9   29.2  13:16   14.6  06:26    0.0    1.5    0.0    0.2    3.5  13:49    115
 11
 12
 13
 14
 15
 16
 17
 18
 19
 20
 21
 22
 23
 24
 25
 26
 27
 28
 29
 30
 31
---------------------------------------------------------------------------------------
      19.1   30.8     02    9.7     05    3.9   12.0   28.5    0.2    6.5     07    121