Zerjav

46° 24.00' N | 014° 48.00' E | 545 m | Show on map

Podatki o podnebju June 2016

26-Mar-2019 03:50 CET

Station:LaCrosse WS23xx
Software:WeeWX v3.3.1
Weewx uptime:47 Dni, 8 Ur, 2 Minut
Server uptime:127 Dni, 14 Ur, 16 Minut
                   MONTHLY CLIMATOLOGICAL SUMMARY for Jun 2016


NAME: Zerjav                  
ELEV: 545 meter    LAT: 46-24.00 N    LONG: 014-48.00 E


                   TEMPERATURE (°C), RAIN (mm), WIND SPEED (m/s)

                                         HEAT   COOL         AVG
      MEAN                               DEG    DEG          WIND                   DOM
DAY   TEMP   HIGH   TIME    LOW   TIME   DAYS   DAYS   RAIN  SPEED   HIGH   TIME    DIR
---------------------------------------------------------------------------------------
 01   13.6   19.1  12:50    8.1  04:40    4.7    0.0    0.0    0.2    4.5  12:50    169
 02   14.8   22.8  14:30    9.8  05:20    3.6    0.0    0.0    0.3    5.1  10:40    128
 03   15.0   24.4  17:20    9.6  02:30    3.3    0.0    0.0    0.3    4.9  13:20    141
 04   15.5   24.2  16:30    8.4  04:50    2.8    0.0   11.4    0.2    4.7  14:50    135
 05   15.2   20.3  14:40   12.2  05:20    3.2    0.0    5.7    0.2    4.5  15:00    130
 06   15.9   23.1  14:10   12.5  03:40    2.5    0.0   11.4    0.2    6.1  14:30    148
 07   17.9   25.3  14:20   11.8  05:50    0.4    0.0    0.0    0.3    5.4  14:40    119
 08   16.2   25.4  12:50   10.5  05:50    2.1    0.0   24.3    0.3    5.4  15:40    139
 09   14.4   17.1  13:10   12.1  02:00    4.0    0.0    5.2    0.0    3.4  15:00    111
 10   15.7   22.9  18:00   11.5  00:00    2.6    0.0    8.8    0.1    4.8  18:10    133
 11   15.1   21.2  13:20    8.8  05:50    3.3    0.0    2.6    0.3    7.6  11:20    144
 12   15.8   20.9  14:30   12.5  23:40    2.6    0.0    4.7    0.1    4.7  16:30    118
 13   16.5   23.8  14:30   12.3  02:20    1.8    0.0    2.1    0.3    5.4  14:40    164
 14   15.3   21.1  17:30   11.3  03:20    3.0    0.0    1.5    0.2    4.4  12:30    134
 15   15.3   21.9  16:50   12.1  23:50    3.0    0.0   12.9    0.1    5.4  17:10    118
 16   18.7   26.1  14:20   11.3  01:00    0.0    0.4    0.5    0.5   13.0  11:30    125
 17   20.6   25.4  14:30   11.3  00:00    0.0    2.3    2.1    0.6    7.5  03:50    103
 18   15.9   24.6  16:20    7.6  06:00    2.5    0.0    0.0    0.4    6.0  13:30    123
 19   12.6   14.7  16:20   10.5  04:30    5.7    0.0    9.3    0.0    2.6  16:30    118
 20   14.3   18.2  14:40   11.5  04:30    4.1    0.0   15.0    0.1    3.0  12:20    158
 21   17.1   25.7  16:00    9.3  03:50    1.2    0.0    0.0    0.3    5.8  12:40    139
 22   19.6   28.6  17:10   11.3  04:50    0.0    1.3    0.0    0.2    3.3  12:30    115
 23   20.9   29.0  16:30   12.6  06:30    0.0    2.5    0.0    0.2    4.2  16:30    111
 24   22.9   31.1  13:40   15.9  04:30    0.0    4.6    0.0    0.4    6.2  11:50    114
 25   20.7   32.3  13:00   15.6  23:00    0.0    2.3   10.4    0.4    5.2  16:30    118
 26   18.6   24.9  12:10   14.1  05:20    0.0    0.2    3.1    0.1    2.7  20:10    123
 27   15.9   17.5  08:40   11.9  00:00    2.4    0.0    3.6    0.1    4.0  12:40    134
 28   17.1   26.2  16:20    9.8  06:40    1.2    0.0    0.0    0.2    5.9  14:00    131
 29   19.0   29.1  15:30    9.8  05:50    0.0    0.7    0.0    0.4    4.8  16:30    124
 30   20.4   30.4  15:50   11.3  06:00    0.0    2.0    0.0    0.3    3.6  13:40    112
---------------------------------------------------------------------------------------
      16.9   32.3     25    7.6     18   60.0   16.3  134.7    0.2   13.0     16    128