Zerjav

46° 24.00' N | 014° 48.00' E | 545 m | Show on map

Podatki o podnebju December 2015

26-Mar-2019 03:50 CET

Station:LaCrosse WS23xx
Software:WeeWX v3.3.1
Weewx uptime:47 Dni, 8 Ur, 2 Minut
Server uptime:127 Dni, 14 Ur, 16 Minut
                   MONTHLY CLIMATOLOGICAL SUMMARY for Dec 2015


NAME: Zerjav                  
ELEV: 545 meter    LAT: 46-24.00 N    LONG: 014-48.00 E


                   TEMPERATURE (°C), RAIN (mm), WIND SPEED (m/s)

                                         HEAT   COOL         AVG
      MEAN                               DEG    DEG          WIND                   DOM
DAY   TEMP   HIGH   TIME    LOW   TIME   DAYS   DAYS   RAIN  SPEED   HIGH   TIME    DIR
---------------------------------------------------------------------------------------
 01    0.4    4.1  14:00   -2.4  02:00   17.9    0.0    0.0    0.2    3.0  13:40    111
 02    1.4    5.3  13:30   -0.7  00:00   16.9    0.0    0.0    0.2    3.9  19:30    110
 03    1.7    5.6  13:10   -0.9  04:50   16.6    0.0    0.5    0.1    2.7  14:20    109
 04    1.2    2.9  14:40   -1.3  00:00   17.2    0.0    0.0    0.1    2.9  07:10    117
 05   -0.0    3.9  13:40   -2.1  01:50   18.4    0.0    0.0    0.1    3.3  14:30    122
 06   -0.6    3.8  13:50   -2.7  23:10   18.9    0.0    0.0    0.1    3.9  13:40    121
 07   -1.7    3.3  13:20   -4.1  08:30   20.0    0.0    0.0    0.1    2.0  11:20    117
 08   -1.9    2.4  13:40   -5.0  08:20   20.2    0.0    0.5    0.0    3.5  14:00     55
 09   -0.7    2.4  13:50   -1.9  04:50   19.0    0.0    0.0    0.1    3.1  04:20    110
 10   -1.9    3.5  13:30   -5.6  00:00   20.2    0.0    0.0    0.1    3.9  11:20    117
 11   -4.0    0.4  14:10   -6.3  01:20   22.4    0.0    0.0    0.1    3.4  12:50    119
 12   -2.7    0.3  14:00   -5.4  06:00   21.0    0.0    0.0    0.0    3.7  08:00    104
 13   -5.2   -1.7  13:30   -7.8  07:40   23.5    0.0    0.0    0.1    2.2  00:00    110
 14   -4.3    2.1  13:50   -7.1  07:30   22.6    0.0    0.0    0.1    3.0  13:10    114
 15   -1.4    1.9  14:00   -3.5  22:20   19.7    0.0    0.5    0.1    4.2  12:50    117
 16   -2.5    3.2  13:30   -4.7  05:20   20.8    0.0    0.0    0.2    3.0  11:40    115
 17   -1.0    4.1  14:14   -4.8  00:14   19.3    0.0    0.0    0.0    2.0  13:14    109
 18   -1.0    4.5  13:30   -4.0  05:20   19.3    0.0    0.0    0.1    3.0  12:50    114
 19   -1.8    1.3  14:00   -3.4  08:00   20.1    0.0    0.5    0.0    1.9  09:40    109
 20   -2.7    2.1  13:50   -4.2  06:10   21.0    0.0    0.0    0.0    2.5  13:00     72
 21   -2.2    1.4  13:58   -4.5  07:55   20.5    0.0    0.0    0.0    1.7  23:23    108
 22   -1.7    2.5  13:29   -3.6  04:20   20.1    0.0    0.0    0.0    2.0  08:25    109
 23   -2.5    0.7  13:37   -4.4  07:32   20.8    0.0    0.0    0.1    2.7  18:38    108
 24   -3.5    1.1  13:09   -5.4  04:20   21.9    0.0    0.0    0.0    1.3  12:23    113
 25   -3.8    0.4  13:52   -5.9  06:27   22.1    0.0    0.0    0.0    2.0  21:32    113
 26   -3.6    0.2  13:56   -5.6  07:52   21.9    0.0    0.0    0.0    1.6  17:21    113
 27   -3.9   -0.4  14:03   -5.9  05:02   22.2    0.0    0.0    0.0    2.4  18:29    107
 28   -4.1   -0.4  13:31   -6.1  06:47   22.4    0.0    0.0    0.0    2.0  16:57    119
 29   -2.9    2.5  13:52   -5.2  02:44   21.3    0.0    0.0    0.1    2.9  01:14    129
 30   -1.0    1.5  13:04   -5.1  00:00   19.3    0.0    0.0    0.0    1.5  13:13    109
 31   -6.0   -0.5  13:06   -8.2  07:36   24.3    0.0    0.0    0.1    2.9  12:48    115
---------------------------------------------------------------------------------------
      -2.1    5.6     03   -8.2     31  632.0    0.0    2.1    0.1    4.2     15    113