MONTHLY CLIMATOLOGICAL SUMMARY for jul 2019 NAME: Zerjav ELEV: 545 W/m2 LAT: 46-31.20 N LONG: 014-51.00 E TEMPERATURE (C), RAIN (mm), WIND SPEED (m/s) HEAT COOL AVG MEAN DEG DEG WIND DOM DAY TEMP HIGH TIME LOW TIME DAYS DAYS RAIN SPEED HIGH TIME DIR --------------------------------------------------------------------------------------- 01 23,1 36,3 15:04 10,9 06:40 0,0 4,8 0,0 0,8 6,4 16:26 136 02 19,6 32,4 13:50 13,8 05:31 0,0 1,3 14,5 0,5 6,2 15:32 131 03 18,7 28,4 14:58 14,4 03:36 0,0 0,4 5,7 0,4 5,6 16:58 134 04 19,7 26,9 13:44 14,1 23:55 0,0 1,3 0,0 0,4 12,7 04:50 102 05 20,1 30,2 14:21 10,9 05:30 0,0 1,8 0,0 0,5 12,7 15:56 159 06 22,8 32,3 17:38 14,3 06:15 0,0 4,4 0,0 0,5 6,1 23:45 160 07 18,9 27,9 13:19 14,4 06:40 0,0 0,6 12,4 0,5 13,1 14:37 169 08 16,9 23,3 14:25 13,3 06:18 1,5 0,0 2,1 0,3 12,7 09:59 99 09 16,6 21,6 17:51 13,1 05:14 1,8 0,0 0,5 0,1 12,7 00:46 121 10 17,0 23,5 15:09 -2,0 22:01 1,4 0,0 1,0 0,3 12,7 10:10 102 11 15,5 24,3 16:31 6,9 05:41 2,9 0,0 0,0 0,5 4,9 13:06 183 12 17,2 25,5 14:21 12,9 05:30 1,1 0,0 18,6 0,3 12,7 03:35 160 13 16,0 21,9 14:30 12,1 02:23 2,3 0,0 5,2 0,3 12,7 09:30 192 14 15,8 23,3 12:21 8,5 05:42 2,5 0,0 0,0 0,6 12,7 02:45 149 15 16,6 25,4 13:43 11,2 23:56 1,7 0,0 0,0 0,5 12,7 09:40 106 16 16,6 27,4 15:20 7,6 06:10 1,8 0,0 0,0 0,4 3,6 11:04 147 17 18,6 28,2 13:51 8,6 05:44 0,0 0,3 0,5 0,7 12,7 12:14 145 18 18,8 28,1 15:22 13,9 06:00 0,0 0,5 1,5 0,5 12,7 14:56 203 19 20,2 29,0 17:06 13,3 05:35 0,0 1,9 0,0 0,5 5,0 11:03 176 20 21,2 32,6 16:01 11,2 06:30 0,0 2,9 0,0 0,7 6,1 12:38 161 21 21,2 33,2 14:56 15,3 05:50 0,0 2,8 3,1 0,5 6,9 13:30 179 22 22,2 30,8 13:37 16,2 06:41 0,0 3,9 0,0 0,4 12,7 16:22 153 23 22,9 33,1 17:38 13,9 06:10 0,0 4,6 0,0 0,5 5,0 13:28 138 24 24,3 34,3 13:55 14,9 06:00 0,0 6,0 0,0 0,7 7,0 11:36 120 25 24,8 33,7 12:19 17,6 05:50 0,0 6,4 0,0 0,6 5,9 15:18 130 26 23,8 33,6 14:37 17,5 06:46 0,0 5,4 0,0 0,7 6,6 13:15 166 27 23,0 33,5 15:05 17,4 05:22 0,0 4,7 2,1 0,6 6,1 14:05 183 28 16,9 18,1 17:06 15,4 06:00 1,5 0,0 56,5 0,1 4,6 00:04 136 29 18,6 23,4 17:39 16,2 23:54 0,0 0,3 11,9 0,2 12,7 16:17 197 30 21,5 30,8 16:06 15,4 06:29 0,0 3,2 23,8 0,5 12,7 11:32 193 31 21,5 30,2 15:23 16,9 23:55 0,0 3,2 0,0 0,4 12,7 09:19 204 --------------------------------------------------------------------------------------- 19,7 36,3 01 -2,0 10 18,4 60,6 159,6 0,5 13,1 07 152