MONTHLY CLIMATOLOGICAL SUMMARY for jun 2019 NAME: Zerjav ELEV: 545 m LAT: 46-30.00 N LONG: 014-54.00 E TEMPERATURE (°C), RAIN (mm), WIND SPEED (m/s) HEAT COOL AVG MEAN DEG DEG WIND DOM DAY TEMP HIGH TIME LOW TIME DAYS DAYS RAIN SPEED HIGH TIME DIR --------------------------------------------------------------------------------------- 01 14,5 24,1 14:22 6,4 05:23 3,8 0,0 0,5 0,4 6,0 14:25 162 02 16,4 25,4 16:51 11,8 02:00 2,0 0,0 8,8 0,4 5,4 12:51 126 03 18,3 28,5 15:49 10,3 06:50 0,0 0,0 0,5 0,7 15,9 12:06 71 04 19,2 29,3 14:08 11,6 05:28 0,0 0,8 2,6 0,7 6,3 12:46 173 05 19,5 29,3 14:27 11,5 05:57 0,0 1,2 9,3 0,7 12,7 18:13 143 06 19,8 29,8 14:59 12,2 05:10 0,0 1,5 0,5 0,7 7,7 15:48 152 07 19,0 28,0 16:13 10,1 06:33 0,0 0,7 0,0 0,7 12,7 21:58 202 08 20,7 30,2 14:58 11,1 05:35 0,0 2,3 0,0 0,8 8,1 16:42 196 09 20,2 28,2 12:38 10,9 05:20 0,0 1,9 0,0 0,8 12,7 08:56 95 10 21,9 31,0 14:32 12,8 05:40 0,0 3,6 0,0 0,9 5,9 17:14 111 11 22,1 30,7 14:48 15,2 05:30 0,0 3,8 0,0 1,0 19,1 10:36 105 12 21,6 30,4 12:57 12,4 05:32 0,0 3,3 0,5 0,8 12,7 11:48 100 13 22,0 31,9 13:13 13,0 05:55 0,0 3,6 0,0 0,7 12,7 10:57 135 14 21,4 33,6 16:53 9,4 05:35 0,0 3,1 0,0 0,9 19,1 17:02 138 15 22,0 31,6 15:55 13,8 05:08 0,0 3,6 0,0 0,5 19,1 19:35 105 16 20,9 32,0 14:30 13,3 05:45 0,0 2,5 7,8 0,8 19,1 00:09 96 17 18,5 25,5 13:21 13,6 04:33 0,0 0,1 0,5 0,4 19,1 08:59 157 18 20,4 28,6 14:45 15,2 05:58 0,0 2,0 0,0 0,5 12,7 08:10 98 19 17,7 28,4 12:28 12,1 04:54 0,7 0,0 5,7 0,5 12,7 08:50 180 20 20,0 30,7 14:15 13,5 01:12 0,0 1,7 0,0 0,6 12,7 20:17 189 21 18,3 28,1 11:55 11,8 05:40 0,0 0,0 7,8 0,5 12,7 15:41 115 22 16,1 20,5 17:02 13,4 04:10 2,3 0,0 45,6 0,4 12,7 08:02 189 23 17,2 22,9 17:20 15,1 05:30 1,2 0,0 16,1 0,2 12,7 00:38 208 24 20,4 28,4 14:17 15,3 01:08 0,0 2,0 1,0 0,5 19,1 08:20 97 25 22,1 31,6 14:05 13,7 04:53 0,0 3,7 0,0 0,5 12,7 12:21 102 26 23,7 33,8 13:59 14,9 05:25 0,0 5,4 4247,0 0,8 19,1 15:09 110 27 25,3 36,4 16:16 15,9 06:10 0,0 7,0 0,0 0,9 12,7 20:15 175 28 23,1 29,9 13:36 14,9 23:58 0,0 4,8 0,0 0,9 6,4 14:40 104 29 20,2 30,1 14:58 10,9 06:10 0,0 1,8 0,0 0,8 4,6 13:32 102 30 21,6 33,3 17:47 10,4 05:49 0,0 3,3 0,0 1,0 5,9 12:54 128 --------------------------------------------------------------------------------------- 20,1 36,4 27 6,4 01 9,9 63,7 4354,2 0,7 19,1 11 121