MONTHLY CLIMATOLOGICAL SUMMARY for May 2019 NAME: Zerjav ELEV: 545 m LAT: 46-24.00 N LONG: 014-48.00 E TEMPERATURE (°C), RAIN (mm), WIND SPEED (m/s) HEAT COOL AVG MEAN DEG DEG WIND DOM DAY TEMP HIGH TIME LOW TIME DAYS DAYS RAIN SPEED HIGH TIME DIR --------------------------------------------------------------------------------------- 01 11.0 19.9 17:50 3.8 04:40 7.3 0.0 0.0 0.7 9.5 17:00 150 02 11.5 22.5 15:30 1.3 06:50 6.8 0.0 0.0 0.9 19.1 23:50 197 03 10.7 14.9 14:40 7.5 01:50 7.6 0.0 4.7 0.4 12.7 00:40 34 04 9.6 12.4 16:50 7.2 06:00 8.7 0.0 8.3 0.2 12.7 10:10 107 05 3.6 8.4 00:10 1.6 00:00 14.7 0.0 26.4 1.0 9.2 06:40 199 06 4.9 9.6 13:20 0.9 00:00 13.4 0.0 2.6 0.9 19.1 19:10 231 07 7.0 16.2 16:10 -1.8 06:10 11.3 0.0 0.0 0.6 6.6 10:20 126 08 8.8 16.8 12:30 -0.8 06:10 9.6 0.0 0.0 0.7 19.1 05:00 148 09 8.9 11.2 12:10 5.8 23:00 9.5 0.0 6.7 0.1 12.7 08:30 18 10 10.1 20.5 15:10 4.6 06:00 8.2 0.0 0.5 0.6 12.7 02:40 211 11 12.8 21.4 16:50 3.6 06:20 5.6 0.0 0.0 0.8 15.9 03:50 200 12 8.0 10.9 00:10 6.6 23:27 10.3 0.0 10.4 0.3 12.7 21:33 210 13 6.4 7.8 01:19 5.4 08:42 12.0 0.0 10.4 0.6 5.3 04:49 215 14 6.1 8.1 10:58 4.4 21:57 12.2 0.0 0.0 0.7 12.7 02:13 108 15 5.0 7.2 18:00 3.1 04:30 13.3 0.0 11.9 0.2 12.7 01:49 279 16 8.5 12.4 13:26 4.8 05:31 9.9 0.0 0.5 0.2 12.7 23:53 97 17 10.5 17.4 16:03 2.1 06:23 7.8 0.0 0.0 0.8 12.7 17:35 97 18 10.0 17.8 15:48 3.7 06:10 8.4 0.0 1.0 0.5 15.9 04:20 98 19 11.9 18.5 15:22 7.9 05:20 6.5 0.0 3.1 0.3 4.5 18:09 131 20 12.3 18.5 11:48 8.1 06:10 6.0 0.0 0.0 0.6 7.5 14:39 150 21 11.7 17.3 14:40 8.5 23:36 6.7 0.0 2.6 0.2 3.5 15:00 160 22 12.8 20.3 12:37 7.2 05:27 5.5 0.0 1.5 0.4 12.7 23:11 136 23 14.0 22.9 13:43 5.5 04:57 4.3 0.0 0.0 0.7 15.9 05:53 141 24 15.1 25.1 15:43 5.3 06:30 3.3 0.0 0.0 0.7 12.7 11:00 131 25 14.9 23.1 12:02 6.7 05:46 3.5 0.0 0.0 0.7 15.9 22:09 144 26 15.1 24.9 16:56 7.3 05:06 3.3 0.0 0.0 0.6 9.5 03:44 149 27 13.3 14.9 15:40 11.5 04:38 5.1 0.0 5.2 0.2 3.8 18:06 90 28 13.4 15.9 16:19 11.9 03:15 4.9 0.0 32.6 0.2 6.3 14:38 216 29 9.7 12.1 00:00 8.9 22:10 8.7 0.0 46.6 0.3 5.4 11:37 214 30 9.2 11.8 17:02 7.1 05:40 9.1 0.0 20.7 0.3 12.7 16:18 217 31 12.7 19.4 15:48 8.3 00:17 5.6 0.0 0.0 0.8 19.1 08:32 211 --------------------------------------------------------------------------------------- 10.3 25.1 24 -1.8 07 248.9 0.0 195.8 0.5 19.1 02 162