Zerjav

46° 24.00' N | 014° 48.00' E | 545 m | Show on map

Podatki o podnebju March 2019

20-May-2019 22:50 CEST

Station:LaCrosse WS23xx
Software:WeeWX v3.3.1
Weewx uptime:0 Dni, 12 Ur, 57 Minut
Server uptime:183 Dni, 8 Ur, 16 Minut
                   MONTHLY CLIMATOLOGICAL SUMMARY for Mar 2019


NAME: Zerjav                  
ELEV: 545 m    LAT: 46-24.00 N    LONG: 014-48.00 E


                   TEMPERATURE (°C), RAIN (mm), WIND SPEED (m/s)

                                         HEAT   COOL         AVG
      MEAN                               DEG    DEG          WIND                   DOM
DAY   TEMP   HIGH   TIME    LOW   TIME   DAYS   DAYS   RAIN  SPEED   HIGH   TIME    DIR
---------------------------------------------------------------------------------------
 01    5.4   14.6  10:54   -0.4  07:30   13.0    0.0    0.0    0.4   12.7  17:18    113
 02    4.4   13.1  14:56   -1.6  03:20   14.0    0.0    0.0    0.5    6.2  14:12    148
 03    5.5   14.1  15:09   -1.5  06:50   12.8    0.0    0.0    0.7    7.0  13:11    163
 04    6.2   14.3  15:20   -1.6  06:20   12.1    0.0   12.4    0.8    9.7  21:37    132
 05    3.3    8.7  14:33   -0.7  23:26   15.1    0.0    0.0    0.5    6.1  13:15    167
 06    4.8   13.4  14:56   -2.4  06:46   13.5    0.0    0.0    0.6   12.7  23:06    128
 07   11.0   15.8  11:51    4.1  00:00    7.3    0.0    0.0    1.4   19.1  20:45    108
 08    8.9   16.4  13:26    3.6  06:41    9.4    0.0    0.0    0.4    6.0  15:32     97
 09    7.3   13.3  16:14    3.4  23:54   11.0    0.0    1.0    0.6    7.9  12:01    175
 10    6.8   15.6  12:41   -0.3  06:59   11.6    0.0    0.0    0.7    9.2  15:09     80
 11    4.1   10.4  09:56    0.6  05:50   14.3    0.0    0.0    0.7   12.7  12:18    102
 12    2.2   10.5  13:47   -3.8  06:46   16.2    0.0    0.0    0.7    9.6  12:00    107
 13    2.4    9.8  12:20   -2.5  01:54   15.9    0.0    1.6    0.4    9.0  13:02    149
 14    3.9    9.6  14:53   -0.4  23:54   14.4    0.0    0.0    0.3   12.7  18:09    164
 15    4.6   12.4  12:49   -2.8  05:17   13.7    0.0    0.0    0.5   11.6  09:13     99
 16    6.8   18.4  14:42   -0.8  05:28   11.6    0.0    0.0    0.4    5.4  13:35    102
 17    8.0   18.9  13:26   -0.7  06:24   10.3    0.0    0.0    0.7    6.7  11:57    115
 18    2.4    7.3  00:50    0.3  07:50   15.9    0.0   21.7    0.3   12.7  00:49    166
 19    2.6    7.3  14:53    0.5  04:08   15.7    0.0    0.5    0.2    4.3  16:21     94
 20    2.2    8.4  12:52   -2.7  23:47   16.1    0.0    0.0    0.4    7.3  12:55     97
 21    2.2   11.0  15:04   -4.5  06:13   16.1    0.0    0.0    0.6    5.2  13:38    133
 22    4.9   17.1  14:58   -3.5  06:01   13.4    0.0    0.0    0.7    6.4  12:52    123
 23    7.1   19.9  16:10   -1.8  06:48   11.2    0.0    0.0    0.7    5.4  12:30    121
 24    8.4   20.1  15:20   -0.7  06:02   10.0    0.0    0.0    1.0    7.0  12:57    130
 25    6.0   14.9  12:50    2.1  22:40   12.4    0.0   19.2    0.5    7.0  16:59     82
 26    4.1   11.0  13:12   -2.1  23:52   14.2    0.0    0.0    0.5    6.1  11:48    114
 27    3.0    8.7  12:17   -2.7  02:54   15.3    0.0    0.0    0.2    4.3  12:52    107
 28    5.0   11.3  16:30    0.4  01:43   13.4    0.0    0.0    0.2    3.8  12:51     94
 29    6.7   14.4  13:39    0.6  23:54   11.6    0.0    0.0    0.5    6.1  11:28     97
 30    7.1   18.4  14:36   -1.7  05:34   11.3    0.0    0.0    0.9    6.9  13:07    125
 31    8.9   20.3  14:35   -1.2  06:30    9.5    0.0    0.0    0.7   12.7  17:11    107
---------------------------------------------------------------------------------------
       5.4   20.3     31   -4.5     21  402.3    0.0   56.5    0.6   19.1     07    120