Zerjav

46° 24.00' N | 014° 48.00' E | 545 m | Show on map

Podatki o podnebju January 2019

20-May-2019 22:50 CEST

Station:LaCrosse WS23xx
Software:WeeWX v3.3.1
Weewx uptime:0 Dni, 12 Ur, 57 Minut
Server uptime:183 Dni, 8 Ur, 16 Minut
                   MONTHLY CLIMATOLOGICAL SUMMARY for Jan 2019


NAME: Zerjav                  
ELEV: 545 m    LAT: 46-24.00 N    LONG: 014-48.00 E


                   TEMPERATURE (°C), RAIN (mm), WIND SPEED (m/s)

                                         HEAT   COOL         AVG
      MEAN                               DEG    DEG          WIND                   DOM
DAY   TEMP   HIGH   TIME    LOW   TIME   DAYS   DAYS   RAIN  SPEED   HIGH   TIME    DIR
---------------------------------------------------------------------------------------
 01   -0.3    4.9  14:09   -3.5  23:58   18.6    0.0    0.0    0.1    2.9  14:05    144
 02   -1.0    3.3  11:47   -5.1  04:09   19.4    0.0    0.0    0.8    8.5  14:28    146
 03   -1.5    0.5  13:01   -5.6  23:52   19.8    0.0    0.0    1.5   12.6  06:27    160
 04   -3.3    0.6  13:26   -7.1  02:23   21.6    0.0    0.5    0.2    4.8  11:15    148
 05   -0.0    4.8  15:43   -2.7  02:12   18.4    0.0    0.0    0.3    5.2  15:32     51
 06    1.6    8.3  12:42   -3.1  02:24   16.7    0.0    0.0    0.5   10.7  17:22    144
 07   -1.3    0.3  10:55   -3.9  23:58   19.6    0.0    0.0    0.2    4.2  11:16    135
 08   -3.1    1.6  13:51   -5.6  05:30   21.4    0.0    0.0    0.0    5.0  12:22     78
 09   -1.9    1.9  14:20   -6.2  04:40   20.3    0.0    0.0    0.2    4.7  20:16    166
 10    0.0    2.4  14:16   -2.4  03:04   18.3    0.0    0.0    0.5    5.2  11:31     93
 11   -3.8    1.8  13:18   -6.9  08:12   22.1    0.0    0.0    0.4    5.9  13:29    116
 12   -2.0    2.8  14:49   -5.2  06:44   20.3    0.0    0.0    0.1    4.8  11:57    138
 13   -0.5    5.8  13:10   -5.5  08:37   18.8    0.0    0.0    0.1    4.0  13:58    120
 14    2.0    7.0  12:04   -2.2  04:50   16.4    0.0    0.0    0.5    6.5  12:27    141
 15   -0.8    5.9  14:24   -4.3  23:57   19.1    0.0    0.0    0.4    5.6  11:36    139
 16   -2.5    2.4  15:23   -5.1  23:50   20.8    0.0    0.0    0.0    2.3  13:26     40
 17    1.2    7.7  13:37   -5.2  01:36   17.1    0.0    0.5    0.2    4.9  07:25    104
 18    0.1    2.3  00:40   -2.7  23:00   18.2    0.0   21.2    0.0    3.7  02:26    126
 19   -1.8    0.1  13:10   -3.0  02:14   20.1    0.0    0.0    0.1    2.9  05:11    108
 20   -2.7   -0.9  13:27   -4.9  05:41   21.0    0.0    0.0    0.2    3.5  21:49    135
 21   -3.7   -2.0  13:39   -4.9  02:23   22.0    0.0    0.0    0.1    2.7  08:41    327
 22   -3.9   -2.7  14:24   -5.0  20:07   22.2    0.0    0.0    0.1    2.6  13:27    156
 23   -3.7   -1.9  11:19   -4.8  06:20   22.0    0.0    2.6    0.0    3.1  10:16    147
 24   -3.3   -1.1  15:06   -6.9  23:53   21.6    0.0    0.5    0.2    4.4  13:27    153
 25   -7.2    0.3  13:36  -12.1  07:14   25.6    0.0    0.0    0.2    3.7  14:56     97
 26   -7.2   -0.4  14:45  -13.1  03:17   25.6    0.0    0.0    0.2    2.6  09:59     62
 27   -3.1    2.4  14:50   -8.4  05:33   21.4    0.0    2.1    0.1    3.6  23:06    106
 28    0.3    1.8  13:20   -1.1  22:17   18.0    0.0   13.5    0.0    3.7  00:46    119
 29   -0.3    2.8  13:22   -1.2  20:50   18.6    0.0    0.0    0.1    3.3  13:46    133
 30   -1.4    2.7  12:23   -5.6  23:57   19.7    0.0    0.0    0.3    4.9  12:54    116
 31   -5.1   -0.9  14:46   -8.6  06:25   23.4    0.0    0.5    0.2    3.3  12:53    107
---------------------------------------------------------------------------------------
      -1.9    8.3     06  -13.1     26  628.2    0.0   41.4    0.2   12.6     03    137