Zerjav

46° 24.00' N | 014° 48.00' E | 545 m | Show on map

Podatki o podnebju December 2018

20-May-2019 23:20 CEST

Station:LaCrosse WS23xx
Software:WeeWX v3.3.1
Weewx uptime:0 Dni, 13 Ur, 27 Minut
Server uptime:183 Dni, 8 Ur, 46 Minut
                   MONTHLY CLIMATOLOGICAL SUMMARY for Dec 2018


NAME: Zerjav                  
ELEV: 545 m    LAT: 46-24.00 N    LONG: 014-48.00 E


                   TEMPERATURE (°C), RAIN (mm), WIND SPEED (m/s)

                                         HEAT   COOL         AVG
      MEAN                               DEG    DEG          WIND                   DOM
DAY   TEMP   HIGH   TIME    LOW   TIME   DAYS   DAYS   RAIN  SPEED   HIGH   TIME    DIR
---------------------------------------------------------------------------------------
 01   -1.2    3.2  13:37   -5.1  00:00   19.5    0.0    0.0    0.1    2.8  12:22    130
 02   -0.8    4.1  14:20   -4.1  08:10   19.2    0.0    0.0    0.1    6.2  12:05    113
 03    1.9    6.6  14:00   -0.2  00:00   16.5    0.0    0.5    0.1    3.7  13:26    138
 04    1.8    8.6  13:48   -0.7  21:39   16.5    0.0    0.0    0.1    3.1  17:04    133
 05    1.8    5.1  13:10   -1.3  03:44   16.5    0.0    0.0    0.2    2.9  13:02    136
 06    2.0    5.1  12:37    0.2  03:20   16.4    0.0    1.0    0.1    3.1  11:12    140
 07    2.6    5.6  12:53    1.2  20:58   15.7    0.0    0.0    0.2    5.6  12:52    131
 08    2.0    5.3  13:44   -1.9  23:59   16.3    0.0   10.4    0.1    6.7  05:56    137
 09   -1.0    3.6  14:30   -3.6  07:13   19.4    0.0    0.5    0.1    4.7  11:02    134
 10   -0.7    3.8  13:30   -3.0  23:52   19.0    0.0    0.5    0.1    3.7  12:45    106
 11   -2.2    1.6  14:13   -5.2  07:38   20.6    0.0    0.0    0.2    7.1  10:36     79
 12   -1.0    5.2  13:47   -3.6  19:51   19.4    0.0    0.0    0.2    5.1  13:52    143
 13   -1.2    1.6  13:10   -3.7  03:44   19.6    0.0    0.5    0.1    4.7  10:41    127
 14   -1.8   -0.6  12:28   -2.4  19:24   20.2    0.0    0.0    0.1    4.2  20:35    139
 15   -3.2   -0.7  14:10   -7.7  23:58   21.6    0.0    0.0    0.1    3.4  12:39    159
 16   -6.2   -1.3  14:28  -10.4  07:20   24.5    0.0    0.0    0.1    3.8  13:41    141
 17   -4.2    0.1  13:16   -7.1  23:55   22.5    0.0    0.0    0.0    1.7  21:03    115
 18   -5.8   -1.3  13:18   -8.4  07:19   24.2    0.0    0.0    0.3    3.3  19:33    134
 19   -3.9   -0.5  13:33   -8.2  05:24   22.2    0.0    0.0    0.1    2.2  20:00    141
 20   -1.9    1.2  14:32   -4.5  23:57   20.2    0.0    0.0    0.0    3.8  14:49     61
 21   -2.2    0.8  14:41   -5.9  03:58   20.5    0.0    0.0    0.1    3.2  12:55     97
 22   -2.2    1.5  13:22   -4.4  07:54   20.5    0.0    0.0    0.1    2.7  15:21    124
 23   -1.8    2.8  13:30   -4.7  06:50   20.2    0.0    0.0    0.1    3.1  05:12    131
 24   -0.2    5.4  13:41   -3.2  23:43   18.5    0.0    1.0    0.3    8.5  13:54    146
 25   -1.3    4.1  11:42   -4.8  05:40   19.7    0.0    0.0    0.2    5.2  11:09    110
 26   -2.9    1.9  14:18   -5.6  23:50   21.3    0.0    0.0    0.1    3.5  12:42    114
 27   -4.7   -0.1  13:34   -7.0  06:47   23.0    0.0    0.0    0.1    3.0  02:20    130
 28   -2.5    2.7  13:50   -5.0  03:38   20.8    0.0    0.0    0.1    3.0  13:45    138
 29   -3.2    2.8  14:15   -5.7  07:31   21.5    0.0    0.0    0.1    2.9  21:34    132
 30   -0.0    6.1  21:50   -4.5  07:06   18.4    0.0    0.0    0.2    7.2  21:28     67
 31    0.6    5.9  14:22   -2.8  04:09   17.7    0.0    0.0    0.0    1.8  02:46     33
---------------------------------------------------------------------------------------
      -1.4    8.6     04  -10.4     16  611.9    0.0   14.5    0.1    8.5     24    131