Zerjav

46° 24.00' N | 014° 48.00' E | 545 m | Show on map

Podatki o podnebju November 2018

20-May-2019 23:20 CEST

Station:LaCrosse WS23xx
Software:WeeWX v3.3.1
Weewx uptime:0 Dni, 13 Ur, 27 Minut
Server uptime:183 Dni, 8 Ur, 46 Minut
                   MONTHLY CLIMATOLOGICAL SUMMARY for Nov 2018


NAME: Zerjav                  
ELEV: 545 m    LAT: 46-24.00 N    LONG: 014-48.00 E


                   TEMPERATURE (°C), RAIN (mm), WIND SPEED (m/s)

                                         HEAT   COOL         AVG
      MEAN                               DEG    DEG          WIND                   DOM
DAY   TEMP   HIGH   TIME    LOW   TIME   DAYS   DAYS   RAIN  SPEED   HIGH   TIME    DIR
---------------------------------------------------------------------------------------
 01    8.9   14.8  12:40    5.3  06:10    9.4    0.0    1.5    0.2    6.2  12:30    132
 02    9.6   11.9  12:40    8.3  07:10    8.7    0.0   18.7    0.1    4.2  08:20    143
 03   11.4   13.4  11:56    9.8  01:06    7.0    0.0    0.5    0.1    3.1  09:55    170
 04   12.0   13.9  13:22   10.9  00:00    6.3    0.0    0.0    0.1    2.9  13:35    170
 05   11.3   14.3  14:15    8.4  21:51    7.0    0.0    0.0    0.1    4.3  12:26    133
 06   11.3   13.8  12:21    8.3  01:44    7.0    0.0    4.7    0.0    2.9  16:28    134
 07   10.8   15.3  14:18    7.1  23:41    7.5    0.0    0.5    0.2    4.4  10:30    125
 08    8.0   12.5  14:08    5.1  22:53   10.3    0.0    0.0    0.2    3.6  12:59    141
 09    8.2   12.5  13:06    5.0  00:41   10.1    0.0    0.0    0.2    4.9  13:54    168
 10    7.7   13.3  13:52    3.1  23:55   10.6    0.0    0.0    0.2    3.5  13:13    159
 11    6.7   14.3  13:57    2.3  05:55   11.6    0.0    0.0    0.2    4.5  12:48    143
 12    7.3   15.2  13:35    3.2  04:47   11.1    0.0    0.0    0.1    3.9  12:08    136
 13    7.7   13.2  13:31    3.9  03:30   10.7    0.0    0.0    0.1    2.9  13:12    135
 14    7.2   11.3  13:52    4.1  03:42   11.1    0.0    0.0    0.1   12.7  11:21    136
 15    7.3   11.4  12:47    3.3  21:31   11.0    0.0    0.0    0.2    3.5  13:43    143
 16    4.2    7.4  12:07    1.2  20:25   14.1    0.0    0.0    0.2    3.8  13:50    130
 17    2.7    5.9  12:16   -1.9  21:20   15.6    0.0    0.0    0.9   25.0  12:16    247
 18    0.6    1.6  21:43   -1.7  00:00   17.8    0.0   13.5    0.5   25.0  13:16    305
 19    0.3    1.0  00:31   -0.2  05:32   18.1    0.0    2.6    0.0    3.1  05:15    126
 20    0.1    1.3  12:21   -0.8  07:00   18.2    0.0    9.8    0.0    3.1  00:53    133
 21    1.3    2.8  14:28    0.1  03:33   17.0    0.0    0.0    0.0    3.1  11:13    142
 22    2.8    4.7  14:34    1.4  01:15   15.5    0.0    0.4    0.0    2.3  10:49    139
 23    3.9    5.9  12:35    2.9  00:00   14.4    0.0    0.0    0.1    2.3  12:56    141
 24    4.8    5.8  14:10    3.6  00:00   13.5    0.0    6.7    0.1    5.9  05:44    132
 25    5.5    6.4  13:25    5.1  22:40   12.8    0.0    1.0    0.0    2.1  21:54    170
 26    3.3    5.1  00:20    2.1  10:00   15.0    0.0    6.2    0.1    3.4  09:15    166
 27    3.1    4.7  12:12    1.8  21:55   15.2    0.0    0.5    0.1    4.1  11:37    127
 28    0.0    4.4  12:53   -4.5  23:53   18.3    0.0    0.0    0.2    4.1  04:07    125
 29   -3.3    1.0  12:42   -5.6  04:20   21.6    0.0    0.5    0.1    5.1  13:03    137
 30   -3.4   -0.4  12:52   -5.9  04:14   21.7    0.0    0.0    0.1    3.4  13:16    153
---------------------------------------------------------------------------------------
       5.4   15.3     07   -5.9     30  388.6    0.0   67.2    0.1   25.0     17    148