Zerjav

46° 24.00' N | 014° 48.00' E | 545 m | Show on map

Podatki o podnebju October 2018

26-Mar-2019 03:50 CET

Station:LaCrosse WS23xx
Software:WeeWX v3.3.1
Weewx uptime:47 Dni, 8 Ur, 2 Minut
Server uptime:127 Dni, 14 Ur, 16 Minut
                   MONTHLY CLIMATOLOGICAL SUMMARY for Oct 2018


NAME: Zerjav                  
ELEV: 545 mikrogramov    LAT: 46-24.00 N    LONG: 014-48.00 E


                   TEMPERATURE (°C), RAIN (mm), WIND SPEED (m/s)

                                         HEAT   COOL         AVG
      MEAN                               DEG    DEG          WIND                   DOM
DAY   TEMP   HIGH   TIME    LOW   TIME   DAYS   DAYS   RAIN  SPEED   HIGH   TIME    DIR
---------------------------------------------------------------------------------------
 01    8.3   16.3  13:12    0.5  06:51   10.1    0.0  904.3    0.3    3.3  13:49    153
 02    8.3   13.4  14:56    3.5  23:49   10.0    0.0    1.0    0.1    3.0  17:53    139
 03    8.0   16.9  15:13    1.4  07:26   10.3    0.0    0.0    0.3    5.5  15:50    146
 04    9.9   18.5  13:16    3.3  06:48    8.4    0.0    0.0    0.5   12.7  16:35    130
 05    9.3   19.2  15:14    2.3  07:13    9.0    0.0    0.0    0.4    4.4  12:44    137
 06   11.8   19.6  15:10    4.2  07:35    6.5    0.0    1.0    0.2    4.4  14:46    149
 07   13.9   16.4  16:12   12.4  01:52    4.4    0.0    3.6    0.1    3.7  13:20    171
 08   13.8   17.6  15:12   11.8  00:00    4.5    0.0   12.9    0.0    3.1  03:05    135
 09   13.4   19.4  14:02    9.3  23:08    4.9    0.0    0.0    0.2   12.7  02:57    156
 10   12.4   20.4  14:06    7.1  23:52    5.9    0.0    0.0    0.2   12.7  14:35    133
 11    9.9   17.8  15:26    5.0  05:35    8.4    0.0    0.0    0.4   12.7  11:22    139
 12   10.3   19.1  15:20    4.2  06:25    8.1    0.0    0.0    0.3    3.7  13:04    151
 13   10.1   19.1  15:37    4.4  06:05    8.2    0.0    0.0    0.3    4.6  12:51    145
 14    9.8   17.8  15:24    5.0  04:38    8.5    0.0    0.0    0.3   12.7  11:43    145
 15    9.3   13.9  12:40    4.9  05:11    9.1    0.0    0.0    0.1   12.7  14:09    143
 16    9.9   12.5  15:07    7.8  21:30    8.4    0.0    0.0    0.1    3.9  11:49    150
 17   10.2   11.9  16:10    8.4  00:18    8.1    0.0    0.5    0.0    2.8  11:43    145
 18   12.0   16.9  15:32    8.9  23:51    6.4    0.0    0.0    0.2    5.2  13:49    154
 19   10.8   18.8  15:32    6.2  23:51    7.5    0.0    0.0    0.2    3.7  13:39    150
 20    9.4   17.6  15:40    4.9  06:40    9.0    0.0    0.0    0.3    5.4  13:11    156
 21    7.0   10.6  12:51    2.9  22:55   11.4    0.0    2.1    0.2    6.7  17:31    135
 22    6.0   12.4  15:00    2.3  23:36   12.4    0.0    0.0    0.1    4.7  12:38    148
 23    6.3   14.4  14:37    0.4  07:50   12.0    0.0    0.0    0.2    4.6  12:28    139
 24   10.7   18.9  15:07    3.3  06:12    7.7    0.0    0.0    0.6    9.5  17:12    141
 25    9.0   17.8  14:59    4.1  07:39    9.3    0.0    0.0    0.3    5.4  14:36    152
 26    8.0   16.1  14:11    2.6  05:08   10.3    0.0    0.0    0.4    7.5  14:45    163
 27   12.1   17.1  21:24    6.1  00:00    6.3    0.0   13.5    0.5   12.7  19:58    135
 28   14.0   15.4  14:12   12.3  17:58    4.3    0.0   55.4    0.6    7.5  12:01    134
 29   14.5   17.2  10:25  -30.0  11:02    3.9    0.0   31.1    1.0    9.7  11:06    125
 30   10.3   15.8  00:09    7.9  23:00    8.0    0.0   21.7    1.1   12.7  10:18    136
 31    8.0   12.4  14:36    4.4  06:20   10.3    0.0    0.5    0.3    4.9  11:45    142
---------------------------------------------------------------------------------------
      10.2   20.4     10  -30.0     29  251.5    0.0 1047.8    0.3   12.7     04    142