Zerjav

46° 24.00' N | 014° 48.00' E | 545 m | Show on map

Podatki o podnebju September 2018

26-Mar-2019 03:50 CET

Station:LaCrosse WS23xx
Software:WeeWX v3.3.1
Weewx uptime:47 Dni, 8 Ur, 2 Minut
Server uptime:127 Dni, 14 Ur, 16 Minut
                   MONTHLY CLIMATOLOGICAL SUMMARY for Sep 2018


NAME: Zerjav                  
ELEV: 545 mikrogramov    LAT: 46-24.00 N    LONG: 014-48.00 E


                   TEMPERATURE (°C), RAIN (mm), WIND SPEED (m/s)

                                         HEAT   COOL         AVG
      MEAN                               DEG    DEG          WIND                   DOM
DAY   TEMP   HIGH   TIME    LOW   TIME   DAYS   DAYS   RAIN  SPEED   HIGH   TIME    DIR
---------------------------------------------------------------------------------------
 01   15.1   17.0  14:50   13.5  23:30    3.2    0.0   68.4    0.1    4.0  05:00    146
 02   15.7   20.2  17:00   12.9  04:20    2.7    0.0    4.7    0.1    3.1  02:00    131
 03   15.0   16.3  16:40   13.8  01:40    3.4    0.0   17.6    0.1    3.3  16:40    159
 04   16.6   22.6  17:00   13.8  06:50    1.8    0.0    2.1    0.1    3.8  15:50    153
 05   18.2   25.4  14:10   13.6  06:20    0.2    0.0    0.0    0.2    4.5  15:50    149
 06   17.1   23.9  15:50   12.4  06:40    1.3    0.0    1.6    0.2    3.5  03:50    138
 07   16.7   22.5  15:20   14.3  23:50    1.6    0.0    2.1    0.2    4.5  13:10    159
 08   17.0   23.8  15:30   12.6  00:00    1.3    0.0    1.0    0.1    4.3  15:00    135
 09   17.1   26.2  16:00   10.4  05:00    1.2    0.0    0.0    0.3    5.6  13:40    157
 10   17.8   26.5  15:40   11.6  05:40    0.5    0.0    0.0    0.3    4.9  12:30    156
 11   17.5   26.1  15:20   12.3  04:40    0.8    0.0    0.0    0.4    5.9  13:40    162
 12   17.9   28.0  16:30   10.2  07:10    0.4    0.0    0.0    0.2    5.3  13:40    157
 13   18.1   27.3  15:20   11.5  05:20    0.2    0.0    0.0    0.3    4.0  13:20    151
 14   17.5   25.2  16:10   11.2  07:00    0.9    0.0    1.5    0.2    6.8  18:40    136
 15   16.7   23.1  17:00   13.8  22:10    1.7    0.0    0.0    0.1    3.8  11:50    145
 16   17.2   25.0  13:50   11.5  07:50    1.1    0.0    0.0    0.4    4.7  15:40    135
 17   17.2   26.2  14:50   10.4  05:30    1.1    0.0    0.0    0.4    6.0  13:10    150
 18   17.5   26.3  13:20   11.3  06:30    0.8    0.0    0.0    0.4    5.9  13:50    128
 19   17.1   25.9  14:40   10.4  07:30    1.3    0.0    0.0    0.2    4.6  13:10    157
 20   17.1   27.2  16:00   11.9  05:30    1.2    0.0    0.0    0.2    4.5  12:30    157
 21   16.9   26.7  16:20   10.5  06:20    1.4    0.0    0.0    0.3    5.7  13:00    155
 22   11.6   14.8  08:40    9.3  21:20    6.7    0.0    5.2    0.1    4.3  08:00    135
 23   13.9   20.1  15:56    9.3  01:20    4.4    0.0    0.0    0.3    4.7  12:07    167
 24   11.7   17.5  02:34    2.8  23:56    6.6    0.0    7.8    0.5    9.2  02:26    137
 25    6.3   13.4  15:58    1.3  23:50   12.0    0.0    0.0    0.2   12.7  16:00    136
 26    5.4   14.3  15:48   -1.5  07:12   12.9    0.0    0.0    0.5   12.7  12:52    168
 27    8.7   21.4  16:03   -0.1  07:11    9.6    0.0    0.0    0.3    5.0  14:36    146
 28   10.7   22.6  15:50    2.4  07:13    7.7    0.0    0.0    0.4    4.2  13:01    145
 29   11.4   18.4  12:40    3.6  23:53    7.0    0.0    0.0    0.4    4.6  13:37    137
 30    7.4   16.6  14:52    0.0  07:33   10.9    0.0    0.0    0.4   19.1  13:46    139
---------------------------------------------------------------------------------------
      14.8   28.0     12   -1.5     26  105.8    0.0  111.9    0.3   19.1     30    148