Zerjav

46° 24.00' N | 014° 48.00' E | 545 m | Show on map

Podatki o podnebju July 2018

26-Mar-2019 03:50 CET

Station:LaCrosse WS23xx
Software:WeeWX v3.3.1
Weewx uptime:47 Dni, 8 Ur, 2 Minut
Server uptime:127 Dni, 14 Ur, 16 Minut
                   MONTHLY CLIMATOLOGICAL SUMMARY for Jul 2018


NAME: Zerjav                  
ELEV: 545 mikrogramov    LAT: 46-24.00 N    LONG: 014-48.00 E


                   TEMPERATURE (°C), RAIN (mm), WIND SPEED (m/s)

                                         HEAT   COOL         AVG
      MEAN                               DEG    DEG          WIND                   DOM
DAY   TEMP   HIGH   TIME    LOW   TIME   DAYS   DAYS   RAIN  SPEED   HIGH   TIME    DIR
---------------------------------------------------------------------------------------
 01   17.4   22.4  15:18   13.6  06:38    1.0    0.0    0.0    0.5    5.8  13:22    117
 02   18.7   25.1  15:34   12.9  04:57    0.0    0.3    0.0    0.4    6.2  14:52    136
 03   19.5   27.1  14:05   14.1  01:00    0.0    1.2   13.5    0.2    4.1  10:43    120
 04   20.0   28.2  14:27   14.8  05:00    0.0    1.6    0.5    0.2    4.2  11:31    148
 05   19.4   26.2  12:17   13.2  05:41    0.0    1.1    1.6    0.2    4.7  11:44    167
 06   17.5   20.6  14:36   14.7  23:57    0.8    0.0    0.0    0.2    5.1  14:06    166
 07   19.1   25.8  13:12   12.4  23:55    0.0    0.8    0.0    0.4    7.3  11:59    157
 08   16.5   23.6  16:13    9.0  06:18    1.8    0.0    0.0    0.1    3.3  09:26    143
 09   18.6   25.6  17:51   11.9  06:10    0.0    0.3    0.0    0.2    4.7  12:38    151
 10   18.2   26.6  14:37   10.1  06:10    0.1    0.0    2.1    0.3    6.8  16:48    149
 11   15.6   21.3  13:09   13.1  23:54    2.7    0.0    6.2    0.0    3.0  00:08    129
 12   17.1   24.3  16:54   12.2  05:05    1.2    0.0    0.5    0.3    4.7  17:19    165
 13   19.5   27.6  16:20   14.9  04:37    0.0    1.2    3.1    0.2    3.8  17:57    149
 14   19.0   26.4  14:49   12.1  04:45    0.0    0.7    0.0    0.2    4.3  16:41    146
 15   17.3   23.4  13:16   13.3  05:23    1.0    0.0    0.0    0.1    4.4  12:10    138
 16   17.4   26.3  15:52   12.5  01:14    0.9    0.0    0.0    0.2    4.6  17:52    162
 17   18.6   26.2  13:22   12.9  23:52    0.0    0.3    0.0    0.4    6.1  13:39    154
 18   19.2   28.6  17:52    9.8  05:19    0.0    0.9    0.0    0.5    8.8  12:39    148
 19   20.1   30.3  16:04   10.2  05:54    0.0    1.8    0.0    0.4    5.9  12:49    148
 20   18.4   29.1  12:48   12.3  05:38    0.0    0.1    1.0    0.2    4.3  11:46    147
 21   18.8   24.5  12:45   13.5  05:51    0.0    0.5    1.0    0.3    6.5  18:09    158
 22   18.5   26.4  12:53   13.9  06:10    0.0    0.2    0.5    0.1    7.7  15:28    156
 23   16.4   20.9  18:02   12.8  00:00    1.9    0.0    0.0    0.0    2.0  11:52    121
 24   19.1   28.2  14:26   11.6  04:41    0.0    0.8    2.1    0.2    4.6  13:17    149
 25   20.1   29.6  17:34   11.8  06:20    0.0    1.8   14.0    0.3    5.1  23:03    146
 26   18.8   27.6  14:20   14.1  04:41    0.0    0.5    7.2    0.3    5.9  16:04    167
 27   20.1   28.8  13:44   13.9  04:30    0.0    1.8    1.1    0.2    4.0  17:49    155
 28   21.8   31.4  14:51   14.5  04:30    0.0    3.4    0.0    0.3    5.1  13:08    156
 29   22.4   31.3  14:09   15.1  05:58    0.0    4.1    0.0    0.2    4.7  15:46    163
 30   23.1   31.5  13:57   14.9  06:28    0.0    4.8    0.0    0.3    5.2  16:59    154
 31   23.3   33.5  13:54   14.8  06:25    0.0    5.0    0.0    0.3    4.2  14:31    145
---------------------------------------------------------------------------------------
      19.0   33.5     31    9.0     08   11.4   33.0   54.4    0.3    8.8     18    150