Zerjav

46° 24.00' N | 014° 48.00' E | 545 m | Show on map

Podatki o podnebju May 2018

26-Mar-2019 03:50 CET

Station:LaCrosse WS23xx
Software:WeeWX v3.3.1
Weewx uptime:47 Dni, 8 Ur, 2 Minut
Server uptime:127 Dni, 14 Ur, 16 Minut
                   MONTHLY CLIMATOLOGICAL SUMMARY for May 2018


NAME: Zerjav                  
ELEV: 545 mikrogramov    LAT: 46-24.00 N    LONG: 014-48.00 E


                   TEMPERATURE (°C), RAIN (mm), WIND SPEED (m/s)

                                         HEAT   COOL         AVG
      MEAN                               DEG    DEG          WIND                   DOM
DAY   TEMP   HIGH   TIME    LOW   TIME   DAYS   DAYS   RAIN  SPEED   HIGH   TIME    DIR
---------------------------------------------------------------------------------------
 01   12.7   19.8  16:20    4.7  06:30    5.6    0.0    0.0    0.3    3.5  13:10    155
 02   15.9   24.3  17:10    9.6  06:00    2.4    0.0    1.0    0.4    4.8  12:50    157
 03   16.0   21.5  17:30   10.2  06:10    2.4    0.0    1.0    0.3    6.1  12:10    163
 04   15.1   17.6  13:50   13.3  23:50    3.3    0.0   18.6    0.2    4.7  09:40    124
 05   15.1   19.1  18:00   12.3  05:20    3.2    0.0   12.9    0.2    4.5  13:10    161
 06   16.4   23.8  13:30   10.5  00:00    1.9    0.0    0.0    0.3    6.7  13:40    138
 07   15.1   24.3  15:00    6.9  06:20    3.2    0.0    0.0    0.3    5.0  16:10    143
 08   14.6   22.3  15:10    7.4  07:00    3.8    0.0    0.0    0.5    6.6  13:20    127
 09   13.3   20.1  17:40    9.3  03:10    5.0    0.0    0.0    0.3    4.6  10:00    167
 10   15.5   24.9  15:10    9.7  06:00    2.8    0.0    0.0    0.2    4.0  12:30    140
 11   15.4   22.5  15:50   10.4  00:00    3.0    0.0    9.3    0.2    3.7  01:40    143
 12   15.6   25.4  15:40    8.6  04:10    2.7    0.0    0.0    0.3    5.7  12:20    143
 13   14.8   24.2  17:10    7.1  06:00    3.5    0.0    0.0    0.2    4.9  11:10    151
 14   12.8   20.6  13:20    8.6  06:30    5.5    0.0   14.5    0.1    4.0  13:50    122
 15   10.2   12.0  15:00    7.6  23:40    8.2    0.0   17.1    0.1    3.3  14:30    151
 16   10.4   16.6  11:30    6.4  05:50    7.9    0.0   11.4    0.2    4.7  13:10    161
 17   12.8   20.0  15:20    7.9  03:20    5.6    0.0    0.0    0.3    5.9  15:10    165
 18   14.3   21.8  13:30    9.3  05:40    4.0    0.0    4.1    0.3    8.7  13:50    154
 19   13.0   21.6  13:00    7.8  05:10    5.4    0.0    3.6    0.2    4.8  12:40    135
 20   13.9   20.5  17:10   10.2  01:40    4.5    0.0    0.0    0.1    4.0  12:40    151
 21   14.7   21.3  15:50    9.6  06:20    3.6    0.0    0.5    0.2    5.1  12:20    120
 22   13.7   19.5  16:50    7.2  05:50    4.7    0.0    1.0    0.1    3.1  10:10    133
 23   16.4   23.4  15:40   11.1  04:50    1.9    0.0    0.0    0.2    4.7  11:00    143
 24   16.2   23.8  16:30   11.9  03:12    2.1    0.0    7.8    0.1    4.1  18:11    149
 25   16.2   24.2  13:22   11.8  06:20    2.1    0.0    0.0    0.3    4.8  13:36    165
 26   17.3   25.9  16:12   10.1  02:57    1.0    0.0    0.5    0.3    4.6  12:24    141
 27   17.4   26.6  12:58   11.5  05:10    1.0    0.0    5.7    0.2    8.6  18:12    138
 28   16.8   23.2  14:43   12.5  05:48    1.6    0.0   10.4    0.3    4.9  21:53    150
 29   16.9   25.3  12:11   13.1  05:13    1.4    0.0   11.9    0.1    4.7  12:39    130
 30   17.4   25.0  15:06   13.1  00:10    0.9    0.0    0.0    0.1    4.3  11:31    158
 31   18.0   26.4  12:59   13.5  03:43    0.4    0.0    3.1    0.2    4.0  11:16    153
---------------------------------------------------------------------------------------
      15.0   26.6     27    4.7     01  104.5    0.0  134.7    0.2    8.7     18    147