Zerjav

46° 24.00' N | 014° 48.00' E | 545 m | Show on map

Podatki o podnebju April 2018

20-May-2019 23:10 CEST

Station:LaCrosse WS23xx
Software:WeeWX v3.3.1
Weewx uptime:0 Dni, 13 Ur, 17 Minut
Server uptime:183 Dni, 8 Ur, 36 Minut
                   MONTHLY CLIMATOLOGICAL SUMMARY for Apr 2018


NAME: Zerjav                  
ELEV: 545 mikrogramov    LAT: 46-24.00 N    LONG: 014-48.00 E


                   TEMPERATURE (°C), RAIN (mm), WIND SPEED (m/s)

                                         HEAT   COOL         AVG
      MEAN                               DEG    DEG          WIND                   DOM
DAY   TEMP   HIGH   TIME    LOW   TIME   DAYS   DAYS   RAIN  SPEED   HIGH   TIME    DIR
---------------------------------------------------------------------------------------
 01    6.1   12.6  15:55    0.3  23:55   12.2    0.0    0.0    0.4    6.2  13:41    143
 02    6.0   17.1  15:59   -2.2  05:50   12.3    0.0    0.0    0.4    6.0  16:31    146
 03    9.5   19.9  14:39    1.0  07:00    8.9    0.0    0.0    0.4    5.7  17:25    137
 04    9.2   15.9  15:02    4.0  05:24    9.2    0.0    0.0    0.4    7.1  15:38    104
 05    9.3   17.3  15:02    3.9  23:58    9.0    0.0    0.5    0.1    3.7  16:02    106
 06    8.7   17.4  15:55    3.3  23:54    9.6    0.0    0.0    0.6    5.3  18:29    142
 07    7.8   16.9  15:15   -1.1  06:50   10.5    0.0    0.0    0.7    7.2  16:35    128
 08   10.8   21.4  15:42    2.1  06:39    7.5    0.0    0.0    0.7    6.3  12:33    154
 09   11.3   22.2  14:22    2.4  06:07    7.0    0.0    0.0    0.6    7.2  18:10    118
 10   10.3   15.1  12:00    5.8  02:50    8.0    0.0    0.0    0.3    6.8  13:16    124
 11   12.3   21.3  14:33    5.6  03:30    6.0    0.0    0.0    0.3    5.7  12:06    121
 12   10.8   13.8  11:07    8.6  04:54    7.5    0.0   20.2    0.1    3.6  17:56    136
 13   11.0   17.3  17:11    4.1  23:57    7.3    0.0    2.6    0.4    7.4  11:56     74
 14    9.9   20.5  16:14    0.4  06:28    8.4    0.0    0.0    0.5    7.2  13:28    147
 15   12.4   19.8  13:37    5.9  02:45    5.9    0.0    0.5    0.3    6.2  12:48    146
 16   13.5   17.4  15:19   10.9  06:36    4.9    0.0   14.5    0.2   12.7  10:14    173
 17   12.6   18.5  16:37  -30.0  19:46    5.7    0.0   12.4    0.2    4.7  10:23    150
 18   12.8   21.6  15:36    4.9  06:20    5.6    0.0    0.0    0.5    7.1  16:53    136
 19   13.0   23.3  15:58    3.6  06:40    5.3    0.0    0.0    0.6    6.2  14:27    132
 20   13.9   24.9  14:50    4.2  06:40    4.4    0.0    0.0    0.6   12.7  16:36    135
 21   15.1   26.8  16:26    4.9  06:40    3.2    0.0    0.0    0.7    5.5  13:02    142
 22   15.8   27.6  15:08    5.8  06:06    2.5    0.0    0.0    0.6    5.6  11:22    142
 23   16.0   27.6  14:21    7.3  05:30    2.3    0.0    0.0    0.4    5.1  14:23    140
 24   14.9   22.9  15:56    9.6  03:19    3.4    0.0    0.0    0.3    4.9  12:24    143
 25   15.6   26.1  14:48  -30.0  23:16    2.8    0.0    0.0    0.5    5.7  11:22    149
 26   12.9   21.6  14:37    7.4  05:02    5.5    0.0   16.6    0.7    8.5  14:53    121
 27   11.3   18.4  14:07    7.5  23:58    7.0    0.0    0.0    0.4    6.3  17:02    151
 28   14.0   25.8  15:49    4.8  06:18    4.3    0.0    0.0    0.6   10.4  15:28    165
 29   16.4   27.2  14:37    6.8  06:10    1.9    0.0    0.0    0.5    6.4  11:47    145
 30   17.0   23.4  12:50    7.8  23:59    1.4    0.0    0.0    0.8    9.7  16:04    220
---------------------------------------------------------------------------------------
      12.0   27.6     22  -30.0     17  189.6    0.0   67.3    0.5   12.7     16    137