Zerjav

46° 24.00' N | 014° 48.00' E | 545 m | Show on map

Podatki o podnebju March 2018

20-May-2019 23:10 CEST

Station:LaCrosse WS23xx
Software:WeeWX v3.3.1
Weewx uptime:0 Dni, 13 Ur, 17 Minut
Server uptime:183 Dni, 8 Ur, 36 Minut
                   MONTHLY CLIMATOLOGICAL SUMMARY for Mar 2018


NAME: Zerjav                  
ELEV: 545 mikrogramov    LAT: 46-24.00 N    LONG: 014-48.00 E


                   TEMPERATURE (°C), RAIN (mm), WIND SPEED (m/s)

                                         HEAT   COOL         AVG
      MEAN                               DEG    DEG          WIND                   DOM
DAY   TEMP   HIGH   TIME    LOW   TIME   DAYS   DAYS   RAIN  SPEED   HIGH   TIME    DIR
---------------------------------------------------------------------------------------
 01   -9.8   -3.1  16:18  -16.6  03:44   28.1    0.0    0.0    0.3    4.6  13:43    158
 02   -5.1   -0.6  14:41   -8.6  01:56   23.4    0.0    0.0    0.2    3.7  12:40    165
 03   -2.3    1.9  14:16   -5.7  00:55   20.7    0.0    0.0    0.1    4.1  13:19    168
 04   -0.8    2.6  16:00   -3.1  22:53   19.1    0.0    1.5    0.3    4.4  13:18    168
 05   -0.6    1.1  13:52   -3.0  00:00   18.9    0.0    1.0    0.1    2.9  10:07    165
 06    0.4    2.7  16:01   -1.3  03:16   18.0    0.0    6.2    0.1    3.7  12:23    167
 07    1.9    6.4  14:26    0.1  03:32   16.5    0.0    6.2    0.2    5.0  12:37    150
 08    2.5    8.5  13:35   -1.7  23:38   15.8    0.0    0.5    0.3    4.9  11:22    142
 09    1.9    9.5  15:00   -3.1  05:43   16.4    0.0    0.0    0.4    5.6  15:06    139
 10    3.5   10.1  15:18   -1.1  00:41   14.8    0.0    0.0    0.4    7.1  15:32     96
 11    3.1    7.9  11:13   -1.3  06:28   15.2    0.0    4.7    0.3    4.1  15:13     66
 12    5.9   13.8  12:18    0.5  23:49   12.4    0.0    0.5    0.3    5.5  11:36     95
 13    3.8    9.8  11:38   -1.1  06:00   14.5    0.0    2.6    0.2    5.1  11:27    135
 14    4.2   10.2  15:12    0.3  23:57   14.1    0.0    0.9    0.3    4.8  12:37    141
 15    4.6   13.1  13:29   -0.4  03:20   13.8    0.0    0.0    0.3    5.8  12:41    126
 16    4.4    7.6  14:56    2.6  23:54   13.9    0.0    6.7    0.2   12.7  00:54    157
 17    2.3    4.3  12:06    0.4  23:07   16.0    0.0   11.9    0.1    2.3  08:42    138
 18    0.7    3.5  12:11   -1.7  22:59   17.6    0.0    0.5    0.2    4.1  10:25    131
 19   -1.6    0.1  13:50   -2.9  05:50   20.0    0.0    0.5    0.2   12.7  06:17    133
 20   -1.0    1.3  11:10   -3.1  05:56   19.3    0.0    0.0    0.4    5.2  09:30    132
 21   -0.6    3.6  14:15   -4.1  23:44   18.9    0.0    0.0    0.4    7.0  09:05    151
 22   -1.6    4.9  13:53   -7.6  06:07   19.9    0.0    0.0    0.5    8.7  13:12    128
 23    0.4    7.6  14:21   -6.1  05:30   17.9    0.0    0.0    0.3    5.1  13:29    130
 24    1.8    8.2  12:36   -2.4  23:30   16.5    0.0    0.5    0.3    5.4  15:04    128
 25    0.4    5.9  15:17   -4.1  06:40   17.9    0.0    0.0    0.5    4.1  17:24    126
 26    2.8   11.2  14:33   -3.8  06:22   15.5    0.0    0.0    0.3   19.1  11:28    136
 27    4.0   11.5  13:51   -0.2  23:59   14.4    0.0    0.5    0.3    7.9  15:33    137
 28    5.2   13.2  14:57   -1.2  02:08   13.1    0.0    0.0    0.5   12.7  14:10    165
 29    7.1   12.9  13:42    3.2  05:27   11.3    0.0    4.1    0.1    3.6  16:26    128
 30    6.0    9.9  19:02    3.8  07:15   12.3    0.0   15.0    0.3    6.1  18:59    101
 31    8.4   11.3  08:45    3.2  22:42   10.0    0.0    9.8    0.6   10.3  03:12    122
---------------------------------------------------------------------------------------
       1.7   13.8     12  -16.6     01  516.3    0.0   74.0    0.3   19.1     26    136