Zerjav

46° 24.00' N | 014° 48.00' E | 545 m | Show on map

Podatki o podnebju May 2017

20-May-2019 22:50 CEST

Station:LaCrosse WS23xx
Software:WeeWX v3.3.1
Weewx uptime:0 Dni, 12 Ur, 57 Minut
Server uptime:183 Dni, 8 Ur, 16 Minut
                   MONTHLY CLIMATOLOGICAL SUMMARY for May 2017


NAME: Zerjav                  
ELEV: 545 mikrogramov    LAT: 46-24.00 N    LONG: 014-48.00 E


                   TEMPERATURE (°C), RAIN (mm), WIND SPEED (m/s)

                                         HEAT   COOL         AVG
      MEAN                               DEG    DEG          WIND                   DOM
DAY   TEMP   HIGH   TIME    LOW   TIME   DAYS   DAYS   RAIN  SPEED   HIGH   TIME    DIR
---------------------------------------------------------------------------------------
 01   11.4   18.8  17:00    4.0  00:10    6.9    0.0    0.0    0.6    6.6  11:50    124
 02   10.3   16.8  18:00    3.4  06:40    8.1    0.0    0.0    0.3    6.4  13:10    163
 03    9.7   18.8  15:30    1.2  06:00    8.7    0.0    0.0    0.4    5.8  15:20    125
 04   10.2   18.0  16:00    2.3  06:30    8.2    0.0    0.0    0.4    5.5  11:50    140
 05    8.3   12.7  17:30    4.9  06:20   10.1    0.0    7.2    0.1    2.0  03:20    116
 06   11.9   20.2  15:50    4.4  06:40    6.4    0.0    0.5    0.4    6.7  15:10    137
 07   13.1   20.6  16:20    7.7  23:40    5.3    0.0    4.1    0.2    4.6  14:30    132
 08   12.2   19.2  15:00    5.8  06:10    6.1    0.0    0.0    0.3    6.1  15:10    143
 09   10.6   16.4  14:30    6.9  00:00    7.7    0.0    0.0    0.3    5.5  10:40    125
 10    9.4   16.8  18:00    4.2  06:00    8.9    0.0    0.0    0.4    5.8  15:20    122
 11   12.3   20.9  14:52    2.3  04:50    6.0    0.0    0.0    0.4    5.5  14:02    117
 12   15.8   23.2  16:30   10.9  05:50    2.6    0.0    2.1    0.3    6.2  17:39    126
 13   14.5   21.0  15:23   10.5  23:48    3.8    0.0    3.1    0.1    3.5  17:23    148
 14   15.3   24.7  12:18    9.0  06:50    3.0    0.0    1.0    0.3    6.2  10:15    128
 15   13.7   18.7  16:08   11.3  23:56    4.6    0.0   14.5    0.0    2.6  16:19    147
 16   15.8   24.2  16:36    9.3  06:00    2.5    0.0    0.0    0.3    4.7  12:53    131
 17   15.3   21.6  16:47    9.4  23:52    3.0    0.0    0.0    0.2    4.2  11:25    123
 18   16.2   25.9  15:30    5.9  05:58    2.1    0.0    0.0    0.6    7.1  16:03    116
 19   17.2   27.6  14:05    6.9  06:28    1.1    0.0    0.0    0.5    4.5  13:12    128
 20   13.6   19.9  11:27    7.3  05:47    4.7    0.0    0.5    0.2    5.4  10:48    148
 21   15.0   20.3  17:01  -30.0  07:39    3.3    0.0    1.0    0.4    5.8  16:58    149
 22   15.1   24.6  14:14    5.5  05:49    3.2    0.0    3.1    0.5    8.2  20:04    131
 23   15.4   24.1  17:05    9.9  03:47    3.0    0.0    0.0    0.3    4.8  16:00    163
 24   15.7   22.9  16:39   10.4  05:40    2.6    0.0    0.0    0.2    3.8  15:13    151
 25   14.3   20.4  16:24    8.3  06:12    4.0    0.0    2.6    0.3    6.1  11:43    136
 26   14.6   24.5  15:12    4.5  05:54    3.7    0.0    0.0    0.4    4.8  12:22    128
 27   16.7   26.2  15:53    7.9  03:19    1.6    0.0    0.0    0.3    4.7  10:53    135
 28   17.8   26.5  14:49    8.9  03:42    0.5    0.0    0.0    0.5    5.1  17:59    128
 29   19.1   29.6  15:21    8.6  05:38    0.0    0.7    0.0    0.5    4.5  14:22    131
 30   19.9   31.3  15:48   11.1  05:43    0.0    1.6    0.0    0.3    3.9  10:56    136
 31   18.8   27.9  14:55   12.5  04:57    0.0    0.5    6.2    0.2    4.1  14:56    125
---------------------------------------------------------------------------------------
      14.2   31.3     30  -30.0     21  131.8    2.8   46.1    0.3    8.2     22    133