Zerjav

46° 24.00' N | 014° 48.00' E | 545 m | Show on map

Podatki o podnebju April 2017

20-May-2019 22:50 CEST

Station:LaCrosse WS23xx
Software:WeeWX v3.3.1
Weewx uptime:0 Dni, 12 Ur, 57 Minut
Server uptime:183 Dni, 8 Ur, 16 Minut
                   MONTHLY CLIMATOLOGICAL SUMMARY for Apr 2017


NAME: Zerjav                  
ELEV: 545 mikrogramov    LAT: 46-24.00 N    LONG: 014-48.00 E


                   TEMPERATURE (°C), RAIN (mm), WIND SPEED (m/s)

                                         HEAT   COOL         AVG
      MEAN                               DEG    DEG          WIND                   DOM
DAY   TEMP   HIGH   TIME    LOW   TIME   DAYS   DAYS   RAIN  SPEED   HIGH   TIME    DIR
---------------------------------------------------------------------------------------
 01   11.5   23.1  14:52    1.9  06:35    6.9    0.0    0.0    0.8    9.4  14:06    117
 02   10.1   20.8  14:54    1.9  06:39    8.2    0.0    0.0    0.6    6.5  12:34    132
 03   10.6   21.9  13:46    1.1  06:53    7.7    0.0    0.0    0.6    8.4  15:09    120
 04    9.7   19.7  14:17    2.4  07:20    8.6    0.0    6.2    0.4    7.3  15:45    143
 05    9.8   14.6  16:00    7.5  05:50    8.6    0.0    2.1    0.1    3.6  14:39    166
 06    8.5   14.9  13:32    1.4  23:44    9.8    0.0    0.5    0.4    8.5  11:58    142
 07    7.0   15.6  14:29    0.9  06:50   11.3    0.0    0.5    0.3    7.2  14:57    135
 08   10.8   20.3  14:31    1.9  06:58    7.5    0.0    0.0    0.3    7.6  13:21    137
 09   11.4   20.5  15:25    3.6  06:35    6.9    0.0    0.0    0.5    5.2  15:30    126
 10   12.2   24.1  15:06    2.8  07:00    6.1    0.0    1.0    0.6    7.0  14:17    130
 11    8.9   14.4  12:11    4.1  06:22    9.4    0.0    4.1    0.1    5.7  12:44    121
 12    9.5   17.1  15:26    2.0  07:06    8.8    0.0    0.5    0.5    4.7  13:15    129
 13   11.5   20.3  16:01    4.9  06:20    6.8    0.0    0.0    0.2    5.1  14:14    150
 14   12.8   20.1  13:59  -29.4  16:44    5.5    0.0    8.8    0.3    6.2  10:46    120
 15   10.6   14.1  13:34    7.9  23:59    7.7    0.0    5.2    0.2    5.1  10:59    124
 16    9.6   16.0  14:37    5.1  23:54    8.8    0.0    5.2    0.2    8.8  12:09    157
 17    7.2   12.4  10:58  -30.0  20:13   11.2    0.0    1.0    0.2    5.5  12:54    129
 18    4.2    8.5  13:02    0.6  23:49   14.1    0.0    1.6    0.2    5.4  13:29    136
 19    2.6    5.4  14:36   -1.1  06:20   15.7    0.0    0.5    1.3   12.9  12:07    146
 20    3.8    9.2  14:23   -1.6  23:58   14.5    0.0    0.0    1.2    8.9  02:08    142
 21    4.5   13.9  16:17   -4.8  05:53   13.8    0.0    0.0    0.3    6.1  10:10    143
 22    7.9   16.8  14:58   -2.1  06:16   10.4    0.0    0.0    0.4    5.7  06:59    163
 23    7.4   12.9  16:17    1.3  23:59   10.9    0.0    3.1    0.3    5.1  14:23    128
 24    8.9   17.2  16:09    1.3  00:00    9.4    0.0    0.0    0.4    6.5  15:02    118
 25   10.7   19.0  13:21    2.2  06:25    7.7    0.0    0.0    0.3    6.5  19:03    122
 26   12.1   15.6  11:38    9.3  20:53    6.2    0.0   10.9    1.4   25.0  15:23    273
 27   11.3   16.5  13:02    7.3  23:56    7.0    0.0   65.8    0.8   25.0  03:53    247
 28    8.0   15.3  17:13    3.9  23:58   10.3    0.0   55.9    0.4    8.9  15:03    156
 29    5.3   14.3  14:01   -0.4  05:10   13.1    0.0    0.0    0.2    4.9  12:31    153
 30    7.4   17.9  13:46   -1.4  05:49   10.9    0.0    0.0    0.5    5.9  15:52    120
---------------------------------------------------------------------------------------
       8.9   24.1     10  -30.0     17  283.9    0.0  173.0    0.5   25.0     26    139