Zerjav

46° 24.00' N | 014° 48.00' E | 545 m | Show on map

Podatki o podnebju March 2017

26-Mar-2019 03:40 CET

Station:LaCrosse WS23xx
Software:WeeWX v3.3.1
Weewx uptime:47 Dni, 7 Ur, 52 Minut
Server uptime:127 Dni, 14 Ur, 6 Minut
                   MONTHLY CLIMATOLOGICAL SUMMARY for Mar 2017


NAME: Zerjav                  
ELEV: 545 mikrogramov    LAT: 46-24.00 N    LONG: 014-48.00 E


                   TEMPERATURE (°C), RAIN (mm), WIND SPEED (m/s)

                                         HEAT   COOL         AVG
      MEAN                               DEG    DEG          WIND                   DOM
DAY   TEMP   HIGH   TIME    LOW   TIME   DAYS   DAYS   RAIN  SPEED   HIGH   TIME    DIR
---------------------------------------------------------------------------------------
 01    1.9    7.0  14:10   -1.6  23:50   16.4    0.0   22.8    0.3    7.7  01:40    140
 02    2.2   10.1  15:30   -2.6  03:30   16.1    0.0    0.0    0.3    5.8  15:00    135
 03    5.1   12.7  15:30   -0.5  07:20   13.2    0.0    0.0    0.4    5.5  14:50    126
 04    7.0   13.0  11:00    0.2  06:40   11.4    0.0   18.6    0.7    8.8  12:30    115
 05    5.5   11.0  13:30    0.4  23:20   12.8    0.0    0.0    0.1    5.1  07:40    120
 06    4.1   10.4  12:20   -0.6  05:30   14.3    0.0    0.0    0.2    4.7  14:10    129
 07    5.6   11.0  13:20    1.4  00:00   12.7    0.0    0.0    0.4    8.6  18:00    148
 08    3.9   13.0  13:50   -3.1  07:00   14.5    0.0    0.0    0.3    5.6  12:50    128
 09    5.3   11.9  13:50    0.2  04:50   13.0    0.0    0.0    0.2    4.8  11:20    153
 10    5.6   10.2  12:00    1.4  01:40   12.7    0.0    1.0    0.8   12.2  14:30    146
 11    4.1   12.3  14:05   -2.6  07:15   14.2    0.0    0.0    0.3    6.1  12:08    137
 12    2.5   10.5  14:15   -3.5  05:56   15.8    0.0    0.0    0.4    5.7  13:35    125
 13    2.4   12.1  15:28   -4.6  06:29   15.9    0.0    0.0    0.5    6.7  12:01    153
 14    4.7   14.0  15:31   -3.2  06:36   13.6    0.0    0.0    0.4    4.7  11:59    137
 15    7.2   17.3  14:01   -0.2  06:11   11.1    0.0    0.0    0.3    6.1  12:24    143
 16    6.4   17.6  15:28   -1.3  05:10   11.9    0.0    0.0    0.6    6.7  13:01    136
 17    7.6   19.6  15:44   -1.7  06:10   10.7    0.0    0.0    0.5    5.9  11:49    137
 18    8.3   16.5  15:13    1.1  06:08   10.0    0.0    0.0    0.3    5.6  12:51    142
 19    8.9   17.0  14:44    1.8  04:51    9.4    0.0    0.0    0.3    4.7  13:02    121
 20   10.1   21.1  14:12  -30.0  02:08    8.2    0.0    0.0    0.4    6.5  13:09    117
 21   10.0   19.5  14:25  -30.0  05:34    8.4    0.0    0.0    0.5    7.4  13:41    126
 22    8.3   14.4  15:30    3.6  06:04   10.0    0.0    0.0    0.2    5.3  16:09    115
 23    9.5   17.4  14:26    2.4  03:08    8.8    0.0    0.0    0.6    6.9  12:35    143
 24    9.9   20.5  14:57    1.1  09:46    8.4    0.0    0.0    0.5    6.1  12:47    140
 25    8.5   15.9  11:53    2.2  05:47    9.9    0.0    0.0    0.7    6.8  13:39    126
 26    5.2   11.3  17:07   -3.5  20:17   13.1    0.0 3281.8    0.6    6.9  16:41    116
 27    5.7   15.0  15:59   -4.4  06:26   12.7    0.0    0.0    0.6    7.0  12:58    138
 28    6.8   19.8  16:09   -3.2  06:55   11.5    0.0    0.0    0.8    6.4  13:50    137
 29    9.2   21.6  16:22   -0.7  06:34    9.2    0.0    0.0    0.6    7.0  15:58    129
 30   10.6   21.8  15:23    0.9  06:56    7.8    0.0    0.0    0.5    5.6  12:19    131
 31   11.7   22.6  16:12    2.1  07:40    6.7    0.0    0.0    0.8    7.0  15:04    124
---------------------------------------------------------------------------------------
       6.6   22.6     31  -30.0     20  364.3    0.0 3324.3    0.5   12.2     10    133