Zerjav

46° 24.00' N | 014° 48.00' E | 545 m | Show on map

Podatki o podnebju January 2017

26-Mar-2019 03:50 CET

Station:LaCrosse WS23xx
Software:WeeWX v3.3.1
Weewx uptime:47 Dni, 8 Ur, 2 Minut
Server uptime:127 Dni, 14 Ur, 16 Minut
                   MONTHLY CLIMATOLOGICAL SUMMARY for Jan 2017


NAME: Zerjav                  
ELEV: 545 meter    LAT: 46-24.00 N    LONG: 014-48.00 E


                   TEMPERATURE (°C), RAIN (mm), WIND SPEED (m/s)

                                         HEAT   COOL         AVG
      MEAN                               DEG    DEG          WIND                   DOM
DAY   TEMP   HIGH   TIME    LOW   TIME   DAYS   DAYS   RAIN  SPEED   HIGH   TIME    DIR
---------------------------------------------------------------------------------------
 01   -8.7   -3.6  13:40  -10.9  07:00   27.1    0.0    0.0    0.0    2.3  07:10    117
 02   -7.7   -3.5  14:00  -10.9  08:00   26.1    0.0    0.0    0.1    2.8  21:00    119
 03   -4.6    3.2  14:20   -8.7  23:20   22.9    0.0    0.5    0.1    3.6  13:10    152
 04   -4.9    0.1  05:50   -9.1  04:20   23.3    0.0    0.0    0.0    2.2  23:20    107
 05   -3.6    0.8  13:00   -8.7  07:10   22.0    0.0    0.0    0.7   11.4  16:50    136
 06   -7.2   -4.8  13:30  -10.4  00:00   25.5    0.0    0.0    0.8    9.8  14:30    135
 07   -9.7   -3.1  13:50  -15.7  08:10   28.0    0.0    0.0    0.1    5.4  11:00    155
 08   -8.2   -5.0  14:20  -12.2  23:50   26.5    0.0    0.0    0.0    3.6  17:40    126
 09   -7.4    3.4  14:20  -13.3  05:50   25.7    0.0    0.0    0.1    6.3  12:30    163
 10   -7.6   -4.2  13:00  -13.6  00:00   25.9    0.0    0.0    0.2    4.7  11:30    128
 11  -11.5   -5.4  15:00  -16.5  08:00   29.9    0.0    0.0    0.2    5.6  11:50    146
 12   -5.8    0.7  14:10  -11.9  06:10   24.1    0.0    0.0    0.2    3.4  06:40    123
 13   -0.6    0.8  10:00   -2.4  23:50   19.0    0.0    4.6    0.1    5.7  02:20    127
 14   -4.8   -2.0  14:10   -8.2  22:40   23.1    0.0    0.5    0.0    0.0  00:10     90
 15   -8.4   -3.6  13:40  -11.3  23:50   26.7    0.0    0.0    0.0    0.0  00:10     90
 16   -7.2   -4.1  14:20  -11.2  00:30   25.6    0.0    0.0    0.0    0.0  00:10     90
 17   -4.5   -1.9  13:10   -6.6  04:50   22.8    0.0    0.0    0.0    3.3  13:40    150
 18   -4.5   -3.1  14:50   -5.6  07:20   22.8    0.0    0.0    0.0    5.0  20:00    148
 19   -5.2   -0.6  13:50  -10.7  00:00   23.5    0.0    0.0    0.1    3.3  22:50    117
 20   -9.9   -2.5  14:40  -13.7  07:40   28.2    0.0    0.0    0.3    3.4  20:00    117
 21  -10.0   -2.4  14:20  -14.2  08:00   28.3    0.0    0.0    0.2    3.1  00:00    121
 22   -8.7   -1.6  14:40  -12.9  08:10   27.1    0.0    0.0    0.2    4.3  12:40    124
 23   -8.8   -2.0  13:30  -13.0  07:50   27.2    0.0    0.0    0.1    3.2  08:00    120
 24   -8.3   -0.8  15:00  -13.0  08:30   26.7    0.0    0.0    0.2    4.2  14:00    132
 25   -9.0   -3.8  14:50  -13.9  08:30   27.4    0.0    0.0    0.2    5.3  12:50    135
 26   -5.4   -3.9  15:02   -6.4  00:10   23.7    0.0    0.0    0.1    2.9  11:22    126
 27   -6.9   -1.7  15:07  -11.1  00:00   25.2    0.0    0.0    0.2    4.6  12:09    126
 28   -8.5    0.4  14:06  -13.4  07:50   26.9    0.0    0.0    0.1    3.3  12:56    121
 29   -7.2    1.5  13:54  -11.9  06:53   25.5    0.0    0.0    0.1    3.3  14:28    127
 30   -6.5    1.4  14:15  -11.2  08:01   24.9    0.0    0.0    0.1    2.9  12:41    130
 31   -1.8    3.6  13:22   -7.1  00:00   20.2    0.0    0.0    0.2    5.1  14:36    120
---------------------------------------------------------------------------------------
      -6.9    3.6     31  -16.5     11  781.5    0.0    5.7    0.2   11.4     05    130