Zerjav

46° 24.00' N | 014° 48.00' E | 545 m | Show on map

Podatki o podnebju December 2016

20-May-2019 23:30 CEST

Station:LaCrosse WS23xx
Software:WeeWX v3.3.1
Weewx uptime:0 Dni, 13 Ur, 37 Minut
Server uptime:183 Dni, 8 Ur, 56 Minut
                   MONTHLY CLIMATOLOGICAL SUMMARY for Dec 2016


NAME: Zerjav                  
ELEV: 545 meter    LAT: 46-24.00 N    LONG: 014-48.00 E


                   TEMPERATURE (°C), RAIN (mm), WIND SPEED (m/s)

                                         HEAT   COOL         AVG
      MEAN                               DEG    DEG          WIND                   DOM
DAY   TEMP   HIGH   TIME    LOW   TIME   DAYS   DAYS   RAIN  SPEED   HIGH   TIME    DIR
---------------------------------------------------------------------------------------
 01   -2.7    3.3  13:40   -6.2  07:40   21.1    0.0    0.0    0.0    3.0  12:00    128
 02    0.4   10.6  14:10   -4.7  05:40   17.9    0.0    0.5    0.1    6.8  13:30    165
 03    0.1    5.0  14:20   -3.9  23:50   18.2    0.0    0.0    0.1    3.3  14:50    121
 04   -3.0    3.5  13:50   -6.1  06:50   21.4    0.0    0.0    0.1    2.9  13:50    125
 05   -2.1    2.6  13:10   -5.8  00:00   20.4    0.0    0.0    0.1    3.6  13:20    145
 06   -4.9    1.7  13:10   -7.7  07:40   23.2    0.0    0.0    0.1    3.3  13:10    117
 07   -4.3    2.4  13:40   -6.4  07:10   22.6    0.0    0.0    0.3    3.8  08:20    119
 08   -4.5    2.9  13:40   -7.6  07:20   22.9    0.0    0.5    0.1    3.1  22:40    128
 09   -4.0   -0.2  13:30   -6.1  08:40   22.3    0.0    0.0    0.1    3.3  19:50    112
 10   -3.9    1.1  13:50   -6.4  05:30   22.2    0.0    0.0    0.1    3.1  17:20    113
 11   -3.1    1.5  14:50   -6.2  07:40   21.4    0.0    0.0    0.1    2.9  21:50    114
 12    1.2    9.5  13:40   -3.2  08:40   17.1    0.0    0.5    0.2    6.3  13:10    138
 13   -2.3    3.0  12:52   -4.4  08:50   20.6    0.0    0.0    0.1    2.7  12:43    119
 14   -1.3    4.3  13:02   -3.7  01:20   19.7    0.0    0.0    0.2    2.9  21:31    116
 15   -1.5    3.2  13:19   -4.6  08:04   19.8    0.0    0.0    0.1    3.5  13:08    116
 16   -0.2    2.4  12:45   -4.9  23:59   18.5    0.0    0.0    0.0    2.4  00:58     86
 17   -5.3    0.6  13:05   -7.5  23:24   23.7    0.0    0.0    0.2    2.8  14:36    123
 18   -5.4   -0.2  13:10   -8.5  07:13   23.7    0.0    0.0    0.2    3.1  07:38    135
 19   -2.6   25.5  23:08   -5.6  23:58   20.9    0.0    0.0    0.1    3.5  01:57    132
 20   -4.7   -0.2  13:27   -7.9  04:40   23.1    0.0    0.0    0.1    3.5  13:34    129
 21   -6.0   -1.1  13:09   -9.0  07:56   24.3    0.0    0.0    0.1    2.9  13:28    141
 22   -7.8   -1.4  14:00  -11.2  07:32   26.2    0.0    0.0    0.1    3.1  13:07    126
 23   -7.2   -0.6  13:21  -10.7  07:30   25.6    0.0    0.0    0.0    2.0  14:25    118
 24   -4.6    1.5  13:37   -9.1  05:30   22.9    0.0    0.5    0.0    2.5  13:42    305
 25   -2.1    1.6  14:40   -5.5  07:22   20.4    0.0    0.0    0.1    2.6  15:20    316
 26   -1.4    2.5  13:51   -4.4  06:05   19.7    0.0    0.0    0.1    3.7  19:36    116
 27    2.0    7.7  14:24   -2.9  08:22   16.3    0.0    0.5    0.3    8.3  13:37    142
 28    4.7    8.8  13:02    0.4  23:57   13.7    0.0    0.0    0.7   11.6  10:46    148
 29   -4.3    0.6  13:44   -7.9  23:50   22.7    0.0    0.0    0.1    3.6  12:50    119
 30   -7.5    0.7  13:48  -10.4  08:10   25.9    0.0    0.0    0.1    3.3  12:28    126
 31   -8.6   -3.9  14:04  -10.9  07:30   26.9    0.0    0.0    0.0    2.6  21:57    112
---------------------------------------------------------------------------------------
      -3.1   25.5     19  -11.2     22  665.2    0.0    2.6    0.1   11.6     28    131