Zerjav

46° 24.00' N | 014° 48.00' E | 545 m | Show on map

Podatki o podnebju October 2016

26-Mar-2019 03:40 CET

Station:LaCrosse WS23xx
Software:WeeWX v3.3.1
Weewx uptime:47 Dni, 7 Ur, 52 Minut
Server uptime:127 Dni, 14 Ur, 6 Minut
                   MONTHLY CLIMATOLOGICAL SUMMARY for Oct 2016


NAME: Zerjav                  
ELEV: 545 meter    LAT: 46-24.00 N    LONG: 014-48.00 E


                   TEMPERATURE (°C), RAIN (mm), WIND SPEED (m/s)

                                         HEAT   COOL         AVG
      MEAN                               DEG    DEG          WIND                   DOM
DAY   TEMP   HIGH   TIME    LOW   TIME   DAYS   DAYS   RAIN  SPEED   HIGH   TIME    DIR
---------------------------------------------------------------------------------------
 01
 02
 03
 04
 05
 06
 07
 08
 09
 10    5.4    7.9  14:50    3.9  23:40   13.0    0.0    6.2    0.0    0.0  14:30     90
 11    4.7    7.2  15:50    2.4  21:30   13.7    0.0    3.1    0.0    2.1  23:32    112
 12    5.2   12.2  13:46   -0.1  00:00   13.1    0.0    0.0    0.1    4.4  10:14    143
 13    4.3   11.3  14:44   -1.9  07:10   14.1    0.0    0.5    0.2    4.4  14:10    154
 14    9.2   12.9  14:49    5.0  04:54    9.1    0.0    0.0    0.1    4.6  23:15    127
 15   11.1   13.4  16:48    8.3  07:46    7.2    0.0    3.6    0.0    4.6  01:49    122
 16   11.5   16.1  14:55    7.2  23:38    6.8    0.0    0.0    0.1    4.0  14:13    136
 17   11.0   16.9  14:51    6.9  04:12    7.3    0.0    0.0    0.1    3.3  16:37    115
 18   10.6   13.0  12:24    8.6  23:52    7.8    0.0    3.1    0.0    2.1  12:37    137
 19    9.7   13.6  13:20    7.6  23:48    8.7    0.0    7.3    0.1    4.4  14:47    124
 20    5.2    7.6  00:00    4.2  07:52   13.1    0.0   23.8    0.0    3.3  11:42    159
 21    4.8    6.7  16:42    3.3  08:17   13.5    0.0    7.8    0.0    2.5  22:59    319
 22    5.0    9.6  15:01    1.4  23:58   13.3    0.0    0.0    0.2    6.7  12:31    165
 23    5.0   11.3  15:46    1.3  00:40   13.4    0.0    0.0    0.1    4.5  00:06    133
 24    8.5   14.9  14:01    3.6  05:17    9.9    0.0    0.0    0.0    2.8  15:44    130
 25   13.2   20.3  14:54    8.4  01:40    5.1    0.0   24.3    0.1    4.1  12:56    134
 26   12.7   15.6  12:39    9.9  23:58    5.7    0.0    7.2    0.0    3.2  00:28    136
 27    8.8   14.3  13:28    4.1  23:57    9.6    0.0    0.0    0.0    3.9  14:09    132
 28    5.2   11.6  15:00    0.4  07:46   13.1    0.0    0.0    0.1    4.7  13:17    149
 29    7.1   15.8  15:46    1.9  00:34   11.3    0.0    0.0    0.2    5.4  14:34    146
 30    6.5   12.5  13:03    0.9  06:50   11.9    0.0    0.0    0.2    5.4  13:28    148
 31    6.4   12.9  13:56    0.9  00:00   11.9    0.0    0.0    0.2    5.3  14:43    153
---------------------------------------------------------------------------------------
       7.8   20.3     25   -1.9     13  232.3    0.0   87.0    0.1    6.7     22    143