Zerjav

46° 24.00' N | 014° 48.00' E | 545 m | Show on map

Podatki o podnebju May 2016

20-May-2019 23:10 CEST

Station:LaCrosse WS23xx
Software:WeeWX v3.3.1
Weewx uptime:0 Dni, 13 Ur, 17 Minut
Server uptime:183 Dni, 8 Ur, 36 Minut
                   MONTHLY CLIMATOLOGICAL SUMMARY for May 2016


NAME: Zerjav                  
ELEV: 545 meter    LAT: 46-24.00 N    LONG: 014-48.00 E


                   TEMPERATURE (°C), RAIN (mm), WIND SPEED (m/s)

                                         HEAT   COOL         AVG
      MEAN                               DEG    DEG          WIND                   DOM
DAY   TEMP   HIGH   TIME    LOW   TIME   DAYS   DAYS   RAIN  SPEED   HIGH   TIME    DIR
---------------------------------------------------------------------------------------
 01    6.3    9.1  15:50    3.6  00:50   12.0    0.0   33.1    0.2    3.8  00:10    117
 02    8.3    9.6  13:20    6.9  00:10   10.0    0.0   44.5    0.1    4.1  01:00    129
 03   11.5   18.7  16:40    5.9  03:40    6.8    0.0    0.0    0.4    7.7  14:40    136
 04   11.3   14.5  11:20    8.2  00:10    7.0    0.0    0.0    0.7    8.7  09:50    143
 05   10.4   18.2  16:30    5.9  05:10    8.0    0.0    2.6    0.3    8.2  14:20    156
 06   11.7   22.2  16:10    3.6  07:00    6.7    0.0    0.0    0.4    5.7  13:10    130
 07    9.8   20.7  12:20    3.6  06:40    8.5    0.0    0.0    0.5    5.2  13:50    110
 08   10.5   19.4  11:40    3.3  07:00    7.9    0.0    1.6    0.4    6.8  16:10    112
 09   12.3   21.4  15:20    3.4  06:10    6.1    0.0    0.0    0.3    5.6  10:40    122
 10   11.1   16.8  18:00    5.2  06:00    7.2    0.0    2.1    0.1    2.6  03:00    103
 11   11.8   18.3  11:40    5.8  05:40    6.5    0.0    3.6    0.2    3.6  09:10    117
 12   12.1   14.6  13:10    7.9  00:00    6.2    0.0    7.3    0.0    2.8  12:10    102
 13   12.2   19.9  14:20    7.1  05:50    6.2    0.0    1.0    0.2    5.5  15:00    272
 14   11.7   18.0  12:00    9.1  00:00    6.6    0.0    5.2    0.2    6.6  13:00    165
 15    9.0   13.2  12:00    4.5  00:00    9.3    0.0   12.9    0.2    4.6  13:00    116
 16    8.2   15.8  13:50    1.9  03:50   10.1    0.0    0.0    0.4    6.3  08:50    121
 17    8.8   16.5  13:20    1.3  04:00    9.6    0.0    0.0    0.2    4.7  09:20    129
 18   10.5   18.3  16:50    3.9  05:00    7.9    0.0    0.0    0.3    5.2  15:10     98
 19   10.8   20.1  14:50    2.7  05:50    7.6    0.0    0.0    0.4    8.1  15:20    128
 20   12.1   18.2  14:10    7.2  00:00    6.2    0.0    1.0    0.1    4.2  17:40    113
 21   13.9   24.3  13:40    3.6  06:20    4.4    0.0    0.0    0.5    5.0  11:40    118
 22   17.0   26.9  16:50    6.5  06:00    1.3    0.0    0.0    0.7    8.7  14:40    111
 23   15.5   24.4  13:00    6.4  06:10    2.8    0.0    1.5    0.6    8.3  13:10    103
 24   11.1   14.9  15:40    8.2  23:55    7.2    0.0   19.7    0.1    4.4  14:19    166
 25   15.2   24.9  14:17    7.5  02:08    3.1    0.0    0.0    0.4    5.1  11:27    152
 26   17.6   26.6  14:21   10.9  07:08    0.7    0.0    0.0    0.4    7.7  14:51    144
 27   18.4   27.8  16:11    9.1  05:47    0.0    0.1    0.0    0.5    6.3  14:17    117
 28   19.3   29.2  14:50    9.2  05:38    0.0    1.0    0.0    0.6    8.2  19:51    122
 29   18.1   27.2  14:51   11.0  05:43    0.2    0.0    1.0    0.5    9.3  17:29    160
 30   15.4   21.9  13:56    9.8  06:07    2.9    0.0    0.5    0.3    4.8  17:19    125
 31   15.4   23.5  13:39    7.9  05:14    3.0    0.0    0.0    0.4    6.7  14:58    104
---------------------------------------------------------------------------------------
      12.5   29.2     28    1.3     17  182.0    1.1  137.8    0.3    9.3     29    126