Zerjav

46° 24.00' N | 014° 48.00' E | 545 m | Show on map

Podatki o podnebju April 2016

26-Mar-2019 03:50 CET

Station:LaCrosse WS23xx
Software:WeeWX v3.3.1
Weewx uptime:47 Dni, 8 Ur, 2 Minut
Server uptime:127 Dni, 14 Ur, 16 Minut
                   MONTHLY CLIMATOLOGICAL SUMMARY for Apr 2016


NAME: Zerjav                  
ELEV: 545 meter    LAT: 46-24.00 N    LONG: 014-48.00 E


                   TEMPERATURE (°C), RAIN (mm), WIND SPEED (m/s)

                                         HEAT   COOL         AVG
      MEAN                               DEG    DEG          WIND                   DOM
DAY   TEMP   HIGH   TIME    LOW   TIME   DAYS   DAYS   RAIN  SPEED   HIGH   TIME    DIR
---------------------------------------------------------------------------------------
 01   12.2   20.0  15:00    6.5  05:20    6.1    0.0    0.0    0.3    6.1  15:10    126
 02   10.2   15.5  13:40    3.8  00:00    8.1    0.0    0.0    0.5    6.2  13:00    121
 03    9.7   20.5  17:43    0.2  06:40    8.6    0.0    0.0    0.6    8.2  14:10    134
 04   11.9   22.8  16:10    2.3  06:20    6.4    0.0    0.0    0.7    9.6  14:20     88
 05   12.5   21.9  17:20    5.9  05:40    5.9    0.0    0.0    0.4    4.6  12:50    119
 06   12.9   23.5  16:00    3.9  07:00    5.4    0.0    0.0    0.5    5.8  16:40    113
 07   13.5   20.9  16:40    5.9  06:50    4.8    0.0    0.0    0.9    7.3  14:00    117
 08    9.3   10.9  12:10    7.2  06:00    9.1    0.0    4.7    0.2    3.0  05:10    109
 09    9.0   12.4  16:00    6.4  06:40    9.4    0.0    1.0    0.0    2.1  14:30    165
 10   10.8   16.5  16:10    7.1  07:00    7.5    0.0    1.0    0.3    5.1  14:20    136
 11   11.4   19.2  14:50    4.6  07:20    6.9    0.0    0.0    0.4    6.8  15:00    141
 12   11.6   22.2  15:40    2.6  07:00    6.7    0.0    0.0    0.7    9.4  13:50    114
 13   12.5   21.9  14:40    3.6  06:20    5.8    0.0    0.0    0.5    7.4  17:50    126
 14    8.9   14.7  17:30    2.9  00:00    9.4    0.0    6.7    0.3    7.6  16:10    126
 15    8.4   18.6  17:20    0.8  03:20    9.9    0.0    0.0    0.5    6.6  15:00    117
 16   11.9   22.3  13:43  -11.7  17:10    6.4    0.0    0.0    1.2   25.0  12:23      9
 17   16.0   21.0  18:10    6.4  18:00    2.3    0.0    1.0    0.8    9.4  23:20     83
 18   13.6   26.0  09:21    7.9  05:50    4.8    0.0    1.6    0.7    8.6  10:02    108
 19    8.9   14.9  17:39    2.3  23:59    9.4    0.0    0.5    0.2    4.5  16:11    123
 20    7.5   17.2  13:14   -0.9  06:13   10.8    0.0    0.5    0.6    7.6  11:43    113
 21    9.8   20.5  15:23   -0.6  06:22    8.5    0.0    0.0    0.7    6.5  11:43    127
 22   11.9   21.6  13:24    1.9  06:06    6.5    0.0    0.0    0.6    5.9  14:31    118
 23   11.7   18.8  16:15    4.1  06:19    6.7    0.0    0.0    0.3    6.0  16:20    100
 24    7.2   10.2  10:18   -0.1  23:51   11.1    0.0    1.0    0.6    7.9  15:42    130
 25    3.8    9.6  16:42   -2.5  23:46   14.5    0.0    0.0    0.5    7.7  12:55    126
 26    5.0   11.6  12:13   -4.4  05:27   13.4    0.0    0.0    0.7    7.0  15:19    117
 27    3.4    6.9  08:25   -0.2  16:56   15.0    0.0   15.5    0.1   11.2  10:52    130
 28    0.2    2.2  12:24   -0.6  05:01   18.2    0.0    0.0    0.1    2.7  12:15    162
 29    4.5    9.3  16:24   -0.6  23:53   13.8    0.0    0.0    0.7    5.3  14:45    166
 30    6.9   17.6  15:27   -1.1  02:31   11.4    0.0    0.0    0.5    5.2  14:29    124
---------------------------------------------------------------------------------------
       9.6   26.0     18  -11.7     16  262.9    0.0   33.7    0.5   25.0     16    119