Zerjav

46° 24.00' N | 014° 48.00' E | 545 m | Show on map

Podatki o podnebju March 2016

26-Mar-2019 03:50 CET

Station:LaCrosse WS23xx
Software:WeeWX v3.3.1
Weewx uptime:47 Dni, 8 Ur, 2 Minut
Server uptime:127 Dni, 14 Ur, 16 Minut
                   MONTHLY CLIMATOLOGICAL SUMMARY for Mar 2016


NAME: Zerjav                  
ELEV: 545 meter    LAT: 46-24.00 N    LONG: 014-48.00 E


                   TEMPERATURE (°C), RAIN (mm), WIND SPEED (m/s)

                                         HEAT   COOL         AVG
      MEAN                               DEG    DEG          WIND                   DOM
DAY   TEMP   HIGH   TIME    LOW   TIME   DAYS   DAYS   RAIN  SPEED   HIGH   TIME    DIR
---------------------------------------------------------------------------------------
 01    3.9    8.9  14:50   -1.6  00:00   14.4    0.0    7.8    0.3    7.7  13:00    133
 02    2.6   10.1  14:40   -2.9  05:30   15.8    0.0    0.0    0.3    5.1  12:50    162
 03    0.7    2.2  02:20    0.1  06:50   17.7    0.0    8.8    0.2    4.4  18:50    142
 04    1.2    5.3  12:50   -0.7  23:20   17.1    0.0   17.1    0.2    4.5  00:40    124
 05    2.5    5.9  21:50   -1.6  06:50   15.8    0.0    5.2    0.4    7.8  13:50     97
 06    3.4    7.8  14:30    1.4  05:40   14.9    0.0   12.9    0.2    7.0  03:10    105
 07    0.9    1.9  14:20    0.1  06:10   17.5    0.0   11.9    0.0    3.5  02:40    147
 08    2.0    5.3  12:20   -0.1  01:30   16.3    0.0    6.2    0.1    5.3  12:30    168
 09    2.1    4.3  13:20    0.5  06:50   16.2    0.0    2.1    0.1    2.2  12:10    118
 10    3.7    9.8  15:30    0.2  23:40   14.7    0.0    0.0    0.4    4.7  14:50    157
 11    3.7    7.0  14:40    0.3  00:10   14.6    0.0    0.0    0.1    3.0  13:40    136
 12    4.3    6.9  13:40    1.8  04:02   14.0    0.0    0.0    0.1    5.8  17:39    103
 13    2.8    4.5  16:42    1.1  22:24   15.6    0.0    3.6    0.3    5.9  14:44    125
 14    3.0    8.8  15:05   -2.4  23:50   15.3    0.0    0.5    0.5    9.9  09:36    112
 15    0.2    4.6  16:03   -3.6  03:40   18.1    0.0    0.5    0.1    3.6  17:57    112
 16    0.1    1.8  10:17   -2.7  00:00   18.2    0.0    2.6    0.0    2.3  12:18    118
 17    2.8    8.5  14:36   -2.1  23:26   15.6    0.0    0.0    0.5    5.7  11:46    160
 18    3.3   14.0  15:24   -3.7  05:53   15.0    0.0    0.0    0.6    6.6  13:44    148
 19    5.2   15.7  15:21   -2.9  06:04   13.1    0.0    0.0    0.7    6.1  13:51    122
 20    5.4   16.3  14:58   -2.1  06:26   12.9    0.0    0.0    0.7    7.1  12:21    139
 21    4.6   12.1  13:55   -1.5  05:32   13.7    0.0    0.0    0.7    5.9  13:36    118
 22    5.9   12.2  11:32    0.9  23:46   12.5    0.0    0.0    0.4    5.5  17:04    135
 23    3.5    5.3  12:46    0.9  00:00   14.9    0.0    0.5    0.4    6.8  11:42    120
 24    3.0    9.9  16:13   -2.5  06:02   15.3    0.0    0.0    0.5   10.6  12:02    148
 25    4.2   11.8  13:44   -3.4  04:08   14.1    0.0    0.0    0.4    5.3  12:33    148
 26    5.2   11.3  16:08   -0.7  23:49   13.1    0.0    0.5    0.2    4.3  12:36    128
 27    5.3   13.3  14:15   -2.4  06:54   13.0    0.0    0.5    0.7    7.0  15:18    118
 28    7.4   14.9  15:56    1.2  06:36   11.0    0.0    0.0    0.4    7.8  15:48    122
 29    8.1   17.9  15:10   -0.1  07:00   10.2    0.0    0.0    0.4    5.0  13:16    142
 30    8.1   17.6  15:57    1.1  06:40   10.3    0.0    0.0    0.4    6.7  18:22    104
 31   11.1   20.8  13:24    2.9  02:56    7.2    0.0    0.0    0.5    7.1  18:05    127
---------------------------------------------------------------------------------------
       3.9   20.8     31   -3.7     18  448.1    0.0   80.8    0.3   10.6     24    130