Zerjav

46° 24.00' N | 014° 48.00' E | 545 m | Show on map

Podatki o podnebju February 2016

26-Mar-2019 03:50 CET

Station:LaCrosse WS23xx
Software:WeeWX v3.3.1
Weewx uptime:47 Dni, 8 Ur, 2 Minut
Server uptime:127 Dni, 14 Ur, 16 Minut
                   MONTHLY CLIMATOLOGICAL SUMMARY for Feb 2016


NAME: Zerjav                  
ELEV: 545 meter    LAT: 46-24.00 N    LONG: 014-48.00 E


                   TEMPERATURE (°C), RAIN (mm), WIND SPEED (m/s)

                                         HEAT   COOL         AVG
      MEAN                               DEG    DEG          WIND                   DOM
DAY   TEMP   HIGH   TIME    LOW   TIME   DAYS   DAYS   RAIN  SPEED   HIGH   TIME    DIR
---------------------------------------------------------------------------------------
 01    3.5   11.2  14:50   -0.2  08:34   14.8    0.0    0.5    0.1    3.6  13:20    125
 02    1.1    4.8  17:30   -0.1  07:40   17.3    0.0    0.0    0.1    2.7  04:30    106
 03    2.2    6.3  12:50    0.3  18:30   16.1    0.0   12.4    0.2    7.0  16:30    126
 04    1.2    6.7  13:50   -1.9  07:40   17.1    0.0    2.1    0.4    7.3  01:00    121
 05    0.5    7.4  13:00   -2.8  08:00   17.8    0.0    0.0    0.3    4.2  12:20    121
 06   -0.2    7.2  15:30   -4.1  07:10   18.6    0.0    0.0    0.3    4.6  14:50    118
 07    3.1    8.1  22:20   -2.7  00:20   15.3    0.0    0.0    0.3    5.5  12:30    106
 08    5.2    7.3  15:10    2.4  23:20   13.1    0.0    4.1    0.2    5.8  14:40    122
 09    5.5   11.0  13:50    0.7  07:50   12.9    0.0    8.3    0.5   11.1  21:30     31
 10    1.4    5.6  00:10   -2.3  00:00   17.0    0.0   22.8    0.2   10.7  06:00    135
 11   -1.7    3.1  13:54   -4.7  05:00   20.0    0.0    0.0    0.2    4.8  12:30    125
 12   -1.5    1.1  16:10   -4.6  04:00   19.8    0.0    0.5    0.0    2.2  14:20    113
 13    0.6    3.9  14:30   -0.4  03:20   17.7    0.0    3.6    0.1    3.5  11:30    101
 14    0.2    1.6  13:50   -0.7  07:00   18.1    0.0   13.5    0.0    2.7  14:10    117
 15    0.9    1.8  15:50    0.0  00:00   17.5    0.0   17.1    0.0    2.4  00:30    122
 16    0.8    2.2  13:40   -0.1  00:40   17.5    0.0    9.8    0.0    2.8  23:50     86
 17    1.0    4.7  13:50   -0.1  04:50   17.3    0.0   12.4    0.1    4.0  15:10    120
 18    1.3    2.3  15:40    0.7  04:00   17.0    0.0   12.4    0.1    3.5  01:10    133
 19    2.0    4.6  12:20    0.8  05:00   16.4    0.0    7.8    0.0    2.2  19:20    103
 20    1.8    6.5  15:00   -1.4  00:00   16.6    0.0    0.0    0.2    4.1  14:20    120
 21    1.9    9.5  14:00   -2.4  06:30   16.5    0.0    0.0    0.3    4.1  14:40    122
 22    3.7   11.5  15:20   -1.0  04:30   14.7    0.0    0.0    0.3    4.6  15:00    134
 23    4.9   10.2  11:30    0.9  22:30   13.4    0.0    2.1    0.1    7.7  23:30    115
 24    2.7    8.4  13:10   -2.3  23:30   15.6    0.0    1.0    0.5    9.9  01:30    122
 25    2.7    7.9  15:40   -1.9  00:10   15.6    0.0    1.0    0.3    6.1  12:40    170
 26    1.2    2.6  14:40   -1.8  00:00   17.2    0.0    2.1    0.2    4.2  15:20    112
 27    0.9    5.3  13:50   -2.7  01:00   17.5    0.0    3.1    0.1    3.2  03:00    121
 28    3.0    4.8  16:19    0.9  00:10   15.3    0.0   18.6    0.0    2.6  10:19    126
 29    4.2    6.2  16:30    2.7  19:37   14.1    0.0   16.0    0.0    3.0  08:50    101
---------------------------------------------------------------------------------------
       1.9   11.5     22   -4.7     11  477.6    0.0  171.5    0.2   11.1     09    121