Zerjav

46° 24.00' N | 014° 48.00' E | 545 m | Show on map

Podatki o podnebju January 2016

20-May-2019 23:30 CEST

Station:LaCrosse WS23xx
Software:WeeWX v3.3.1
Weewx uptime:0 Dni, 13 Ur, 37 Minut
Server uptime:183 Dni, 8 Ur, 56 Minut
                   MONTHLY CLIMATOLOGICAL SUMMARY for Jan 2016


NAME: Zerjav                  
ELEV: 545 meter    LAT: 46-24.00 N    LONG: 014-48.00 E


                   TEMPERATURE (°C), RAIN (mm), WIND SPEED (m/s)

                                         HEAT   COOL         AVG
      MEAN                               DEG    DEG          WIND                   DOM
DAY   TEMP   HIGH   TIME    LOW   TIME   DAYS   DAYS   RAIN  SPEED   HIGH   TIME    DIR
---------------------------------------------------------------------------------------
 01   -2.9    2.4  14:00   -6.6  00:10   21.3    0.0    0.5    0.1    2.3  12:40    112
 02   -4.1   -0.5  14:50   -8.6  06:30   22.4    0.0    0.0    0.1    3.2  19:30    119
 03   -4.2   -2.6  13:50   -6.8  00:00   22.6    0.0    0.0    0.0    1.0  22:40    347
 04   -6.5   -3.7  15:10   -9.5  00:00   24.8    0.0    0.0    0.1    3.4  05:20    126
 05   -6.5   -2.2  14:50  -11.7  08:20   24.9    0.0    0.0    0.1    3.5  14:50    113
 06   -2.6   -1.8  14:50   -3.7  05:30   21.0    0.0    0.0    0.0    3.1  22:40    131
 07   -3.6   -1.3  12:30   -5.4  09:30   21.9    0.0    0.0    0.1    2.5  04:40    111
 08   -2.6    1.3  14:30   -7.5  07:20   20.9    0.0    0.0    0.1    3.3  12:50    107
 09    0.6    2.3  11:10   -1.0  08:00   17.8    0.0    4.7    0.0    2.3  23:50    109
 10    1.5    2.6  15:10    0.5  03:40   16.9    0.0    5.2    0.0    3.4  00:10    120
 11    4.3    9.8  12:20    0.5  02:30   14.1    0.0   53.9    0.4    9.8  11:40    128
 12    1.3    2.5  14:20    0.3  01:40   17.1    0.0    5.2    0.1    3.6  15:30    134
 13    0.2    2.3  14:20   -2.5  00:00   18.1    0.0    0.0    0.1    3.8  14:40    143
 14   -1.5    1.3  14:10   -4.3  08:10   19.8    0.0    0.5    0.1    5.2  12:00    126
 15   -1.0    3.3  14:20   -3.9  00:00   19.3    0.0    0.0    0.0    2.1  04:40    116
 16   -3.4    0.9  14:30   -7.2  06:50   21.8    0.0    0.0    0.2    4.9  19:20    128
 17   -4.7    0.6  15:34   -9.5  07:30   23.0    0.0    0.0    0.1    5.3  15:41    151
 18   -6.5   -0.1  14:04  -10.2  07:25   24.9    0.0    0.0    0.1    3.8  14:13    160
 19   -8.4   -3.2  14:47  -11.7  07:34   26.7    0.0    0.0    0.0    2.8  13:06    116
 20   -6.4   -1.3  13:01  -10.9  01:20   24.7    0.0    0.0    0.1    3.3  09:28    118
 21   -7.0    0.6  12:56  -10.8  07:16   25.4    0.0    0.0    0.1    2.8  13:23    114
 22   -7.6   -1.2  13:15  -11.2  07:52   25.9    0.0    0.0    0.3    4.4  14:44    134
 23   -7.2   -1.2  15:17  -11.6  04:14   25.5    0.0    0.0    0.1    4.0  13:19    111
 24   -4.4    1.9  13:05   -9.3  07:50   22.7    0.0    0.5    0.1    2.7  11:38    122
 25    0.4    6.6  13:33   -2.8  00:00   18.0    0.0    0.0    0.1    4.8  11:56    123
 26    0.5    9.1  14:31   -3.1  07:11   17.8    0.0    0.0    0.2    3.0  19:21    109
 27    1.1    9.9  13:44   -3.4  08:03   17.3    0.0    0.0    0.2    3.8  12:51    115
 28    0.5    9.9  14:06   -3.1  08:02   17.9    0.0    0.0    0.2    3.2  12:43    112
 29    0.7   10.1  14:35   -2.9  04:14   17.6    0.0    0.0    0.3    3.3  12:47    116
 30    0.8    8.4  13:50   -3.1  07:30   17.5    0.0    0.5    0.2    6.0  14:04    120
 31    3.4    6.1  13:24    2.0  23:19   14.9    0.0    0.0    0.0    3.0  01:06     99
---------------------------------------------------------------------------------------
      -2.4   10.1     29  -11.7     05  644.2    0.0   71.0    0.1    9.8     11    122