Zerjav

46° 24.00' N | 014° 48.00' E | 545 m | Show on map

Podatki o podnebju November 2015

26-Mar-2019 03:50 CET

Station:LaCrosse WS23xx
Software:WeeWX v3.3.1
Weewx uptime:47 Dni, 8 Ur, 2 Minut
Server uptime:127 Dni, 14 Ur, 16 Minut
                   MONTHLY CLIMATOLOGICAL SUMMARY for Nov 2015


NAME: Zerjav                  
ELEV: 545 meter    LAT: 46-24.00 N    LONG: 014-48.00 E


                   TEMPERATURE (°C), RAIN (mm), WIND SPEED (m/s)

                                         HEAT   COOL         AVG
      MEAN                               DEG    DEG          WIND                   DOM
DAY   TEMP   HIGH   TIME    LOW   TIME   DAYS   DAYS   RAIN  SPEED   HIGH   TIME    DIR
---------------------------------------------------------------------------------------
 01    2.9   11.5  14:30   -2.1  00:00   15.4    0.0    0.5    0.3    5.2  12:30    143
 02    1.0    9.9  14:10   -3.8  06:50   17.3    0.0    0.0    0.3    4.6  13:00    118
 03    1.3   10.9  14:40   -4.1  07:00   17.0    0.0    0.0    0.3    3.3  13:40    119
 04    4.1   15.3  13:57   -1.2  06:30   14.2    0.0    0.5    0.3    3.8  13:15    120
 05    5.5   14.8  14:03    1.4  00:04   12.9    0.0    0.0    0.2    3.6  12:15    116
 06    4.7   14.3  13:26   -0.2  06:39   13.7    0.0    0.0    0.3    6.3  11:44    119
 07    5.4   14.0  13:48    0.1  06:32   12.9    0.0    0.5    0.2    3.8  10:34    119
 08    6.8   16.6  13:11    1.9  05:43   11.5    0.0    0.0    0.2    3.4  18:50    116
 09    6.6   14.9  14:08    2.0  06:21   11.7    0.0    0.0    0.1    4.7  12:19    118
 10    7.3   15.3  14:03    3.9  03:20   11.0    0.0    0.0    0.1    2.9  13:45    111
 11    6.9   16.4  13:01    2.9  07:21   11.4    0.0    0.0    0.2    3.2  17:53    120
 12    5.5   14.4  13:35    1.1  06:38   12.8    0.0    0.0    0.2    3.5  13:45    120
 13    5.9   13.1  14:04    2.4  00:27   12.4    0.0    0.0    0.1    3.3  12:34    125
 14    5.8   12.5  13:34    2.2  07:09   12.5    0.0    0.0    0.2    5.2  13:51    110
 15    5.8    9.3  11:24    2.2  23:59   12.5    0.0    0.0    0.1    4.5  12:06    150
 16    4.6   13.9  12:49    0.6  06:00   13.7    0.0    0.0    0.2    3.5  18:55    114
 17    3.7    9.9  13:14   -0.5  07:00   14.6    0.0    0.0    0.1    2.7  13:29    110
 18    4.7   13.2  12:58   -0.1  23:58   13.7    0.0    0.0    0.3    4.0  18:45    113
 19    2.2   11.6  13:30   -2.1  07:22   16.1    0.0    0.5    0.2    4.5  14:26    120
 20    5.9   11.6  12:50   -0.5  07:05   12.5    0.0    0.0    0.1    3.9  12:54    116
 21    3.8   10.6  02:26    0.2  17:00   14.6    0.0   22.3    0.1    5.0  11:11    120
 22    0.2    2.4  13:27   -2.7  23:46   18.2    0.0    6.7    0.0    2.7  13:18    121
 23   -1.9    0.8  14:18   -4.8  05:31   20.2    0.0    0.5    0.0    1.7  12:34    115
 24   -1.0    1.1  12:52   -3.0  22:30   19.3    0.0    0.5    0.0    1.6  15:11     89
 25   -2.2   -0.7  12:40   -3.5  04:44   20.5    0.0    0.0    0.0    2.2  03:59    236
 26   -0.5    0.9  19:08   -1.9  07:20   18.8    0.0    0.0    0.0    2.9  13:42    119
 27   -0.4    2.4  12:22   -3.9  04:13   18.8    0.0    1.0    0.0    2.5  11:34     88
 28    0.3    3.2  12:02   -2.2  00:00   18.0    0.0    0.0    0.1    4.4  12:45    151
 29   -1.0    2.9  12:40   -3.2  02:22   19.3    0.0    0.5    0.0    2.6  01:59    114
 30   -1.3    2.4  13:23   -4.1  06:20   19.6    0.0    0.0    0.2    3.2  20:53    115
---------------------------------------------------------------------------------------
       3.1   16.6     08   -4.8     23  457.4    0.0   33.7    0.2    6.3     06    120