Zerjav

46° 24.00' N | 014° 48.00' E | 545 m | Show on map

Podatki o podnebju October 2015

20-May-2019 22:50 CEST

Station:LaCrosse WS23xx
Software:WeeWX v3.3.1
Weewx uptime:0 Dni, 12 Ur, 57 Minut
Server uptime:183 Dni, 8 Ur, 16 Minut
                   MONTHLY CLIMATOLOGICAL SUMMARY for Oct 2015


NAME: Zerjav                  
ELEV: 545 meter    LAT: 46-24.00 N    LONG: 014-48.00 E


                   TEMPERATURE (°C), RAIN (mm), WIND SPEED (m/s)

                                         HEAT   COOL         AVG
      MEAN                               DEG    DEG          WIND                   DOM
DAY   TEMP   HIGH   TIME    LOW   TIME   DAYS   DAYS   RAIN  SPEED   HIGH   TIME    DIR
---------------------------------------------------------------------------------------
 01    8.8   12.5  15:30    6.3  07:20    9.5    0.0    0.0    0.1    3.1  15:40    158
 02    9.1   14.9  16:20    4.9  00:00    9.2    0.0    0.0    0.1    3.6  14:40    119
 03    9.6   17.2  16:00    4.6  01:10    8.7    0.0    0.0    0.2    5.2  15:10    133
 04   11.2   17.9  15:10    5.8  04:20    7.2    0.0    3.6    0.0    2.6  12:50     66
 05   10.1   15.3  16:10    7.2  23:40    8.3    0.0    0.0    0.2    6.4  14:00    148
 06   10.1   13.9  14:40    6.3  05:50    8.2    0.0    5.2    0.0    2.2  02:10    119
 07   12.0   13.6  15:10   11.3  03:10    6.3    0.0   25.4    0.0    1.6  12:20    145
 08   12.2   14.3  14:50   10.1  00:00    6.2    0.0    4.1    0.1    3.2  16:20    169
 09   11.5   16.0  14:40    8.9  06:40    6.8    0.0    0.0    0.1    3.4  16:50    118
 10    9.8   12.1  11:20    8.5  05:10    8.5    0.0   15.0    0.1    4.2  11:10     89
 11    8.8    9.6  16:20    7.4  00:00    9.5    0.0   51.8    0.1    3.7  01:40    118
 12    8.0   12.3  14:40    5.6  06:40   10.4    0.0    0.0    0.2    5.1  17:00    142
 13    7.5    9.0  13:40    5.3  01:40   10.8    0.0    3.1    0.1    3.7  23:00    128
 14    8.3    9.4  11:50    7.1  23:50   10.0    0.0   29.5    0.0    2.9  00:30    123
 15    8.5   10.8  17:40    7.0  02:20    9.9    0.0   25.4    0.0    2.7  15:20    119
 16    9.1   14.4  15:20    3.2  00:00    9.3    0.0    1.5    0.2    4.8  11:00     99
 17    4.5    8.8  14:40    1.5  05:30   13.8    0.0    0.0    0.2    5.1  12:50    170
 18    5.3    9.4  16:20    2.2  01:10   13.0    0.0    0.0    0.2    6.7  13:10    128
 19    5.8    6.9  09:40    4.7  00:00   12.5    0.0   16.6    0.1    3.1  10:40    154
 20    5.8   11.1  15:00    1.7  00:00   12.6    0.0    0.0    0.4    5.3  15:20    153
 21    4.1   11.8  14:40   -1.4  07:30   14.3    0.0    0.0    0.3    7.9  13:10    157
 22    5.7   10.9  15:50    1.1  00:00   12.7    0.0    1.0    0.1    3.6  15:20    113
 23    5.5   14.9  15:10    0.1  05:40   12.8    0.0    0.0    0.3    4.4  14:00    131
 24    5.5   13.1  15:50    1.5  02:20   12.9    0.0    0.0    0.2    4.8  14:40    135
 25    6.1   14.3  14:30    1.1  04:20   12.2    0.0    0.0    0.3    4.8  11:40    120
 26    6.7   14.5  13:58    1.2  07:19   11.6    0.0    0.0    0.3    4.2  00:43    129
 27    6.4   13.3  14:03    2.2  02:22   12.0    0.0    0.0    0.3    4.5  12:21    140
 28    7.9   13.9  14:55    3.2  00:00   10.4    0.0    0.0    0.1    4.2  12:03    140
 29    9.2   13.6  15:00    4.6  02:20    9.1    0.0    0.0    0.0    2.6  13:08    117
 30    8.8   14.5  11:19    1.8  23:50    9.6    0.0    0.0    0.2    7.7  09:59    149
 31    4.5   13.3  12:51   -0.4  06:00   13.8    0.0    0.0    0.3    3.5  13:07    121
---------------------------------------------------------------------------------------
       7.9   17.9     04   -1.4     21  322.1    0.0  182.3    0.2    7.9     21    135