Zerjav

46° 24.00' N | 014° 48.00' E | 545 m | Show on map

Podatki o podnebju September 2015

20-May-2019 22:50 CEST

Station:LaCrosse WS23xx
Software:WeeWX v3.3.1
Weewx uptime:0 Dni, 12 Ur, 57 Minut
Server uptime:183 Dni, 8 Ur, 16 Minut
                   MONTHLY CLIMATOLOGICAL SUMMARY for Sep 2015


NAME: Zerjav                  
ELEV: 545 meter    LAT: 46-24.00 N    LONG: 014-48.00 E


                   TEMPERATURE (°C), RAIN (mm), WIND SPEED (m/s)

                                         HEAT   COOL         AVG
      MEAN                               DEG    DEG          WIND                   DOM
DAY   TEMP   HIGH   TIME    LOW   TIME   DAYS   DAYS   RAIN  SPEED   HIGH   TIME    DIR
---------------------------------------------------------------------------------------
 01   19.4   30.9  15:45   10.9  06:45    0.0    1.1    0.0    0.5    4.7  17:05    136
 02   17.9   26.6  12:05   12.9  03:45    0.4    0.0    1.5    0.2    4.3  12:15    107
 03   17.9   22.9  14:55   13.8  07:15    0.4    0.0    6.2    0.3    4.2  10:55    121
 04   14.9   17.3  12:12   13.0  01:45    3.5    0.0   26.9    0.0    2.9  05:45    132
 05   12.7   15.2  11:00    9.6  23:20    5.6    0.0   50.8    0.1    7.5  13:20    139
 06   11.4   17.8  14:55    6.1  00:00    7.0    0.0    3.6    0.2    6.0  15:30    156
 07   10.0   18.3  15:15    1.9  06:45    8.3    0.0    0.0    0.2    4.3  14:50    131
 08   11.1   19.9  14:20    4.2  04:55    7.2    0.0    0.0    0.2    5.3  13:30    125
 09   10.1   18.1  16:20    5.4  05:15    8.3    0.0    0.0    0.2    3.9  17:10    126
 10   10.9   16.5  12:30    6.0  04:30    7.4    0.0    0.0    0.1    4.4  12:20    122
 11   12.0   18.4  13:40    7.6  00:00    6.3    0.0    0.0    0.2    4.4  10:30    134
 12   12.8   22.9  16:40    5.1  06:50    5.5    0.0    0.0    0.4    4.8  14:20    137
 13   14.8   21.6  15:50    6.7  07:10    3.6    0.0    0.0    0.3   10.7  22:20    127
 14   15.7   19.7  13:10   11.9  05:50    2.6    0.0   26.9    0.2    5.8  20:40    113
 15   17.3   24.4  16:30   12.9  00:00    1.1    0.0    2.1    0.4    9.8  18:00     26
 16   16.9   24.3  13:50   11.4  03:00    1.4    0.0    0.0    0.2    7.1  19:10     98
 17   20.6   27.2  13:50   14.9  05:50    0.0    2.3    0.0    0.4   10.0  15:20    115
 18   20.2   25.5  13:10   16.4  04:30    0.0    1.8    9.3    0.4    5.6  14:50    121
 19   16.7   19.3  16:10   14.3  23:40    1.7    0.0    1.6    0.0    2.4  16:30    112
 20   14.4   19.6  16:20    7.5  00:00    3.9    0.0    0.0    0.2    5.0  14:30    145
 21   10.9   19.2  14:00    5.8  00:00    7.4    0.0    0.0    0.3    4.3  11:30    136
 22   10.6   19.2  14:20    2.9  07:30    7.7    0.0    0.0    0.5    7.5  14:50    114
 23   10.0   16.4  12:50    7.2  04:50    8.4    0.0   17.6    0.3    6.2  20:00    137
 24    8.0    9.1  23:40    7.1  08:10   10.4    0.0   20.2    0.3    4.2  01:10    163
 25   10.1   11.4  17:10    9.0  00:20    8.2    0.0   13.5    0.1    7.0  01:30    156
 26   11.8   17.4  14:30    9.0  23:40    6.6    0.0    1.6    0.0    3.2  14:20    133
 27   10.6   14.9  13:30    7.3  00:00    7.7    0.0    0.0    0.1    3.5  13:30    139
 28    8.9   14.0  15:30    5.4  22:50    9.4    0.0    0.0    0.1    4.1  14:30    135
 29    8.6   14.1  14:47    3.8  04:40    9.8    0.0    0.0    0.1    5.3  15:57    136
 30    8.5    9.9  12:20    7.6  01:30    9.8    0.0    0.0    0.1    4.0  05:04    126
---------------------------------------------------------------------------------------
      13.4   30.9     01    1.9     07  159.5    5.2  181.8    0.2   10.7     13    128