Zerjav

46° 24.00' N | 014° 48.00' E | 545 m | Show on map

Podatki o podnebju August 2015

26-Mar-2019 03:40 CET

Station:LaCrosse WS23xx
Software:WeeWX v3.3.1
Weewx uptime:47 Dni, 7 Ur, 52 Minut
Server uptime:127 Dni, 14 Ur, 6 Minut
                   MONTHLY CLIMATOLOGICAL SUMMARY for Aug 2015


NAME: Zerjav                  
ELEV: 545 meter    LAT: 46-24.00 N    LONG: 014-48.00 E


                   TEMPERATURE (°C), RAIN (mm), WIND SPEED (m/s)

                                         HEAT   COOL         AVG
      MEAN                               DEG    DEG          WIND                   DOM
DAY   TEMP   HIGH   TIME    LOW   TIME   DAYS   DAYS   RAIN  SPEED   HIGH   TIME    DIR
---------------------------------------------------------------------------------------
 01
 02
 03
 04
 05
 06
 07
 08
 09
 10
 11
 12
 13
 14
 15
 16
 17
 18   15.4   16.9  20:52   14.9  22:27    2.9    0.0    0.0    0.0    0.0  20:52     90
 19   17.0   21.1  13:57   14.5  22:57    1.4    0.0    0.0    0.1    2.0  10:57    139
 20   15.8   19.0  13:15   13.9  05:10    2.6    0.0    2.1    0.1    2.2  08:40    158
 21   15.3   22.3  15:00   11.9  06:00    3.0    0.0    0.0    0.1    4.8  15:20    101
 22   15.3   23.1  15:45   10.4  00:00    3.1    0.0    0.0    0.3    4.7  13:45    150
 23   15.0   22.4  16:30    7.4  06:35    3.3    0.0    0.0    0.6    6.3  12:35    110
 24   17.4   24.2  10:45   10.1  06:35    1.0    0.0    0.0    0.5    7.4  18:10    117
 25   16.2   21.6  11:10   12.6  23:05    2.1    0.0   32.1    0.1    5.4  14:20    127
 26   16.0   23.0  17:35   11.6  06:40    2.4    0.0    0.0    0.2    4.6  10:30    129
 27   17.5   27.9  16:15    9.9  04:10    0.8    0.0    0.0    0.5    5.0  14:50    138
 28   19.3   30.9  15:25   10.5  06:35    0.0    1.0    0.0    0.3    4.1  13:25    135
 29   20.4   30.7  15:45   11.8  07:00    0.0    2.1    0.0    0.4    4.5  15:30    121
 30   20.5   31.4  15:25   11.5  07:30    0.0    2.1    0.0    0.5    4.7  13:55    132
 31   20.1   30.6  16:25   11.4  07:10    0.0    1.8    0.0    0.4    5.9  13:00    121
---------------------------------------------------------------------------------------
      17.3   31.4     30    7.4     23   22.6    7.0   34.2    0.3    7.4     24    128